{"version":"1.0","provider_name":"Volksschule Wr. Neustadt","provider_url":"https:\/\/www.stachristiana.at\/volksschule-wiener-neustadt","author_name":"helgapaku63","author_url":"https:\/\/www.stachristiana.at\/volksschule-wiener-neustadt\/author\/helgapaku63\/","title":"Erstkommunion - Volksschule Wr. Neustadt","type":"rich","width":600,"height":338,"html":"<blockquote class=\"wp-embedded-content\" data-secret=\"EQXmSlCVIo\"><a href=\"https:\/\/www.stachristiana.at\/volksschule-wiener-neustadt\/news-3a-25-26\/erstkommunion\/\">Erstkommunion<\/a><\/blockquote><iframe sandbox=\"allow-scripts\" security=\"restricted\" src=\"https:\/\/www.stachristiana.at\/volksschule-wiener-neustadt\/news-3a-25-26\/erstkommunion\/embed\/#?secret=EQXmSlCVIo\" width=\"600\" height=\"338\" title=\"&#8222;Erstkommunion&#8220; &#8211; Volksschule Wr. Neustadt\" data-secret=\"EQXmSlCVIo\" frameborder=\"0\" marginwidth=\"0\" marginheight=\"0\" scrolling=\"no\" class=\"wp-embedded-content\"><\/iframe><script type=\"text\/javascript\">\n\/* <![CDATA[ *\/\n\/*! This file is auto-generated *\/\n!function(d,l){\"use strict\";l.querySelector&&d.addEventListener&&\"undefined\"!=typeof URL&&(d.wp=d.wp||{},d.wp.receiveEmbedMessage||(d.wp.receiveEmbedMessage=function(e){var t=e.data;if((t||t.secret||t.message||t.value)&&!\/[^a-zA-Z0-9]\/.test(t.secret)){for(var s,r,n,a=l.querySelectorAll('iframe[data-secret=\"'+t.secret+'\"]'),o=l.querySelectorAll('blockquote[data-secret=\"'+t.secret+'\"]'),c=new RegExp(\"^https?:$\",\"i\"),i=0;i<o.length;i++)o[i].style.display=\"none\";for(i=0;i<a.length;i++)s=a[i],e.source===s.contentWindow&&(s.removeAttribute(\"style\"),\"height\"===t.message?(1e3<(r=parseInt(t.value,10))?r=1e3:~~r<200&&(r=200),s.height=r):\"link\"===t.message&&(r=new URL(s.getAttribute(\"src\")),n=new URL(t.value),c.test(n.protocol))&&n.host===r.host&&l.activeElement===s&&(d.top.location.href=t.value))}},d.addEventListener(\"message\",d.wp.receiveEmbedMessage,!1),l.addEventListener(\"DOMContentLoaded\",function(){for(var e,t,s=l.querySelectorAll(\"iframe.wp-embedded-content\"),r=0;r<s.length;r++)(t=(e=s[r]).getAttribute(\"data-secret\"))||(t=Math.random().toString(36).substring(2,12),e.src+=\"#?secret=\"+t,e.setAttribute(\"data-secret\",t)),e.contentWindow.postMessage({message:\"ready\",secret:t},\"*\")},!1)))}(window,document);\n\/\/# sourceURL=https:\/\/www.stachristiana.at\/volksschule-wiener-neustadt\/wp-includes\/js\/wp-embed.min.js\n\/* ]]> *\/\n<\/script>\n","thumbnail_url":"https:\/\/www.stachristiana.at\/app\/uploads\/sites\/10\/2025\/04\/kom.3.jpg","thumbnail_width":900,"thumbnail_height":420,"description":"Mit der Ostermesse bereiteten wir noch einmal auf unsere Erstkommunion vor. Auf dem Kreuz im Windfang befestigten wir unsere Blumen, die unser Herz erbl\u00fchen lie\u00dfen. Am 26.4. war es dann so weit und wir durften unsere Erstkommunion feiern. Es war ein sehr sch\u00f6nes Fest."}

Mit der Ostermesse bereiteten wir noch einmal auf unsere Erstkommunion vor. Auf dem Kreuz im Windfang befestigten wir unsere Blumen, die unser Herz erblühen ließen. Am 26.4. war es dann so weit und wir durften unsere Erstkommunion feiern. Es war ein sehr schönes Fest.
