{"id":144,"date":"2022-05-10T16:01:49","date_gmt":"2022-05-10T14:01:49","guid":{"rendered":"https:\/\/devmultisite.superfesch.at\/hlw-rodaun\/?page_id=144"},"modified":"2023-11-24T06:40:19","modified_gmt":"2023-11-24T05:40:19","slug":"was-wir-bieten","status":"publish","type":"page","link":"https:\/\/www.stachristiana.at\/volksschule-frohsdorf\/was-wir-bieten","title":{"rendered":"Was wir bieten"},"content":{"rendered":"\n<p><strong>PRIVATE VOLKSSCHULE<\/strong><\/p>\n\n\n\n<ul class=\"wp-block-list\">\n<li>Verbundenheit mit den Wurzeln von Sta. Christiana<\/li>\n\n\n\n<li>Gegenseitige Annahme mit unseren M\u00f6glichkeiten &amp; Grenzen<\/li>\n\n\n\n<li>Fundierte Wissensvermittlung durch kompetenzorientierte Unterrichtsmethoden<\/li>\n\n\n\n<li>Individuelle F\u00f6rderung der unterschiedlichen Lerntypen<\/li>\n\n\n\n<li>St\u00e4rkung des Selbstwertgef\u00fchls<\/li>\n\n\n\n<li>Gemeinsame Vereinbarungen als Grundlage f\u00fcr eine gute Schulgemeinschaft (Schulvertrag, Schulordnung)<\/li>\n\n\n\n<li>Famili\u00e4re Lern\u2013 und Freizeitbetreuung<br><\/li>\n<\/ul>\n\n\n\n<div style=\"height:30px\" aria-hidden=\"true\" class=\"wp-block-spacer\"><\/div>\n\n\n\n<p><strong>LAGE &amp; UMGEBUNG<\/strong><\/p>\n\n\n\n<ul class=\"wp-block-list\">\n<li>Unsere Schule befindet sich inmitten einer weitl\u00e4ufigen Gr\u00fcnfl\u00e4che.<\/li>\n<\/ul>\n\n\n\n<div style=\"height:30px\" aria-hidden=\"true\" class=\"wp-block-spacer\"><\/div>\n\n\n\n<p><strong>SOZIALES LERNEN<\/strong><\/p>\n\n\n\n<ul class=\"wp-block-list\">\n<li>Gewaltpr\u00e4vention<\/li>\n\n\n\n<li>Kindersprechstunden<\/li>\n\n\n\n<li>Br\u00fcckenbau zwischen Kindergarten &#8211; Volksschule &#8211; NMS<\/li>\n<\/ul>\n\n\n\n<div style=\"height:30px\" aria-hidden=\"true\" class=\"wp-block-spacer\"><\/div>\n\n\n\n<p><strong>KUNST &amp; KULTUR<\/strong><\/p>\n\n\n\n<ul class=\"wp-block-list\">\n<li>Konzerte<\/li>\n\n\n\n<li>Museumsbesuche<\/li>\n\n\n\n<li>Exkursionen<\/li>\n\n\n\n<li>Besuch von Theatervorstellungen<\/li>\n\n\n\n<li>Malwettbewerbe<\/li>\n<\/ul>\n\n\n\n<div style=\"height:30px\" aria-hidden=\"true\" class=\"wp-block-spacer\"><\/div>\n\n\n\n<p><strong>LESEF\u00d6RDERUNG<\/strong><\/p>\n\n\n\n<ul class=\"wp-block-list\">\n<li>Schulbibliothek<\/li>\n\n\n\n<li>Leseprojekte<\/li>\n\n\n\n<li>Buchvorstellungen<\/li>\n\n\n\n<li>Buch-Klub-Schule<\/li>\n<\/ul>\n\n\n\n<div style=\"height:30px\" aria-hidden=\"true\" class=\"wp-block-spacer\"><\/div>\n\n\n\n<p><strong>COMPUTER<\/strong><\/p>\n\n\n\n<ul class=\"wp-block-list\">\n<li>Internetzugang in allen Klassen<\/li>\n\n\n\n<li>Computerunterst\u00fctzter Unterricht<\/li>\n<\/ul>\n\n\n\n<div style=\"height:30px\" aria-hidden=\"true\" class=\"wp-block-spacer\"><\/div>\n\n\n\n<p><strong>INTEGRIERTE VORSCHULSTUFE<\/strong><\/p>\n\n\n\n<ul class=\"wp-block-list\">\n<li>Nicht schulreife Kinder werden im Rahmen der Schuleingangsphase optimal und sehr individuell auf den Unterricht in der ersten Klasse vorbereitet. Voraussetzung ist die Vollendung des 6. Lebensjahres.<\/li>\n<\/ul>\n\n\n\n<div style=\"height:30px\" aria-hidden=\"true\" class=\"wp-block-spacer\"><\/div>\n\n\n\n<p><strong>BEWEGUNG\/SPORT\/GESUNDHEIT:<\/strong><\/p>\n\n\n\n<ul class=\"wp-block-list\">\n<li>\u201eBeweg dich&#8220; -Schule (Projektauszeichnung)<\/li>\n\n\n\n<li>Appollonia &#8211; Zahnpflege<\/li>\n\n\n\n<li>Teilnahme an sportlichen Wettk\u00e4mpfen und Projekten<\/li>\n\n\n\n<li>\u201eGesunde Jause&#8220; innerhalb der Klassen<\/li>\n\n\n\n<li>T\u00e4glich 25 Minuten Hofpause im gro\u00dfen Schulgarten<\/li>\n<\/ul>\n\n\n\n<div style=\"height:30px\" aria-hidden=\"true\" class=\"wp-block-spacer\"><\/div>\n\n\n\n<p><strong>FREMDSPRACHEN<\/strong><\/p>\n\n\n\n<ul class=\"wp-block-list\">\n<li>Englisch: 1.- 4. Schulstufe<\/li>\n\n\n\n<li>Native Speaker in allen Klassen<\/li>\n<\/ul>\n\n\n\n<div style=\"height:30px\" aria-hidden=\"true\" class=\"wp-block-spacer\"><\/div>\n\n\n\n<p><strong>MITTAGESSEN<\/strong><\/p>\n\n\n\n<ul class=\"wp-block-list\">\n<li>Hauseigene Schulk\u00fcche<\/li>\n\n\n\n<li>Jausenautomat<\/li>\n<\/ul>\n\n\n\n<div style=\"height:30px\" aria-hidden=\"true\" class=\"wp-block-spacer\"><\/div>\n\n\n\n<p><strong>LERN\u2013 UND FREIZEITBETREUUNG<\/strong><\/p>\n\n\n\n<ul class=\"wp-block-list\">\n<li>In den Lernphasen werden die Haus\u00fcbungen und \u00dcbungseinheiten von LehrerInnen und Sozialp\u00e4dagogInnen betreut.<\/li>\n\n\n\n<li>Vielf\u00e4ltiges Freizeitangebot durch die Sozialp\u00e4dagoginnen!<\/li>\n<\/ul>\n","protected":false},"excerpt":{"rendered":"<p>PRIVATE VOLKSSCHULE LAGE &amp; UMGEBUNG SOZIALES LERNEN KUNST &amp; KULTUR LESEF\u00d6RDERUNG COMPUTER INTEGRIERTE VORSCHULSTUFE BEWEGUNG\/SPORT\/GESUNDHEIT: FREMDSPRACHEN MITTAGESSEN LERN\u2013 UND FREIZEITBETREUUNG<\/p>\n","protected":false},"author":1,"featured_media":0,"parent":0,"menu_order":300,"comment_status":"closed","ping_status":"closed","template":"","meta":{"footnotes":""},"class_list":["post-144","page","type-page","status-publish","hentry"],"acf":[],"yoast_head":"<!-- This site is optimized with the Yoast SEO plugin v26.8 - https:\/\/yoast.com\/product\/yoast-seo-wordpress\/ -->\n<title>Was wir bieten - Volksschule Frohsdorf<\/title>\n<meta name=\"robots\" content=\"index, follow, max-snippet:-1, max-image-preview:large, max-video-preview:-1\" \/>\n<link rel=\"canonical\" href=\"https:\/\/www.stachristiana.at\/volksschule-frohsdorf\/was-wir-bieten\" \/>\n<meta property=\"og:locale\" content=\"de_DE\" \/>\n<meta property=\"og:type\" content=\"article\" \/>\n<meta property=\"og:title\" content=\"Was wir bieten - Volksschule Frohsdorf\" \/>\n<meta property=\"og:description\" content=\"PRIVATE VOLKSSCHULE LAGE &amp; UMGEBUNG SOZIALES LERNEN KUNST &amp; KULTUR LESEF\u00d6RDERUNG COMPUTER INTEGRIERTE VORSCHULSTUFE BEWEGUNG\/SPORT\/GESUNDHEIT: FREMDSPRACHEN MITTAGESSEN LERN\u2013 UND FREIZEITBETREUUNG\" \/>\n<meta property=\"og:url\" content=\"https:\/\/www.stachristiana.at\/volksschule-frohsdorf\/was-wir-bieten\" \/>\n<meta property=\"og:site_name\" content=\"Volksschule Frohsdorf\" \/>\n<meta property=\"article:modified_time\" content=\"2023-11-24T05:40:19+00:00\" \/>\n<meta property=\"og:image\" content=\"https:\/\/www.stachristiana.at\/app\/uploads\/sites\/14\/2022\/05\/logo-sta-christiana.png\" \/>\n\t<meta property=\"og:image:width\" content=\"1200\" \/>\n\t<meta property=\"og:image:height\" content=\"491\" \/>\n\t<meta property=\"og:image:type\" content=\"image\/png\" \/>\n<meta name=\"twitter:card\" content=\"summary_large_image\" \/>\n<meta name=\"twitter:label1\" content=\"Gesch\u00e4tzte Lesezeit\" \/>\n\t<meta name=\"twitter:data1\" content=\"1\u00a0Minute\" \/>\n<script type=\"application\/ld+json\" class=\"yoast-schema-graph\">{\"@context\":\"https:\/\/schema.org\",\"@graph\":[{\"@type\":\"WebPage\",\"@id\":\"https:\/\/www.stachristiana.at\/volksschule-frohsdorf\/was-wir-bieten\",\"url\":\"https:\/\/www.stachristiana.at\/volksschule-frohsdorf\/was-wir-bieten\",\"name\":\"Was wir bieten - Volksschule Frohsdorf\",\"isPartOf\":{\"@id\":\"https:\/\/www.stachristiana.at\/volksschule-frohsdorf\/#website\"},\"datePublished\":\"2022-05-10T14:01:49+00:00\",\"dateModified\":\"2023-11-24T05:40:19+00:00\",\"breadcrumb\":{\"@id\":\"https:\/\/www.stachristiana.at\/volksschule-frohsdorf\/was-wir-bieten#breadcrumb\"},\"inLanguage\":\"de\",\"potentialAction\":[{\"@type\":\"ReadAction\",\"target\":[\"https:\/\/www.stachristiana.at\/volksschule-frohsdorf\/was-wir-bieten\"]}]},{\"@type\":\"BreadcrumbList\",\"@id\":\"https:\/\/www.stachristiana.at\/volksschule-frohsdorf\/was-wir-bieten#breadcrumb\",\"itemListElement\":[{\"@type\":\"ListItem\",\"position\":1,\"name\":\"Start\",\"item\":\"https:\/\/www.stachristiana.at\/\"},{\"@type\":\"ListItem\",\"position\":2,\"name\":\"Was wir bieten\"}]},{\"@type\":\"WebSite\",\"@id\":\"https:\/\/www.stachristiana.at\/volksschule-frohsdorf\/#website\",\"url\":\"https:\/\/www.stachristiana.at\/volksschule-frohsdorf\/\",\"name\":\"Sta. Christiana - Private Volksschule Frohsdorf\",\"description\":\"Sta. Christiana - Schulen zum Leben\",\"publisher\":{\"@id\":\"https:\/\/www.stachristiana.at\/volksschule-frohsdorf\/#organization\"},\"alternateName\":\"Private Volksschule Frohsdorf\",\"potentialAction\":[{\"@type\":\"SearchAction\",\"target\":{\"@type\":\"EntryPoint\",\"urlTemplate\":\"https:\/\/www.stachristiana.at\/volksschule-frohsdorf\/?s={search_term_string}\"},\"query-input\":{\"@type\":\"PropertyValueSpecification\",\"valueRequired\":true,\"valueName\":\"search_term_string\"}}],\"inLanguage\":\"de\"},{\"@type\":\"Organization\",\"@id\":\"https:\/\/www.stachristiana.at\/volksschule-frohsdorf\/#organization\",\"name\":\"Sta. Christiana - Private Volksschule Frohsdorf\",\"alternateName\":\"Private Volksschule Frohsdorf\",\"url\":\"https:\/\/www.stachristiana.at\/volksschule-frohsdorf\/\",\"logo\":{\"@type\":\"ImageObject\",\"inLanguage\":\"de\",\"@id\":\"https:\/\/www.stachristiana.at\/volksschule-frohsdorf\/#\/schema\/logo\/image\/\",\"url\":\"https:\/\/www.stachristiana.at\/app\/uploads\/sites\/14\/2022\/05\/logo-sta-christiana.png\",\"contentUrl\":\"https:\/\/www.stachristiana.at\/app\/uploads\/sites\/14\/2022\/05\/logo-sta-christiana.png\",\"width\":1200,\"height\":491,\"caption\":\"Sta. Christiana - Private Volksschule Frohsdorf\"},\"image\":{\"@id\":\"https:\/\/www.stachristiana.at\/volksschule-frohsdorf\/#\/schema\/logo\/image\/\"}}]}<\/script>\n<!-- \/ Yoast SEO plugin. -->","yoast_head_json":{"title":"Was wir bieten - Volksschule Frohsdorf","robots":{"index":"index","follow":"follow","max-snippet":"max-snippet:-1","max-image-preview":"max-image-preview:large","max-video-preview":"max-video-preview:-1"},"canonical":"https:\/\/www.stachristiana.at\/volksschule-frohsdorf\/was-wir-bieten","og_locale":"de_DE","og_type":"article","og_title":"Was wir bieten - Volksschule Frohsdorf","og_description":"PRIVATE VOLKSSCHULE LAGE &amp; UMGEBUNG SOZIALES LERNEN KUNST &amp; KULTUR LESEF\u00d6RDERUNG COMPUTER INTEGRIERTE VORSCHULSTUFE BEWEGUNG\/SPORT\/GESUNDHEIT: FREMDSPRACHEN MITTAGESSEN LERN\u2013 UND FREIZEITBETREUUNG","og_url":"https:\/\/www.stachristiana.at\/volksschule-frohsdorf\/was-wir-bieten","og_site_name":"Volksschule Frohsdorf","article_modified_time":"2023-11-24T05:40:19+00:00","og_image":[{"width":1200,"height":491,"url":"https:\/\/www.stachristiana.at\/app\/uploads\/sites\/14\/2022\/05\/logo-sta-christiana.png","type":"image\/png"}],"twitter_card":"summary_large_image","twitter_misc":{"Gesch\u00e4tzte Lesezeit":"1\u00a0Minute"},"schema":{"@context":"https:\/\/schema.org","@graph":[{"@type":"WebPage","@id":"https:\/\/www.stachristiana.at\/volksschule-frohsdorf\/was-wir-bieten","url":"https:\/\/www.stachristiana.at\/volksschule-frohsdorf\/was-wir-bieten","name":"Was wir bieten - Volksschule Frohsdorf","isPartOf":{"@id":"https:\/\/www.stachristiana.at\/volksschule-frohsdorf\/#website"},"datePublished":"2022-05-10T14:01:49+00:00","dateModified":"2023-11-24T05:40:19+00:00","breadcrumb":{"@id":"https:\/\/www.stachristiana.at\/volksschule-frohsdorf\/was-wir-bieten#breadcrumb"},"inLanguage":"de","potentialAction":[{"@type":"ReadAction","target":["https:\/\/www.stachristiana.at\/volksschule-frohsdorf\/was-wir-bieten"]}]},{"@type":"BreadcrumbList","@id":"https:\/\/www.stachristiana.at\/volksschule-frohsdorf\/was-wir-bieten#breadcrumb","itemListElement":[{"@type":"ListItem","position":1,"name":"Start","item":"https:\/\/www.stachristiana.at\/"},{"@type":"ListItem","position":2,"name":"Was wir bieten"}]},{"@type":"WebSite","@id":"https:\/\/www.stachristiana.at\/volksschule-frohsdorf\/#website","url":"https:\/\/www.stachristiana.at\/volksschule-frohsdorf\/","name":"Sta. Christiana - Private Volksschule Frohsdorf","description":"Sta. Christiana - Schulen zum Leben","publisher":{"@id":"https:\/\/www.stachristiana.at\/volksschule-frohsdorf\/#organization"},"alternateName":"Private Volksschule Frohsdorf","potentialAction":[{"@type":"SearchAction","target":{"@type":"EntryPoint","urlTemplate":"https:\/\/www.stachristiana.at\/volksschule-frohsdorf\/?s={search_term_string}"},"query-input":{"@type":"PropertyValueSpecification","valueRequired":true,"valueName":"search_term_string"}}],"inLanguage":"de"},{"@type":"Organization","@id":"https:\/\/www.stachristiana.at\/volksschule-frohsdorf\/#organization","name":"Sta. Christiana - Private Volksschule Frohsdorf","alternateName":"Private Volksschule Frohsdorf","url":"https:\/\/www.stachristiana.at\/volksschule-frohsdorf\/","logo":{"@type":"ImageObject","inLanguage":"de","@id":"https:\/\/www.stachristiana.at\/volksschule-frohsdorf\/#\/schema\/logo\/image\/","url":"https:\/\/www.stachristiana.at\/app\/uploads\/sites\/14\/2022\/05\/logo-sta-christiana.png","contentUrl":"https:\/\/www.stachristiana.at\/app\/uploads\/sites\/14\/2022\/05\/logo-sta-christiana.png","width":1200,"height":491,"caption":"Sta. Christiana - Private Volksschule Frohsdorf"},"image":{"@id":"https:\/\/www.stachristiana.at\/volksschule-frohsdorf\/#\/schema\/logo\/image\/"}}]}},"_links":{"self":[{"href":"https:\/\/www.stachristiana.at\/volksschule-frohsdorf\/wp-json\/wp\/v2\/pages\/144","targetHints":{"allow":["GET"]}}],"collection":[{"href":"https:\/\/www.stachristiana.at\/volksschule-frohsdorf\/wp-json\/wp\/v2\/pages"}],"about":[{"href":"https:\/\/www.stachristiana.at\/volksschule-frohsdorf\/wp-json\/wp\/v2\/types\/page"}],"author":[{"embeddable":true,"href":"https:\/\/www.stachristiana.at\/volksschule-frohsdorf\/wp-json\/wp\/v2\/users\/1"}],"replies":[{"embeddable":true,"href":"https:\/\/www.stachristiana.at\/volksschule-frohsdorf\/wp-json\/wp\/v2\/comments?post=144"}],"version-history":[{"count":18,"href":"https:\/\/www.stachristiana.at\/volksschule-frohsdorf\/wp-json\/wp\/v2\/pages\/144\/revisions"}],"predecessor-version":[{"id":1850,"href":"https:\/\/www.stachristiana.at\/volksschule-frohsdorf\/wp-json\/wp\/v2\/pages\/144\/revisions\/1850"}],"wp:attachment":[{"href":"https:\/\/www.stachristiana.at\/volksschule-frohsdorf\/wp-json\/wp\/v2\/media?parent=144"}],"curies":[{"name":"wp","href":"https:\/\/api.w.org\/{rel}","templated":true}]}}