{"id":467,"date":"2022-06-23T20:19:16","date_gmt":"2022-06-23T18:19:16","guid":{"rendered":"http:\/\/www.sanctachristiana.at\/mittelschule-rodaun\/?page_id=467"},"modified":"2025-02-26T15:11:06","modified_gmt":"2025-02-26T14:11:06","slug":"ho%cc%88here-lehranstalt-fu%cc%88r-wirtschaftliche-berufe","status":"publish","type":"page","link":"https:\/\/www.stachristiana.at\/mittelschule-rodaun\/was-wir-bieten\/ho%cc%88here-lehranstalt-fu%cc%88r-wirtschaftliche-berufe","title":{"rendered":"Aufsicht \/ Betreuung"},"content":{"rendered":"\n<p><strong>Ankommen in entspannter Atmosph\u00e4re&nbsp;<br>unter Aufsicht von unseren P\u00e4dagog<em>innen<\/em><\/strong><\/p>\n\n\n\n<p><em>Unsere Schule steht ab 7:00 Uhr f\u00fcr die Sch\u00fcler<\/em>innen offen!&nbsp;<br>&nbsp;<br>Ab 7:45 Uhr k\u00f6nnen die Sch\u00fcler\/innen in ihre Klassen gehen und und sich auf den Unterricht vorbereiten.<br>&nbsp;<br>Zwischen Vormittags- und Nachmittagsunterrricht besteht ebenfalls die M\u00f6glichkeit, diese Stunde unter Aufsicht zu \u00fcberbr\u00fccken. Die Aufsichtsstunde verbringen wir gemeinsam in unserem sch\u00f6nen Park, wo wir die mitgebrachte Jause essen und uns sportlich bet\u00e4tigen k\u00f6nnen. Wer m\u00f6chte, kann vor dem Spielen und Austoben im Park ein warmes Mittagessen in unserem Speisesaal einnehmen (Essensbons gibt es an der Pforte zu kaufen).<\/p>\n\n\n\n<p>Nachmittagsbetreuung erfolgt \u00fcber unseren <a href=\"https:\/\/www.stachristiana.at\/hort-rodaun\/\">Hort<\/a>.<\/p>\n\n\n\n<p><\/p>\n\n\n\n<div class=\"wp-block-buttons is-layout-flex wp-block-buttons-is-layout-flex\"><\/div>\n\n\n\n<p><\/p>\n","protected":false},"excerpt":{"rendered":"<p>Ankommen in entspannter Atmosph\u00e4re&nbsp;unter Aufsicht von unseren P\u00e4dagoginnen Unsere Schule steht ab 7:00 Uhr f\u00fcr die Sch\u00fclerinnen offen!&nbsp;&nbsp;Ab 7:45 Uhr k\u00f6nnen die Sch\u00fcler\/innen in ihre Klassen gehen und und sich auf den Unterricht vorbereiten.&nbsp;Zwischen Vormittags- und Nachmittagsunterrricht besteht ebenfalls die M\u00f6glichkeit, diese Stunde unter Aufsicht zu \u00fcberbr\u00fccken. Die Aufsichtsstunde verbringen wir gemeinsam in unserem sch\u00f6nen [&hellip;]<\/p>\n","protected":false},"author":5,"featured_media":0,"parent":144,"menu_order":1,"comment_status":"closed","ping_status":"closed","template":"","meta":{"footnotes":""},"class_list":["post-467","page","type-page","status-publish","hentry"],"acf":[],"yoast_head":"<!-- This site is optimized with the Yoast SEO plugin v26.8 - https:\/\/yoast.com\/product\/yoast-seo-wordpress\/ -->\n<title>Aufsicht \/ Betreuung - Mittelschule Rodaun<\/title>\n<meta name=\"robots\" content=\"index, follow, max-snippet:-1, max-image-preview:large, max-video-preview:-1\" \/>\n<link rel=\"canonical\" href=\"https:\/\/www.stachristiana.at\/mittelschule-rodaun\/was-wir-bieten\/ho\u0308here-lehranstalt-fu\u0308r-wirtschaftliche-berufe\" \/>\n<meta property=\"og:locale\" content=\"de_DE\" \/>\n<meta property=\"og:type\" content=\"article\" \/>\n<meta property=\"og:title\" content=\"Aufsicht \/ Betreuung - Mittelschule Rodaun\" \/>\n<meta property=\"og:description\" content=\"Ankommen in entspannter Atmosph\u00e4re&nbsp;unter Aufsicht von unseren P\u00e4dagoginnen Unsere Schule steht ab 7:00 Uhr f\u00fcr die Sch\u00fclerinnen offen!&nbsp;&nbsp;Ab 7:45 Uhr k\u00f6nnen die Sch\u00fcler\/innen in ihre Klassen gehen und und sich auf den Unterricht vorbereiten.&nbsp;Zwischen Vormittags- und Nachmittagsunterrricht besteht ebenfalls die M\u00f6glichkeit, diese Stunde unter Aufsicht zu \u00fcberbr\u00fccken. Die Aufsichtsstunde verbringen wir gemeinsam in unserem sch\u00f6nen [&hellip;]\" \/>\n<meta property=\"og:url\" content=\"https:\/\/www.stachristiana.at\/mittelschule-rodaun\/was-wir-bieten\/ho\u0308here-lehranstalt-fu\u0308r-wirtschaftliche-berufe\" \/>\n<meta property=\"og:site_name\" content=\"Mittelschule Rodaun\" \/>\n<meta property=\"article:modified_time\" content=\"2025-02-26T14:11:06+00:00\" \/>\n<meta property=\"og:image\" content=\"https:\/\/www.stachristiana.at\/app\/uploads\/sites\/8\/2022\/05\/logo-sta-christiana.png\" \/>\n\t<meta property=\"og:image:width\" content=\"1200\" \/>\n\t<meta property=\"og:image:height\" content=\"491\" \/>\n\t<meta property=\"og:image:type\" content=\"image\/png\" \/>\n<meta name=\"twitter:card\" content=\"summary_large_image\" \/>\n<meta name=\"twitter:label1\" content=\"Gesch\u00e4tzte Lesezeit\" \/>\n\t<meta name=\"twitter:data1\" content=\"1\u00a0Minute\" \/>\n<script type=\"application\/ld+json\" class=\"yoast-schema-graph\">{\"@context\":\"https:\/\/schema.org\",\"@graph\":[{\"@type\":\"WebPage\",\"@id\":\"https:\/\/www.stachristiana.at\/mittelschule-rodaun\/was-wir-bieten\/ho%cc%88here-lehranstalt-fu%cc%88r-wirtschaftliche-berufe\",\"url\":\"https:\/\/www.stachristiana.at\/mittelschule-rodaun\/was-wir-bieten\/ho%cc%88here-lehranstalt-fu%cc%88r-wirtschaftliche-berufe\",\"name\":\"Aufsicht \/ Betreuung - Mittelschule Rodaun\",\"isPartOf\":{\"@id\":\"https:\/\/www.stachristiana.at\/mittelschule-rodaun\/#website\"},\"datePublished\":\"2022-06-23T18:19:16+00:00\",\"dateModified\":\"2025-02-26T14:11:06+00:00\",\"breadcrumb\":{\"@id\":\"https:\/\/www.stachristiana.at\/mittelschule-rodaun\/was-wir-bieten\/ho%cc%88here-lehranstalt-fu%cc%88r-wirtschaftliche-berufe#breadcrumb\"},\"inLanguage\":\"de\",\"potentialAction\":[{\"@type\":\"ReadAction\",\"target\":[\"https:\/\/www.stachristiana.at\/mittelschule-rodaun\/was-wir-bieten\/ho%cc%88here-lehranstalt-fu%cc%88r-wirtschaftliche-berufe\"]}]},{\"@type\":\"BreadcrumbList\",\"@id\":\"https:\/\/www.stachristiana.at\/mittelschule-rodaun\/was-wir-bieten\/ho%cc%88here-lehranstalt-fu%cc%88r-wirtschaftliche-berufe#breadcrumb\",\"itemListElement\":[{\"@type\":\"ListItem\",\"position\":1,\"name\":\"Start\",\"item\":\"https:\/\/www.stachristiana.at\/\"},{\"@type\":\"ListItem\",\"position\":2,\"name\":\"Was wir bieten\",\"item\":\"https:\/\/www.stachristiana.at\/mittelschule-rodaun\/was-wir-bieten\"},{\"@type\":\"ListItem\",\"position\":3,\"name\":\"Aufsicht \/ Betreuung\"}]},{\"@type\":\"WebSite\",\"@id\":\"https:\/\/www.stachristiana.at\/mittelschule-rodaun\/#website\",\"url\":\"https:\/\/www.stachristiana.at\/mittelschule-rodaun\/\",\"name\":\"Sta. Christiana - Private Mittelschule Rodaun\",\"description\":\"Sta. Christiana - Schulen zum Leben\",\"publisher\":{\"@id\":\"https:\/\/www.stachristiana.at\/mittelschule-rodaun\/#organization\"},\"alternateName\":\"Private Mittelschule Rodaun\",\"potentialAction\":[{\"@type\":\"SearchAction\",\"target\":{\"@type\":\"EntryPoint\",\"urlTemplate\":\"https:\/\/www.stachristiana.at\/mittelschule-rodaun\/?s={search_term_string}\"},\"query-input\":{\"@type\":\"PropertyValueSpecification\",\"valueRequired\":true,\"valueName\":\"search_term_string\"}}],\"inLanguage\":\"de\"},{\"@type\":\"Organization\",\"@id\":\"https:\/\/www.stachristiana.at\/mittelschule-rodaun\/#organization\",\"name\":\"Sta. Christiana - Private Mittelschule Rodaun\",\"alternateName\":\"Private Mittelschule Rodaun\",\"url\":\"https:\/\/www.stachristiana.at\/mittelschule-rodaun\/\",\"logo\":{\"@type\":\"ImageObject\",\"inLanguage\":\"de\",\"@id\":\"https:\/\/www.stachristiana.at\/mittelschule-rodaun\/#\/schema\/logo\/image\/\",\"url\":\"https:\/\/www.stachristiana.at\/app\/uploads\/sites\/8\/2022\/05\/logo-sta-christiana.png\",\"contentUrl\":\"https:\/\/www.stachristiana.at\/app\/uploads\/sites\/8\/2022\/05\/logo-sta-christiana.png\",\"width\":1200,\"height\":491,\"caption\":\"Sta. Christiana - Private Mittelschule Rodaun\"},\"image\":{\"@id\":\"https:\/\/www.stachristiana.at\/mittelschule-rodaun\/#\/schema\/logo\/image\/\"}}]}<\/script>\n<!-- \/ Yoast SEO plugin. -->","yoast_head_json":{"title":"Aufsicht \/ Betreuung - Mittelschule Rodaun","robots":{"index":"index","follow":"follow","max-snippet":"max-snippet:-1","max-image-preview":"max-image-preview:large","max-video-preview":"max-video-preview:-1"},"canonical":"https:\/\/www.stachristiana.at\/mittelschule-rodaun\/was-wir-bieten\/ho\u0308here-lehranstalt-fu\u0308r-wirtschaftliche-berufe","og_locale":"de_DE","og_type":"article","og_title":"Aufsicht \/ Betreuung - Mittelschule Rodaun","og_description":"Ankommen in entspannter Atmosph\u00e4re&nbsp;unter Aufsicht von unseren P\u00e4dagoginnen Unsere Schule steht ab 7:00 Uhr f\u00fcr die Sch\u00fclerinnen offen!&nbsp;&nbsp;Ab 7:45 Uhr k\u00f6nnen die Sch\u00fcler\/innen in ihre Klassen gehen und und sich auf den Unterricht vorbereiten.&nbsp;Zwischen Vormittags- und Nachmittagsunterrricht besteht ebenfalls die M\u00f6glichkeit, diese Stunde unter Aufsicht zu \u00fcberbr\u00fccken. Die Aufsichtsstunde verbringen wir gemeinsam in unserem sch\u00f6nen [&hellip;]","og_url":"https:\/\/www.stachristiana.at\/mittelschule-rodaun\/was-wir-bieten\/ho\u0308here-lehranstalt-fu\u0308r-wirtschaftliche-berufe","og_site_name":"Mittelschule Rodaun","article_modified_time":"2025-02-26T14:11:06+00:00","og_image":[{"width":1200,"height":491,"url":"https:\/\/www.stachristiana.at\/app\/uploads\/sites\/8\/2022\/05\/logo-sta-christiana.png","type":"image\/png"}],"twitter_card":"summary_large_image","twitter_misc":{"Gesch\u00e4tzte Lesezeit":"1\u00a0Minute"},"schema":{"@context":"https:\/\/schema.org","@graph":[{"@type":"WebPage","@id":"https:\/\/www.stachristiana.at\/mittelschule-rodaun\/was-wir-bieten\/ho%cc%88here-lehranstalt-fu%cc%88r-wirtschaftliche-berufe","url":"https:\/\/www.stachristiana.at\/mittelschule-rodaun\/was-wir-bieten\/ho%cc%88here-lehranstalt-fu%cc%88r-wirtschaftliche-berufe","name":"Aufsicht \/ Betreuung - Mittelschule Rodaun","isPartOf":{"@id":"https:\/\/www.stachristiana.at\/mittelschule-rodaun\/#website"},"datePublished":"2022-06-23T18:19:16+00:00","dateModified":"2025-02-26T14:11:06+00:00","breadcrumb":{"@id":"https:\/\/www.stachristiana.at\/mittelschule-rodaun\/was-wir-bieten\/ho%cc%88here-lehranstalt-fu%cc%88r-wirtschaftliche-berufe#breadcrumb"},"inLanguage":"de","potentialAction":[{"@type":"ReadAction","target":["https:\/\/www.stachristiana.at\/mittelschule-rodaun\/was-wir-bieten\/ho%cc%88here-lehranstalt-fu%cc%88r-wirtschaftliche-berufe"]}]},{"@type":"BreadcrumbList","@id":"https:\/\/www.stachristiana.at\/mittelschule-rodaun\/was-wir-bieten\/ho%cc%88here-lehranstalt-fu%cc%88r-wirtschaftliche-berufe#breadcrumb","itemListElement":[{"@type":"ListItem","position":1,"name":"Start","item":"https:\/\/www.stachristiana.at\/"},{"@type":"ListItem","position":2,"name":"Was wir bieten","item":"https:\/\/www.stachristiana.at\/mittelschule-rodaun\/was-wir-bieten"},{"@type":"ListItem","position":3,"name":"Aufsicht \/ Betreuung"}]},{"@type":"WebSite","@id":"https:\/\/www.stachristiana.at\/mittelschule-rodaun\/#website","url":"https:\/\/www.stachristiana.at\/mittelschule-rodaun\/","name":"Sta. Christiana - Private Mittelschule Rodaun","description":"Sta. Christiana - Schulen zum Leben","publisher":{"@id":"https:\/\/www.stachristiana.at\/mittelschule-rodaun\/#organization"},"alternateName":"Private Mittelschule Rodaun","potentialAction":[{"@type":"SearchAction","target":{"@type":"EntryPoint","urlTemplate":"https:\/\/www.stachristiana.at\/mittelschule-rodaun\/?s={search_term_string}"},"query-input":{"@type":"PropertyValueSpecification","valueRequired":true,"valueName":"search_term_string"}}],"inLanguage":"de"},{"@type":"Organization","@id":"https:\/\/www.stachristiana.at\/mittelschule-rodaun\/#organization","name":"Sta. Christiana - Private Mittelschule Rodaun","alternateName":"Private Mittelschule Rodaun","url":"https:\/\/www.stachristiana.at\/mittelschule-rodaun\/","logo":{"@type":"ImageObject","inLanguage":"de","@id":"https:\/\/www.stachristiana.at\/mittelschule-rodaun\/#\/schema\/logo\/image\/","url":"https:\/\/www.stachristiana.at\/app\/uploads\/sites\/8\/2022\/05\/logo-sta-christiana.png","contentUrl":"https:\/\/www.stachristiana.at\/app\/uploads\/sites\/8\/2022\/05\/logo-sta-christiana.png","width":1200,"height":491,"caption":"Sta. Christiana - Private Mittelschule Rodaun"},"image":{"@id":"https:\/\/www.stachristiana.at\/mittelschule-rodaun\/#\/schema\/logo\/image\/"}}]}},"_links":{"self":[{"href":"https:\/\/www.stachristiana.at\/mittelschule-rodaun\/wp-json\/wp\/v2\/pages\/467","targetHints":{"allow":["GET"]}}],"collection":[{"href":"https:\/\/www.stachristiana.at\/mittelschule-rodaun\/wp-json\/wp\/v2\/pages"}],"about":[{"href":"https:\/\/www.stachristiana.at\/mittelschule-rodaun\/wp-json\/wp\/v2\/types\/page"}],"author":[{"embeddable":true,"href":"https:\/\/www.stachristiana.at\/mittelschule-rodaun\/wp-json\/wp\/v2\/users\/5"}],"replies":[{"embeddable":true,"href":"https:\/\/www.stachristiana.at\/mittelschule-rodaun\/wp-json\/wp\/v2\/comments?post=467"}],"version-history":[{"count":8,"href":"https:\/\/www.stachristiana.at\/mittelschule-rodaun\/wp-json\/wp\/v2\/pages\/467\/revisions"}],"predecessor-version":[{"id":2258,"href":"https:\/\/www.stachristiana.at\/mittelschule-rodaun\/wp-json\/wp\/v2\/pages\/467\/revisions\/2258"}],"up":[{"embeddable":true,"href":"https:\/\/www.stachristiana.at\/mittelschule-rodaun\/wp-json\/wp\/v2\/pages\/144"}],"wp:attachment":[{"href":"https:\/\/www.stachristiana.at\/mittelschule-rodaun\/wp-json\/wp\/v2\/media?parent=467"}],"curies":[{"name":"wp","href":"https:\/\/api.w.org\/{rel}","templated":true}]}}