{"id":3078,"date":"2026-05-11T09:39:37","date_gmt":"2026-05-11T07:39:37","guid":{"rendered":"https:\/\/www.stachristiana.at\/mittelschule-rodaun\/?page_id=3078"},"modified":"2026-05-11T09:39:38","modified_gmt":"2026-05-11T07:39:38","slug":"kinderschutzkonzept","status":"publish","type":"page","link":"https:\/\/www.stachristiana.at\/mittelschule-rodaun\/was-wir-tun\/kinderschutzkonzept","title":{"rendered":"Sicherheit und Vertrauen: Unser Kinderschutzkonzept"},"content":{"rendered":"\n<p>Das Wohlbefinden und der Schutz unserer Sch\u00fclerinnen und Sch\u00fcler haben an unserer Schule oberste Priorit\u00e4t. Um ein sicheres und wertsch\u00e4tzendes Lernumfeld zu gew\u00e4hrleisten, verf\u00fcgen wir \u00fcber ein fundiertes&nbsp;<strong>Kinderschutzkonzept<\/strong>.<\/p>\n\n\n\n<p>Dieses Konzept dient als verbindlicher Leitfaden f\u00fcr Pr\u00e4vention und ein respektvolles Miteinander im Schulalltag.<\/p>\n\n\n\n<h3 class=\"wp-block-heading\">Ihre Ansprechpersonen<\/h3>\n\n\n\n<p>Sollten Sie Fragen zum Konzept haben oder Unterst\u00fctzung bei einem konkreten Anliegen ben\u00f6tigen, stehen Ihnen unsere Ansprechpersonen f\u00fcr Kinderschutz gerne zur Verf\u00fcgung:<\/p>\n\n\n\n<div id=\"persons-block_3be03a1e4a4bf6b5ed10eff7ded8d20f\" class=\"persons-list\">\n\t\t\t\t\n\t\t<div class=\"persons-list-item person-teacher\">\n\t\t\t<figure class=\"person-photo\"><img loading=\"lazy\" decoding=\"async\" width=\"1500\" height=\"2102\" src=\"https:\/\/www.stachristiana.at\/app\/uploads\/sites\/8\/2023\/10\/94-4C-26_pp.jpg\" class=\"attachment-full size-full wp-post-image\" alt=\"\" srcset=\"https:\/\/www.stachristiana.at\/app\/uploads\/sites\/8\/2023\/10\/94-4C-26_pp.jpg 1500w, https:\/\/www.stachristiana.at\/app\/uploads\/sites\/8\/2023\/10\/94-4C-26_pp-285x400.jpg 285w, https:\/\/www.stachristiana.at\/app\/uploads\/sites\/8\/2023\/10\/94-4C-26_pp-731x1024.jpg 731w, https:\/\/www.stachristiana.at\/app\/uploads\/sites\/8\/2023\/10\/94-4C-26_pp-768x1076.jpg 768w, https:\/\/www.stachristiana.at\/app\/uploads\/sites\/8\/2023\/10\/94-4C-26_pp-1096x1536.jpg 1096w, https:\/\/www.stachristiana.at\/app\/uploads\/sites\/8\/2023\/10\/94-4C-26_pp-1461x2048.jpg 1461w, https:\/\/www.stachristiana.at\/app\/uploads\/sites\/8\/2023\/10\/94-4C-26_pp-328x460.jpg 328w, https:\/\/www.stachristiana.at\/app\/uploads\/sites\/8\/2023\/10\/94-4C-26_pp-54x75.jpg 54w\" sizes=\"auto, (max-width: 1500px) 100vw, 1500px\" \/><\/figure>\n\t\t\t<div class=\"person-data\">\n\t\t\t\t<h2 class=\"person-name\">Dipl.-P\u00e4d. Elke K\u00f6nig, BEd<\/h2>\n\t\t\t\t<p class=\"person-position\">Mathematik, Biologie und Umweltkunde, Technik und Design, GZ, Lerncoaching, Schwerpunkt: Science Lab<\/p>\n\t\t\t\t<p class=\"person-descr\">KV 3c<\/p>\t\t\t\t<a href=\"mailto:elke.koenig@stachristiana.at\" class=\"person-email\" title=\"Email an elke.koenig@stachristiana.at\">\n\t\t\t\t\t<i class=\"fa fa-envelope\" aria-hidden=\"true\"><\/i>\n\t\t\t\t<\/a>\n\t\t\t\t\t\t\t<\/div>\n\t\t<\/div>\n\t\t\t\t\t\n\t\t<div class=\"persons-list-item person-teacher\">\n\t\t\t<figure class=\"person-photo\"><img loading=\"lazy\" decoding=\"async\" width=\"1500\" height=\"2102\" src=\"https:\/\/www.stachristiana.at\/app\/uploads\/sites\/8\/2023\/10\/92-1A-29.jpg\" class=\"attachment-full size-full wp-post-image\" alt=\"\" srcset=\"https:\/\/www.stachristiana.at\/app\/uploads\/sites\/8\/2023\/10\/92-1A-29.jpg 1500w, https:\/\/www.stachristiana.at\/app\/uploads\/sites\/8\/2023\/10\/92-1A-29-285x400.jpg 285w, https:\/\/www.stachristiana.at\/app\/uploads\/sites\/8\/2023\/10\/92-1A-29-731x1024.jpg 731w, https:\/\/www.stachristiana.at\/app\/uploads\/sites\/8\/2023\/10\/92-1A-29-768x1076.jpg 768w, https:\/\/www.stachristiana.at\/app\/uploads\/sites\/8\/2023\/10\/92-1A-29-1096x1536.jpg 1096w, https:\/\/www.stachristiana.at\/app\/uploads\/sites\/8\/2023\/10\/92-1A-29-1461x2048.jpg 1461w, https:\/\/www.stachristiana.at\/app\/uploads\/sites\/8\/2023\/10\/92-1A-29-328x460.jpg 328w, https:\/\/www.stachristiana.at\/app\/uploads\/sites\/8\/2023\/10\/92-1A-29-54x75.jpg 54w\" sizes=\"auto, (max-width: 1500px) 100vw, 1500px\" \/><\/figure>\n\t\t\t<div class=\"person-data\">\n\t\t\t\t<h2 class=\"person-name\">Dipl. P\u00e4d. Peter Schr\u00f6der<\/h2>\n\t\t\t\t<p class=\"person-position\">Englisch, Biologie und Umweltkunde, Technik und Design<\/p>\n\t\t\t\t<p class=\"person-descr\">Co-KV 3a<\/p>\t\t\t\t<a href=\"mailto:peter.schroeder@stachristiana.at\" class=\"person-email\" title=\"Email an peter.schroeder@stachristiana.at\">\n\t\t\t\t\t<i class=\"fa fa-envelope\" aria-hidden=\"true\"><\/i>\n\t\t\t\t<\/a>\n\t\t\t\t\t\t\t<\/div>\n\t\t<\/div>\n\t\t\t\t\t\n\t\t<div class=\"persons-list-item person-teacher\">\n\t\t\t<figure class=\"person-photo\"><img loading=\"lazy\" decoding=\"async\" width=\"1500\" height=\"2102\" src=\"https:\/\/www.stachristiana.at\/app\/uploads\/sites\/8\/2024\/04\/80-1C-31_pp.jpg\" class=\"attachment-full size-full wp-post-image\" alt=\"\" srcset=\"https:\/\/www.stachristiana.at\/app\/uploads\/sites\/8\/2024\/04\/80-1C-31_pp.jpg 1500w, https:\/\/www.stachristiana.at\/app\/uploads\/sites\/8\/2024\/04\/80-1C-31_pp-285x400.jpg 285w, https:\/\/www.stachristiana.at\/app\/uploads\/sites\/8\/2024\/04\/80-1C-31_pp-731x1024.jpg 731w, https:\/\/www.stachristiana.at\/app\/uploads\/sites\/8\/2024\/04\/80-1C-31_pp-768x1076.jpg 768w, https:\/\/www.stachristiana.at\/app\/uploads\/sites\/8\/2024\/04\/80-1C-31_pp-1096x1536.jpg 1096w, https:\/\/www.stachristiana.at\/app\/uploads\/sites\/8\/2024\/04\/80-1C-31_pp-1461x2048.jpg 1461w, https:\/\/www.stachristiana.at\/app\/uploads\/sites\/8\/2024\/04\/80-1C-31_pp-328x460.jpg 328w, https:\/\/www.stachristiana.at\/app\/uploads\/sites\/8\/2024\/04\/80-1C-31_pp-54x75.jpg 54w\" sizes=\"auto, (max-width: 1500px) 100vw, 1500px\" \/><\/figure>\n\t\t\t<div class=\"person-data\">\n\t\t\t\t<h2 class=\"person-name\">Theresia Liebetreu, BEd MEd<\/h2>\n\t\t\t\t<p class=\"person-position\">Deutsch, Berufsorientierung, Technik und Design<\/p>\n\t\t\t\t<p class=\"person-descr\">Co-KV 3d<\/p>\t\t\t\t<a href=\"mailto:theresia.liebetreu@stachristiana.at\" class=\"person-email\" title=\"Email an theresia.liebetreu@stachristiana.at\">\n\t\t\t\t\t<i class=\"fa fa-envelope\" aria-hidden=\"true\"><\/i>\n\t\t\t\t<\/a>\n\t\t\t\t\t\t\t<\/div>\n\t\t<\/div>\n\t\t<\/div>\n\n\n\n<p>Gemeinsam tragen wir die Verantwortung daf\u00fcr, dass unsere Schule ein Ort ist, an dem sich jedes Kind sicher und geborgen f\u00fchlt.<\/p>\n","protected":false},"excerpt":{"rendered":"<p>Das Wohlbefinden und der Schutz unserer Sch\u00fclerinnen und Sch\u00fcler haben an unserer Schule oberste Priorit\u00e4t. Um ein sicheres und wertsch\u00e4tzendes Lernumfeld zu gew\u00e4hrleisten, verf\u00fcgen wir \u00fcber ein fundiertes&nbsp;Kinderschutzkonzept. Dieses Konzept dient als verbindlicher Leitfaden f\u00fcr Pr\u00e4vention und ein respektvolles Miteinander im Schulalltag. Ihre Ansprechpersonen Sollten Sie Fragen zum Konzept haben oder Unterst\u00fctzung bei einem konkreten [&hellip;]<\/p>\n","protected":false},"author":76,"featured_media":0,"parent":142,"menu_order":0,"comment_status":"closed","ping_status":"closed","template":"","meta":{"footnotes":""},"class_list":["post-3078","page","type-page","status-publish","hentry"],"acf":[],"yoast_head":"<!-- This site is optimized with the Yoast SEO plugin v26.8 - https:\/\/yoast.com\/product\/yoast-seo-wordpress\/ -->\n<title>Sicherheit und Vertrauen: Unser Kinderschutzkonzept - Mittelschule Rodaun<\/title>\n<meta name=\"robots\" content=\"index, follow, max-snippet:-1, max-image-preview:large, max-video-preview:-1\" \/>\n<link rel=\"canonical\" href=\"https:\/\/www.stachristiana.at\/mittelschule-rodaun\/was-wir-tun\/kinderschutzkonzept\" \/>\n<meta property=\"og:locale\" content=\"de_DE\" \/>\n<meta property=\"og:type\" content=\"article\" \/>\n<meta property=\"og:title\" content=\"Sicherheit und Vertrauen: Unser Kinderschutzkonzept - Mittelschule Rodaun\" \/>\n<meta property=\"og:description\" content=\"Das Wohlbefinden und der Schutz unserer Sch\u00fclerinnen und Sch\u00fcler haben an unserer Schule oberste Priorit\u00e4t. Um ein sicheres und wertsch\u00e4tzendes Lernumfeld zu gew\u00e4hrleisten, verf\u00fcgen wir \u00fcber ein fundiertes&nbsp;Kinderschutzkonzept. Dieses Konzept dient als verbindlicher Leitfaden f\u00fcr Pr\u00e4vention und ein respektvolles Miteinander im Schulalltag. Ihre Ansprechpersonen Sollten Sie Fragen zum Konzept haben oder Unterst\u00fctzung bei einem konkreten [&hellip;]\" \/>\n<meta property=\"og:url\" content=\"https:\/\/www.stachristiana.at\/mittelschule-rodaun\/was-wir-tun\/kinderschutzkonzept\" \/>\n<meta property=\"og:site_name\" content=\"Mittelschule Rodaun\" \/>\n<meta property=\"article:modified_time\" content=\"2026-05-11T07:39:38+00:00\" \/>\n<meta property=\"og:image\" content=\"https:\/\/www.stachristiana.at\/app\/uploads\/sites\/8\/2022\/05\/logo-sta-christiana.png\" \/>\n\t<meta property=\"og:image:width\" content=\"1200\" \/>\n\t<meta property=\"og:image:height\" content=\"491\" \/>\n\t<meta property=\"og:image:type\" content=\"image\/png\" \/>\n<meta name=\"twitter:card\" content=\"summary_large_image\" \/>\n<meta name=\"twitter:label1\" content=\"Gesch\u00e4tzte Lesezeit\" \/>\n\t<meta name=\"twitter:data1\" content=\"1\u00a0Minute\" \/>\n<script type=\"application\/ld+json\" class=\"yoast-schema-graph\">{\"@context\":\"https:\/\/schema.org\",\"@graph\":[{\"@type\":\"WebPage\",\"@id\":\"https:\/\/www.stachristiana.at\/mittelschule-rodaun\/was-wir-tun\/kinderschutzkonzept\",\"url\":\"https:\/\/www.stachristiana.at\/mittelschule-rodaun\/was-wir-tun\/kinderschutzkonzept\",\"name\":\"Sicherheit und Vertrauen: Unser Kinderschutzkonzept - Mittelschule Rodaun\",\"isPartOf\":{\"@id\":\"https:\/\/www.stachristiana.at\/mittelschule-rodaun\/#website\"},\"datePublished\":\"2026-05-11T07:39:37+00:00\",\"dateModified\":\"2026-05-11T07:39:38+00:00\",\"breadcrumb\":{\"@id\":\"https:\/\/www.stachristiana.at\/mittelschule-rodaun\/was-wir-tun\/kinderschutzkonzept#breadcrumb\"},\"inLanguage\":\"de\",\"potentialAction\":[{\"@type\":\"ReadAction\",\"target\":[\"https:\/\/www.stachristiana.at\/mittelschule-rodaun\/was-wir-tun\/kinderschutzkonzept\"]}]},{\"@type\":\"BreadcrumbList\",\"@id\":\"https:\/\/www.stachristiana.at\/mittelschule-rodaun\/was-wir-tun\/kinderschutzkonzept#breadcrumb\",\"itemListElement\":[{\"@type\":\"ListItem\",\"position\":1,\"name\":\"Start\",\"item\":\"https:\/\/www.stachristiana.at\/\"},{\"@type\":\"ListItem\",\"position\":2,\"name\":\"Was wir tun\",\"item\":\"https:\/\/www.stachristiana.at\/mittelschule-rodaun\/was-wir-tun\"},{\"@type\":\"ListItem\",\"position\":3,\"name\":\"Sicherheit und Vertrauen: Unser Kinderschutzkonzept\"}]},{\"@type\":\"WebSite\",\"@id\":\"https:\/\/www.stachristiana.at\/mittelschule-rodaun\/#website\",\"url\":\"https:\/\/www.stachristiana.at\/mittelschule-rodaun\/\",\"name\":\"Sta. Christiana - Private Mittelschule Rodaun\",\"description\":\"Sta. Christiana - Schulen zum Leben\",\"publisher\":{\"@id\":\"https:\/\/www.stachristiana.at\/mittelschule-rodaun\/#organization\"},\"alternateName\":\"Private Mittelschule Rodaun\",\"potentialAction\":[{\"@type\":\"SearchAction\",\"target\":{\"@type\":\"EntryPoint\",\"urlTemplate\":\"https:\/\/www.stachristiana.at\/mittelschule-rodaun\/?s={search_term_string}\"},\"query-input\":{\"@type\":\"PropertyValueSpecification\",\"valueRequired\":true,\"valueName\":\"search_term_string\"}}],\"inLanguage\":\"de\"},{\"@type\":\"Organization\",\"@id\":\"https:\/\/www.stachristiana.at\/mittelschule-rodaun\/#organization\",\"name\":\"Sta. Christiana - Private Mittelschule Rodaun\",\"alternateName\":\"Private Mittelschule Rodaun\",\"url\":\"https:\/\/www.stachristiana.at\/mittelschule-rodaun\/\",\"logo\":{\"@type\":\"ImageObject\",\"inLanguage\":\"de\",\"@id\":\"https:\/\/www.stachristiana.at\/mittelschule-rodaun\/#\/schema\/logo\/image\/\",\"url\":\"https:\/\/www.stachristiana.at\/app\/uploads\/sites\/8\/2022\/05\/logo-sta-christiana.png\",\"contentUrl\":\"https:\/\/www.stachristiana.at\/app\/uploads\/sites\/8\/2022\/05\/logo-sta-christiana.png\",\"width\":1200,\"height\":491,\"caption\":\"Sta. Christiana - Private Mittelschule Rodaun\"},\"image\":{\"@id\":\"https:\/\/www.stachristiana.at\/mittelschule-rodaun\/#\/schema\/logo\/image\/\"}}]}<\/script>\n<!-- \/ Yoast SEO plugin. -->","yoast_head_json":{"title":"Sicherheit und Vertrauen: Unser Kinderschutzkonzept - Mittelschule Rodaun","robots":{"index":"index","follow":"follow","max-snippet":"max-snippet:-1","max-image-preview":"max-image-preview:large","max-video-preview":"max-video-preview:-1"},"canonical":"https:\/\/www.stachristiana.at\/mittelschule-rodaun\/was-wir-tun\/kinderschutzkonzept","og_locale":"de_DE","og_type":"article","og_title":"Sicherheit und Vertrauen: Unser Kinderschutzkonzept - Mittelschule Rodaun","og_description":"Das Wohlbefinden und der Schutz unserer Sch\u00fclerinnen und Sch\u00fcler haben an unserer Schule oberste Priorit\u00e4t. Um ein sicheres und wertsch\u00e4tzendes Lernumfeld zu gew\u00e4hrleisten, verf\u00fcgen wir \u00fcber ein fundiertes&nbsp;Kinderschutzkonzept. Dieses Konzept dient als verbindlicher Leitfaden f\u00fcr Pr\u00e4vention und ein respektvolles Miteinander im Schulalltag. Ihre Ansprechpersonen Sollten Sie Fragen zum Konzept haben oder Unterst\u00fctzung bei einem konkreten [&hellip;]","og_url":"https:\/\/www.stachristiana.at\/mittelschule-rodaun\/was-wir-tun\/kinderschutzkonzept","og_site_name":"Mittelschule Rodaun","article_modified_time":"2026-05-11T07:39:38+00:00","og_image":[{"width":1200,"height":491,"url":"https:\/\/www.stachristiana.at\/app\/uploads\/sites\/8\/2022\/05\/logo-sta-christiana.png","type":"image\/png"}],"twitter_card":"summary_large_image","twitter_misc":{"Gesch\u00e4tzte Lesezeit":"1\u00a0Minute"},"schema":{"@context":"https:\/\/schema.org","@graph":[{"@type":"WebPage","@id":"https:\/\/www.stachristiana.at\/mittelschule-rodaun\/was-wir-tun\/kinderschutzkonzept","url":"https:\/\/www.stachristiana.at\/mittelschule-rodaun\/was-wir-tun\/kinderschutzkonzept","name":"Sicherheit und Vertrauen: Unser Kinderschutzkonzept - Mittelschule Rodaun","isPartOf":{"@id":"https:\/\/www.stachristiana.at\/mittelschule-rodaun\/#website"},"datePublished":"2026-05-11T07:39:37+00:00","dateModified":"2026-05-11T07:39:38+00:00","breadcrumb":{"@id":"https:\/\/www.stachristiana.at\/mittelschule-rodaun\/was-wir-tun\/kinderschutzkonzept#breadcrumb"},"inLanguage":"de","potentialAction":[{"@type":"ReadAction","target":["https:\/\/www.stachristiana.at\/mittelschule-rodaun\/was-wir-tun\/kinderschutzkonzept"]}]},{"@type":"BreadcrumbList","@id":"https:\/\/www.stachristiana.at\/mittelschule-rodaun\/was-wir-tun\/kinderschutzkonzept#breadcrumb","itemListElement":[{"@type":"ListItem","position":1,"name":"Start","item":"https:\/\/www.stachristiana.at\/"},{"@type":"ListItem","position":2,"name":"Was wir tun","item":"https:\/\/www.stachristiana.at\/mittelschule-rodaun\/was-wir-tun"},{"@type":"ListItem","position":3,"name":"Sicherheit und Vertrauen: Unser Kinderschutzkonzept"}]},{"@type":"WebSite","@id":"https:\/\/www.stachristiana.at\/mittelschule-rodaun\/#website","url":"https:\/\/www.stachristiana.at\/mittelschule-rodaun\/","name":"Sta. Christiana - Private Mittelschule Rodaun","description":"Sta. Christiana - Schulen zum Leben","publisher":{"@id":"https:\/\/www.stachristiana.at\/mittelschule-rodaun\/#organization"},"alternateName":"Private Mittelschule Rodaun","potentialAction":[{"@type":"SearchAction","target":{"@type":"EntryPoint","urlTemplate":"https:\/\/www.stachristiana.at\/mittelschule-rodaun\/?s={search_term_string}"},"query-input":{"@type":"PropertyValueSpecification","valueRequired":true,"valueName":"search_term_string"}}],"inLanguage":"de"},{"@type":"Organization","@id":"https:\/\/www.stachristiana.at\/mittelschule-rodaun\/#organization","name":"Sta. Christiana - Private Mittelschule Rodaun","alternateName":"Private Mittelschule Rodaun","url":"https:\/\/www.stachristiana.at\/mittelschule-rodaun\/","logo":{"@type":"ImageObject","inLanguage":"de","@id":"https:\/\/www.stachristiana.at\/mittelschule-rodaun\/#\/schema\/logo\/image\/","url":"https:\/\/www.stachristiana.at\/app\/uploads\/sites\/8\/2022\/05\/logo-sta-christiana.png","contentUrl":"https:\/\/www.stachristiana.at\/app\/uploads\/sites\/8\/2022\/05\/logo-sta-christiana.png","width":1200,"height":491,"caption":"Sta. Christiana - Private Mittelschule Rodaun"},"image":{"@id":"https:\/\/www.stachristiana.at\/mittelschule-rodaun\/#\/schema\/logo\/image\/"}}]}},"_links":{"self":[{"href":"https:\/\/www.stachristiana.at\/mittelschule-rodaun\/wp-json\/wp\/v2\/pages\/3078","targetHints":{"allow":["GET"]}}],"collection":[{"href":"https:\/\/www.stachristiana.at\/mittelschule-rodaun\/wp-json\/wp\/v2\/pages"}],"about":[{"href":"https:\/\/www.stachristiana.at\/mittelschule-rodaun\/wp-json\/wp\/v2\/types\/page"}],"author":[{"embeddable":true,"href":"https:\/\/www.stachristiana.at\/mittelschule-rodaun\/wp-json\/wp\/v2\/users\/76"}],"replies":[{"embeddable":true,"href":"https:\/\/www.stachristiana.at\/mittelschule-rodaun\/wp-json\/wp\/v2\/comments?post=3078"}],"version-history":[{"count":2,"href":"https:\/\/www.stachristiana.at\/mittelschule-rodaun\/wp-json\/wp\/v2\/pages\/3078\/revisions"}],"predecessor-version":[{"id":3080,"href":"https:\/\/www.stachristiana.at\/mittelschule-rodaun\/wp-json\/wp\/v2\/pages\/3078\/revisions\/3080"}],"up":[{"embeddable":true,"href":"https:\/\/www.stachristiana.at\/mittelschule-rodaun\/wp-json\/wp\/v2\/pages\/142"}],"wp:attachment":[{"href":"https:\/\/www.stachristiana.at\/mittelschule-rodaun\/wp-json\/wp\/v2\/media?parent=3078"}],"curies":[{"name":"wp","href":"https:\/\/api.w.org\/{rel}","templated":true}]}}