{"id":728,"date":"2022-11-01T16:48:41","date_gmt":"2022-11-01T15:48:41","guid":{"rendered":"http:\/\/www.sanctachristiana.at\/mittelschule-polytechnische-schule-wiener-neustadt\/?page_id=728"},"modified":"2023-02-04T12:54:05","modified_gmt":"2023-02-04T11:54:05","slug":"ms-berufsorientierung","status":"publish","type":"page","link":"https:\/\/www.stachristiana.at\/mittelschule-polytechnische-schule-wiener-neustadt\/mittelschule\/ms-berufsorientierung","title":{"rendered":"Berufsorientierung"},"content":{"rendered":"\n<p>In der 3. Klasse bieten wir das Fach Berufsorientierung an. Auch unsere verantwortliche Lehrerin <a href=\"https:\/\/www.stachristiana.at\/mittelschule-polytechnische-schule-wiener-neustadt\/wer-wir-sind\/unterstuetzungsteam\">Frau Buchberger<\/a> stellt wichtige Informationen f\u00fcr weiterf\u00fchrende Schulen bereit.<\/p>\n\n\n\n<div id=\"linklist-block_f5bf7318798d4156915dc38af5006bd3\" class=\"linklist\">\n\t\t\n\t\t<a href=\"https:\/\/www.stachristiana.at\/app\/uploads\/sites\/11\/2023\/01\/Bildungswege.pdf\" target=\"_blank\" class=\"linklist-item linklist-item-hellblau\">\n\t\t\tBildungswege in \u00d6sterreich\t\t<\/a>\n\n\t\t\n\t\t<a href=\"https:\/\/www.stachristiana.at\/app\/uploads\/sites\/11\/2023\/01\/Inforatgeber.pdf\" target=\"_blank\" class=\"linklist-item linklist-item-hellblau\">\n\t\t\tInforatgeber 7. Schulstufe\t\t<\/a>\n\n\t\t\n\t\t<a href=\"https:\/\/www.stachristiana.at\/app\/uploads\/sites\/11\/2023\/01\/Berufsmatura-Folder.pdf\" target=\"_blank\" class=\"linklist-item linklist-item-hellblau\">\n\t\t\tBerufsmatura &#8211; Folder\t\t<\/a>\n\n\t<\/div>\n\n\n\n<hr class=\"wp-block-separator has-alpha-channel-opacity\"\/>\n\n\n\n<p>Das AMS (= Arbeitsmarktservice ) bietet eine Reihe von kostenlosen online Services f\u00fcr Sch\u00fcler und Studenten an. <br>Der Berufskompass ist das optimale Tool f\u00fcr die Berufsorientierung. Nach der anonymen Beantwortung des Fragebogens erh\u00e4lt man ein individuelles Ergebnisprofil sowie eine Liste passender Berufsvorschl\u00e4ge.<\/p>\n\n\n\n<div id=\"linklist-block_46f90fb2f382827e1e034cf3d224dddf\" class=\"linklist\">\n\t\t\n\t\t<a href=\"https:\/\/www.berufskompass.at\/berufskompass\/\" target=\"_blank\" class=\"linklist-item linklist-item-hellblau\">\n\t\t\tAMS Berufskompass\t\t<\/a>\n\n\t<\/div>\n","protected":false},"excerpt":{"rendered":"<p>In der 3. Klasse bieten wir das Fach Berufsorientierung an. Auch unsere verantwortliche Lehrerin Frau Buchberger stellt wichtige Informationen f\u00fcr weiterf\u00fchrende Schulen bereit. Das AMS (= Arbeitsmarktservice ) bietet eine Reihe von kostenlosen online Services f\u00fcr Sch\u00fcler und Studenten an. Der Berufskompass ist das optimale Tool f\u00fcr die Berufsorientierung. Nach der anonymen Beantwortung des Fragebogens [&hellip;]<\/p>\n","protected":false},"author":5,"featured_media":0,"parent":709,"menu_order":4,"comment_status":"closed","ping_status":"closed","template":"","meta":{"footnotes":""},"class_list":["post-728","page","type-page","status-publish","hentry"],"acf":[],"yoast_head":"<!-- This site is optimized with the Yoast SEO plugin v26.8 - https:\/\/yoast.com\/product\/yoast-seo-wordpress\/ -->\n<title>Berufsorientierung - MS &amp; PTS Wr. Neustadt<\/title>\n<meta name=\"robots\" content=\"index, follow, max-snippet:-1, max-image-preview:large, max-video-preview:-1\" \/>\n<link rel=\"canonical\" href=\"https:\/\/www.stachristiana.at\/mittelschule-polytechnische-schule-wiener-neustadt\/mittelschule\/ms-berufsorientierung\" \/>\n<meta property=\"og:locale\" content=\"de_DE\" \/>\n<meta property=\"og:type\" content=\"article\" \/>\n<meta property=\"og:title\" content=\"Berufsorientierung - MS &amp; PTS Wr. Neustadt\" \/>\n<meta property=\"og:description\" content=\"In der 3. Klasse bieten wir das Fach Berufsorientierung an. Auch unsere verantwortliche Lehrerin Frau Buchberger stellt wichtige Informationen f\u00fcr weiterf\u00fchrende Schulen bereit. Das AMS (= Arbeitsmarktservice ) bietet eine Reihe von kostenlosen online Services f\u00fcr Sch\u00fcler und Studenten an. Der Berufskompass ist das optimale Tool f\u00fcr die Berufsorientierung. Nach der anonymen Beantwortung des Fragebogens [&hellip;]\" \/>\n<meta property=\"og:url\" content=\"https:\/\/www.stachristiana.at\/mittelschule-polytechnische-schule-wiener-neustadt\/mittelschule\/ms-berufsorientierung\" \/>\n<meta property=\"og:site_name\" content=\"MS &amp; PTS Wr. Neustadt\" \/>\n<meta property=\"article:modified_time\" content=\"2023-02-04T11:54:05+00:00\" \/>\n<meta property=\"og:image\" content=\"https:\/\/www.stachristiana.at\/app\/uploads\/sites\/11\/2022\/05\/logo-sta-christiana.png\" \/>\n\t<meta property=\"og:image:width\" content=\"1200\" \/>\n\t<meta property=\"og:image:height\" content=\"491\" \/>\n\t<meta property=\"og:image:type\" content=\"image\/png\" \/>\n<meta name=\"twitter:card\" content=\"summary_large_image\" \/>\n<meta name=\"twitter:label1\" content=\"Gesch\u00e4tzte Lesezeit\" \/>\n\t<meta name=\"twitter:data1\" content=\"1\u00a0Minute\" \/>\n<script type=\"application\/ld+json\" class=\"yoast-schema-graph\">{\"@context\":\"https:\/\/schema.org\",\"@graph\":[{\"@type\":\"WebPage\",\"@id\":\"https:\/\/www.stachristiana.at\/mittelschule-polytechnische-schule-wiener-neustadt\/mittelschule\/ms-berufsorientierung\",\"url\":\"https:\/\/www.stachristiana.at\/mittelschule-polytechnische-schule-wiener-neustadt\/mittelschule\/ms-berufsorientierung\",\"name\":\"Berufsorientierung - MS &amp; PTS Wr. Neustadt\",\"isPartOf\":{\"@id\":\"https:\/\/www.stachristiana.at\/mittelschule-polytechnische-schule-wiener-neustadt\/#website\"},\"datePublished\":\"2022-11-01T15:48:41+00:00\",\"dateModified\":\"2023-02-04T11:54:05+00:00\",\"breadcrumb\":{\"@id\":\"https:\/\/www.stachristiana.at\/mittelschule-polytechnische-schule-wiener-neustadt\/mittelschule\/ms-berufsorientierung#breadcrumb\"},\"inLanguage\":\"de\",\"potentialAction\":[{\"@type\":\"ReadAction\",\"target\":[\"https:\/\/www.stachristiana.at\/mittelschule-polytechnische-schule-wiener-neustadt\/mittelschule\/ms-berufsorientierung\"]}]},{\"@type\":\"BreadcrumbList\",\"@id\":\"https:\/\/www.stachristiana.at\/mittelschule-polytechnische-schule-wiener-neustadt\/mittelschule\/ms-berufsorientierung#breadcrumb\",\"itemListElement\":[{\"@type\":\"ListItem\",\"position\":1,\"name\":\"Start\",\"item\":\"https:\/\/www.stachristiana.at\/\"},{\"@type\":\"ListItem\",\"position\":2,\"name\":\"Mittelschule\",\"item\":\"https:\/\/www.stachristiana.at\/mittelschule-polytechnische-schule-wiener-neustadt\/mittelschule\"},{\"@type\":\"ListItem\",\"position\":3,\"name\":\"Berufsorientierung\"}]},{\"@type\":\"WebSite\",\"@id\":\"https:\/\/www.stachristiana.at\/mittelschule-polytechnische-schule-wiener-neustadt\/#website\",\"url\":\"https:\/\/www.stachristiana.at\/mittelschule-polytechnische-schule-wiener-neustadt\/\",\"name\":\"Sta. Christiana - Private MS und PTS Wr. Neustadt\",\"description\":\"Sta. Christiana - Schulen zum Leben\",\"publisher\":{\"@id\":\"https:\/\/www.stachristiana.at\/mittelschule-polytechnische-schule-wiener-neustadt\/#organization\"},\"alternateName\":\"Private MS und PTS Wr. Neustadt\",\"potentialAction\":[{\"@type\":\"SearchAction\",\"target\":{\"@type\":\"EntryPoint\",\"urlTemplate\":\"https:\/\/www.stachristiana.at\/mittelschule-polytechnische-schule-wiener-neustadt\/?s={search_term_string}\"},\"query-input\":{\"@type\":\"PropertyValueSpecification\",\"valueRequired\":true,\"valueName\":\"search_term_string\"}}],\"inLanguage\":\"de\"},{\"@type\":\"Organization\",\"@id\":\"https:\/\/www.stachristiana.at\/mittelschule-polytechnische-schule-wiener-neustadt\/#organization\",\"name\":\"Sta. Christiana - Private MS und PTS Wr. Neustadt\",\"alternateName\":\"Private MS und PTS Wr. Neustadt\",\"url\":\"https:\/\/www.stachristiana.at\/mittelschule-polytechnische-schule-wiener-neustadt\/\",\"logo\":{\"@type\":\"ImageObject\",\"inLanguage\":\"de\",\"@id\":\"https:\/\/www.stachristiana.at\/mittelschule-polytechnische-schule-wiener-neustadt\/#\/schema\/logo\/image\/\",\"url\":\"https:\/\/www.stachristiana.at\/app\/uploads\/sites\/11\/2022\/05\/logo-sta-christiana.png\",\"contentUrl\":\"https:\/\/www.stachristiana.at\/app\/uploads\/sites\/11\/2022\/05\/logo-sta-christiana.png\",\"width\":1200,\"height\":491,\"caption\":\"Sta. Christiana - Private MS und PTS Wr. Neustadt\"},\"image\":{\"@id\":\"https:\/\/www.stachristiana.at\/mittelschule-polytechnische-schule-wiener-neustadt\/#\/schema\/logo\/image\/\"}}]}<\/script>\n<!-- \/ Yoast SEO plugin. -->","yoast_head_json":{"title":"Berufsorientierung - MS &amp; PTS Wr. Neustadt","robots":{"index":"index","follow":"follow","max-snippet":"max-snippet:-1","max-image-preview":"max-image-preview:large","max-video-preview":"max-video-preview:-1"},"canonical":"https:\/\/www.stachristiana.at\/mittelschule-polytechnische-schule-wiener-neustadt\/mittelschule\/ms-berufsorientierung","og_locale":"de_DE","og_type":"article","og_title":"Berufsorientierung - MS &amp; PTS Wr. Neustadt","og_description":"In der 3. Klasse bieten wir das Fach Berufsorientierung an. Auch unsere verantwortliche Lehrerin Frau Buchberger stellt wichtige Informationen f\u00fcr weiterf\u00fchrende Schulen bereit. Das AMS (= Arbeitsmarktservice ) bietet eine Reihe von kostenlosen online Services f\u00fcr Sch\u00fcler und Studenten an. Der Berufskompass ist das optimale Tool f\u00fcr die Berufsorientierung. Nach der anonymen Beantwortung des Fragebogens [&hellip;]","og_url":"https:\/\/www.stachristiana.at\/mittelschule-polytechnische-schule-wiener-neustadt\/mittelschule\/ms-berufsorientierung","og_site_name":"MS &amp; PTS Wr. Neustadt","article_modified_time":"2023-02-04T11:54:05+00:00","og_image":[{"width":1200,"height":491,"url":"https:\/\/www.stachristiana.at\/app\/uploads\/sites\/11\/2022\/05\/logo-sta-christiana.png","type":"image\/png"}],"twitter_card":"summary_large_image","twitter_misc":{"Gesch\u00e4tzte Lesezeit":"1\u00a0Minute"},"schema":{"@context":"https:\/\/schema.org","@graph":[{"@type":"WebPage","@id":"https:\/\/www.stachristiana.at\/mittelschule-polytechnische-schule-wiener-neustadt\/mittelschule\/ms-berufsorientierung","url":"https:\/\/www.stachristiana.at\/mittelschule-polytechnische-schule-wiener-neustadt\/mittelschule\/ms-berufsorientierung","name":"Berufsorientierung - MS &amp; PTS Wr. Neustadt","isPartOf":{"@id":"https:\/\/www.stachristiana.at\/mittelschule-polytechnische-schule-wiener-neustadt\/#website"},"datePublished":"2022-11-01T15:48:41+00:00","dateModified":"2023-02-04T11:54:05+00:00","breadcrumb":{"@id":"https:\/\/www.stachristiana.at\/mittelschule-polytechnische-schule-wiener-neustadt\/mittelschule\/ms-berufsorientierung#breadcrumb"},"inLanguage":"de","potentialAction":[{"@type":"ReadAction","target":["https:\/\/www.stachristiana.at\/mittelschule-polytechnische-schule-wiener-neustadt\/mittelschule\/ms-berufsorientierung"]}]},{"@type":"BreadcrumbList","@id":"https:\/\/www.stachristiana.at\/mittelschule-polytechnische-schule-wiener-neustadt\/mittelschule\/ms-berufsorientierung#breadcrumb","itemListElement":[{"@type":"ListItem","position":1,"name":"Start","item":"https:\/\/www.stachristiana.at\/"},{"@type":"ListItem","position":2,"name":"Mittelschule","item":"https:\/\/www.stachristiana.at\/mittelschule-polytechnische-schule-wiener-neustadt\/mittelschule"},{"@type":"ListItem","position":3,"name":"Berufsorientierung"}]},{"@type":"WebSite","@id":"https:\/\/www.stachristiana.at\/mittelschule-polytechnische-schule-wiener-neustadt\/#website","url":"https:\/\/www.stachristiana.at\/mittelschule-polytechnische-schule-wiener-neustadt\/","name":"Sta. Christiana - Private MS und PTS Wr. Neustadt","description":"Sta. Christiana - Schulen zum Leben","publisher":{"@id":"https:\/\/www.stachristiana.at\/mittelschule-polytechnische-schule-wiener-neustadt\/#organization"},"alternateName":"Private MS und PTS Wr. Neustadt","potentialAction":[{"@type":"SearchAction","target":{"@type":"EntryPoint","urlTemplate":"https:\/\/www.stachristiana.at\/mittelschule-polytechnische-schule-wiener-neustadt\/?s={search_term_string}"},"query-input":{"@type":"PropertyValueSpecification","valueRequired":true,"valueName":"search_term_string"}}],"inLanguage":"de"},{"@type":"Organization","@id":"https:\/\/www.stachristiana.at\/mittelschule-polytechnische-schule-wiener-neustadt\/#organization","name":"Sta. Christiana - Private MS und PTS Wr. Neustadt","alternateName":"Private MS und PTS Wr. Neustadt","url":"https:\/\/www.stachristiana.at\/mittelschule-polytechnische-schule-wiener-neustadt\/","logo":{"@type":"ImageObject","inLanguage":"de","@id":"https:\/\/www.stachristiana.at\/mittelschule-polytechnische-schule-wiener-neustadt\/#\/schema\/logo\/image\/","url":"https:\/\/www.stachristiana.at\/app\/uploads\/sites\/11\/2022\/05\/logo-sta-christiana.png","contentUrl":"https:\/\/www.stachristiana.at\/app\/uploads\/sites\/11\/2022\/05\/logo-sta-christiana.png","width":1200,"height":491,"caption":"Sta. Christiana - Private MS und PTS Wr. Neustadt"},"image":{"@id":"https:\/\/www.stachristiana.at\/mittelschule-polytechnische-schule-wiener-neustadt\/#\/schema\/logo\/image\/"}}]}},"_links":{"self":[{"href":"https:\/\/www.stachristiana.at\/mittelschule-polytechnische-schule-wiener-neustadt\/wp-json\/wp\/v2\/pages\/728","targetHints":{"allow":["GET"]}}],"collection":[{"href":"https:\/\/www.stachristiana.at\/mittelschule-polytechnische-schule-wiener-neustadt\/wp-json\/wp\/v2\/pages"}],"about":[{"href":"https:\/\/www.stachristiana.at\/mittelschule-polytechnische-schule-wiener-neustadt\/wp-json\/wp\/v2\/types\/page"}],"author":[{"embeddable":true,"href":"https:\/\/www.stachristiana.at\/mittelschule-polytechnische-schule-wiener-neustadt\/wp-json\/wp\/v2\/users\/5"}],"replies":[{"embeddable":true,"href":"https:\/\/www.stachristiana.at\/mittelschule-polytechnische-schule-wiener-neustadt\/wp-json\/wp\/v2\/comments?post=728"}],"version-history":[{"count":7,"href":"https:\/\/www.stachristiana.at\/mittelschule-polytechnische-schule-wiener-neustadt\/wp-json\/wp\/v2\/pages\/728\/revisions"}],"predecessor-version":[{"id":969,"href":"https:\/\/www.stachristiana.at\/mittelschule-polytechnische-schule-wiener-neustadt\/wp-json\/wp\/v2\/pages\/728\/revisions\/969"}],"up":[{"embeddable":true,"href":"https:\/\/www.stachristiana.at\/mittelschule-polytechnische-schule-wiener-neustadt\/wp-json\/wp\/v2\/pages\/709"}],"wp:attachment":[{"href":"https:\/\/www.stachristiana.at\/mittelschule-polytechnische-schule-wiener-neustadt\/wp-json\/wp\/v2\/media?parent=728"}],"curies":[{"name":"wp","href":"https:\/\/api.w.org\/{rel}","templated":true}]}}