{"id":717,"date":"2022-11-01T15:58:28","date_gmt":"2022-11-01T14:58:28","guid":{"rendered":"http:\/\/www.sanctachristiana.at\/mittelschule-polytechnische-schule-wiener-neustadt\/?page_id=717"},"modified":"2022-11-01T16:42:37","modified_gmt":"2022-11-01T15:42:37","slug":"polytechnische-schule","status":"publish","type":"page","link":"https:\/\/www.stachristiana.at\/mittelschule-polytechnische-schule-wiener-neustadt\/polytechnische-schule","title":{"rendered":"Polytechnische Schule"},"content":{"rendered":"\n<p>Erstes Ziel f\u00fcr die MitarbeiterInnen der Privatschule Sta. Christiana ist es, die Entwicklung der uns anvertrauten jungen Menschen m\u00f6glichst breit zu f\u00f6rdern und gut zu begleiten. Unsere Arbeit mit den Sch\u00fclerInnen steht auf zwei S\u00e4ulen \u2013 Beziehung schaffen und Bildung f\u00f6rdern.<\/p>\n\n\n\n<p>Wir wollen den Sch\u00fclerInnen zur Selbstsicherheit verhelfen, indem wir Kompetenzen steigern und sie in ihren Interessen stark machen. Wichtige Ziele des Bildungsangebots sind im folgenden Profil aufgelistet:<\/p>\n\n\n\n<p>LEBENSORIENTIERTE SCHULE ZUR INTERESSENFINDUNG<\/p>\n\n\n\n<p>mit besonderem Schwerpunkt auf individueller Betreuung und vernetztem Lernen<\/p>\n\n\n\n<p><strong>Allgemeine Ziele:<\/strong><\/p>\n\n\n\n<ul class=\"wp-block-list\"><li>Erziehung zur Kritikf\u00e4higkeit und Selbstkritik<\/li><li>zur Achtung vor dem Mitmenschen und zur Annahme des N\u00e4chsten<\/li><li>Vermittlung religi\u00f6ser und ethischer Werte<\/li><li>besondere Betonung von H\u00f6flichkeit und guten Umgangsformen<\/li><li>Erziehung zur Eigenverantwortung und Selbstt\u00e4tigkeit<\/li><\/ul>\n\n\n\n<p><strong>Spezielle Ziele:<\/strong><\/p>\n\n\n\n<ul class=\"wp-block-list\"><li>Praxisnahe Berufsvorbereitung in Betrieben<\/li><li>Vertiefung des Grundwissens und der in unserer Zeit geforderten Kulturtechniken (Handlungswissen geht vor Faktenwissen)<\/li><li>Zeitgem\u00e4\u00dfes Lernen \u00fcber aktuelle Informationsbeschaffung<\/li><li>F\u00e4cher\u00fcbergreifende Projekte<\/li><li>Entfaltung und Ausbildung von pers\u00f6nlichen Interessen und Schwerpunkten<\/li><\/ul>\n\n\n\n<p>Wir f\u00fchren\u00a0eine Klasse Polytechnische Schule, die sieben Fachbereiche f\u00fcr angehende Lehrlinge bietet. In enger Zusammenarbeit mit der Wirtschaft unserer Stadt und der n\u00e4heren Umgebung erhalten unsere Sch\u00fclerInnen einen fundierten Einblick in die Berufswelt und eine gediegene Allgemeinbildung.<\/p>\n\n\n\n<p><strong>Fachbereiche:<\/strong><\/p>\n\n\n\n<ul class=\"wp-block-list\"><li>Metall<\/li><li>Elektro<\/li><li>Bau<\/li><li>Holz<\/li><li>B\u00fcro<\/li><li>Dienstleistung<\/li><li>Tourismus<\/li><\/ul>\n\n\n\n<p>Berufspraktische Tage und die M\u00f6glichkeit, in mehreren Berufen zu &#8222;schnuppern&#8220;, bieten optimale Voraussetzungen f\u00fcr einen bestm\u00f6glichen Einstieg ins Berufsleben.<\/p>\n\n\n\n<p>Die Gegenst\u00e4nde Werkst\u00e4tte, Fachpraktische \u00dcbungen, Ern\u00e4hrung, K\u00fcchenf\u00fchrung und Service werden im ersten Halbjahr dreist\u00fcndig im Haus und im zweiten Halbjahr ganzt\u00e4gig in einem Betrieb freier Wahl gehalten.<\/p>\n","protected":false},"excerpt":{"rendered":"<p>Erstes Ziel f\u00fcr die MitarbeiterInnen der Privatschule Sta. Christiana ist es, die Entwicklung der uns anvertrauten jungen Menschen m\u00f6glichst breit zu f\u00f6rdern und gut zu begleiten. Unsere Arbeit mit den Sch\u00fclerInnen steht auf zwei S\u00e4ulen \u2013 Beziehung schaffen und Bildung f\u00f6rdern. Wir wollen den Sch\u00fclerInnen zur Selbstsicherheit verhelfen, indem wir Kompetenzen steigern und sie in [&hellip;]<\/p>\n","protected":false},"author":5,"featured_media":0,"parent":0,"menu_order":0,"comment_status":"closed","ping_status":"closed","template":"","meta":{"footnotes":""},"class_list":["post-717","page","type-page","status-publish","hentry"],"acf":[],"yoast_head":"<!-- This site is optimized with the Yoast SEO plugin v26.8 - https:\/\/yoast.com\/product\/yoast-seo-wordpress\/ -->\n<title>Polytechnische Schule - MS &amp; PTS Wr. Neustadt<\/title>\n<meta name=\"robots\" content=\"index, follow, max-snippet:-1, max-image-preview:large, max-video-preview:-1\" \/>\n<link rel=\"canonical\" href=\"https:\/\/www.stachristiana.at\/mittelschule-polytechnische-schule-wiener-neustadt\/polytechnische-schule\" \/>\n<meta property=\"og:locale\" content=\"de_DE\" \/>\n<meta property=\"og:type\" content=\"article\" \/>\n<meta property=\"og:title\" content=\"Polytechnische Schule - MS &amp; PTS Wr. Neustadt\" \/>\n<meta property=\"og:description\" content=\"Erstes Ziel f\u00fcr die MitarbeiterInnen der Privatschule Sta. Christiana ist es, die Entwicklung der uns anvertrauten jungen Menschen m\u00f6glichst breit zu f\u00f6rdern und gut zu begleiten. Unsere Arbeit mit den Sch\u00fclerInnen steht auf zwei S\u00e4ulen \u2013 Beziehung schaffen und Bildung f\u00f6rdern. Wir wollen den Sch\u00fclerInnen zur Selbstsicherheit verhelfen, indem wir Kompetenzen steigern und sie in [&hellip;]\" \/>\n<meta property=\"og:url\" content=\"https:\/\/www.stachristiana.at\/mittelschule-polytechnische-schule-wiener-neustadt\/polytechnische-schule\" \/>\n<meta property=\"og:site_name\" content=\"MS &amp; PTS Wr. Neustadt\" \/>\n<meta property=\"article:modified_time\" content=\"2022-11-01T15:42:37+00:00\" \/>\n<meta property=\"og:image\" content=\"https:\/\/www.stachristiana.at\/app\/uploads\/sites\/11\/2022\/05\/logo-sta-christiana.png\" \/>\n\t<meta property=\"og:image:width\" content=\"1200\" \/>\n\t<meta property=\"og:image:height\" content=\"491\" \/>\n\t<meta property=\"og:image:type\" content=\"image\/png\" \/>\n<meta name=\"twitter:card\" content=\"summary_large_image\" \/>\n<meta name=\"twitter:label1\" content=\"Gesch\u00e4tzte Lesezeit\" \/>\n\t<meta name=\"twitter:data1\" content=\"2\u00a0Minuten\" \/>\n<script type=\"application\/ld+json\" class=\"yoast-schema-graph\">{\"@context\":\"https:\/\/schema.org\",\"@graph\":[{\"@type\":\"WebPage\",\"@id\":\"https:\/\/www.stachristiana.at\/mittelschule-polytechnische-schule-wiener-neustadt\/polytechnische-schule\",\"url\":\"https:\/\/www.stachristiana.at\/mittelschule-polytechnische-schule-wiener-neustadt\/polytechnische-schule\",\"name\":\"Polytechnische Schule - MS &amp; PTS Wr. Neustadt\",\"isPartOf\":{\"@id\":\"https:\/\/www.stachristiana.at\/mittelschule-polytechnische-schule-wiener-neustadt\/#website\"},\"datePublished\":\"2022-11-01T14:58:28+00:00\",\"dateModified\":\"2022-11-01T15:42:37+00:00\",\"breadcrumb\":{\"@id\":\"https:\/\/www.stachristiana.at\/mittelschule-polytechnische-schule-wiener-neustadt\/polytechnische-schule#breadcrumb\"},\"inLanguage\":\"de\",\"potentialAction\":[{\"@type\":\"ReadAction\",\"target\":[\"https:\/\/www.stachristiana.at\/mittelschule-polytechnische-schule-wiener-neustadt\/polytechnische-schule\"]}]},{\"@type\":\"BreadcrumbList\",\"@id\":\"https:\/\/www.stachristiana.at\/mittelschule-polytechnische-schule-wiener-neustadt\/polytechnische-schule#breadcrumb\",\"itemListElement\":[{\"@type\":\"ListItem\",\"position\":1,\"name\":\"Start\",\"item\":\"https:\/\/www.stachristiana.at\/\"},{\"@type\":\"ListItem\",\"position\":2,\"name\":\"Polytechnische Schule\"}]},{\"@type\":\"WebSite\",\"@id\":\"https:\/\/www.stachristiana.at\/mittelschule-polytechnische-schule-wiener-neustadt\/#website\",\"url\":\"https:\/\/www.stachristiana.at\/mittelschule-polytechnische-schule-wiener-neustadt\/\",\"name\":\"Sta. Christiana - Private MS und PTS Wr. Neustadt\",\"description\":\"Sta. Christiana - Schulen zum Leben\",\"publisher\":{\"@id\":\"https:\/\/www.stachristiana.at\/mittelschule-polytechnische-schule-wiener-neustadt\/#organization\"},\"alternateName\":\"Private MS und PTS Wr. Neustadt\",\"potentialAction\":[{\"@type\":\"SearchAction\",\"target\":{\"@type\":\"EntryPoint\",\"urlTemplate\":\"https:\/\/www.stachristiana.at\/mittelschule-polytechnische-schule-wiener-neustadt\/?s={search_term_string}\"},\"query-input\":{\"@type\":\"PropertyValueSpecification\",\"valueRequired\":true,\"valueName\":\"search_term_string\"}}],\"inLanguage\":\"de\"},{\"@type\":\"Organization\",\"@id\":\"https:\/\/www.stachristiana.at\/mittelschule-polytechnische-schule-wiener-neustadt\/#organization\",\"name\":\"Sta. Christiana - Private MS und PTS Wr. Neustadt\",\"alternateName\":\"Private MS und PTS Wr. Neustadt\",\"url\":\"https:\/\/www.stachristiana.at\/mittelschule-polytechnische-schule-wiener-neustadt\/\",\"logo\":{\"@type\":\"ImageObject\",\"inLanguage\":\"de\",\"@id\":\"https:\/\/www.stachristiana.at\/mittelschule-polytechnische-schule-wiener-neustadt\/#\/schema\/logo\/image\/\",\"url\":\"https:\/\/www.stachristiana.at\/app\/uploads\/sites\/11\/2022\/05\/logo-sta-christiana.png\",\"contentUrl\":\"https:\/\/www.stachristiana.at\/app\/uploads\/sites\/11\/2022\/05\/logo-sta-christiana.png\",\"width\":1200,\"height\":491,\"caption\":\"Sta. Christiana - Private MS und PTS Wr. Neustadt\"},\"image\":{\"@id\":\"https:\/\/www.stachristiana.at\/mittelschule-polytechnische-schule-wiener-neustadt\/#\/schema\/logo\/image\/\"}}]}<\/script>\n<!-- \/ Yoast SEO plugin. -->","yoast_head_json":{"title":"Polytechnische Schule - MS &amp; PTS Wr. Neustadt","robots":{"index":"index","follow":"follow","max-snippet":"max-snippet:-1","max-image-preview":"max-image-preview:large","max-video-preview":"max-video-preview:-1"},"canonical":"https:\/\/www.stachristiana.at\/mittelschule-polytechnische-schule-wiener-neustadt\/polytechnische-schule","og_locale":"de_DE","og_type":"article","og_title":"Polytechnische Schule - MS &amp; PTS Wr. Neustadt","og_description":"Erstes Ziel f\u00fcr die MitarbeiterInnen der Privatschule Sta. Christiana ist es, die Entwicklung der uns anvertrauten jungen Menschen m\u00f6glichst breit zu f\u00f6rdern und gut zu begleiten. Unsere Arbeit mit den Sch\u00fclerInnen steht auf zwei S\u00e4ulen \u2013 Beziehung schaffen und Bildung f\u00f6rdern. Wir wollen den Sch\u00fclerInnen zur Selbstsicherheit verhelfen, indem wir Kompetenzen steigern und sie in [&hellip;]","og_url":"https:\/\/www.stachristiana.at\/mittelschule-polytechnische-schule-wiener-neustadt\/polytechnische-schule","og_site_name":"MS &amp; PTS Wr. Neustadt","article_modified_time":"2022-11-01T15:42:37+00:00","og_image":[{"width":1200,"height":491,"url":"https:\/\/www.stachristiana.at\/app\/uploads\/sites\/11\/2022\/05\/logo-sta-christiana.png","type":"image\/png"}],"twitter_card":"summary_large_image","twitter_misc":{"Gesch\u00e4tzte Lesezeit":"2\u00a0Minuten"},"schema":{"@context":"https:\/\/schema.org","@graph":[{"@type":"WebPage","@id":"https:\/\/www.stachristiana.at\/mittelschule-polytechnische-schule-wiener-neustadt\/polytechnische-schule","url":"https:\/\/www.stachristiana.at\/mittelschule-polytechnische-schule-wiener-neustadt\/polytechnische-schule","name":"Polytechnische Schule - MS &amp; PTS Wr. Neustadt","isPartOf":{"@id":"https:\/\/www.stachristiana.at\/mittelschule-polytechnische-schule-wiener-neustadt\/#website"},"datePublished":"2022-11-01T14:58:28+00:00","dateModified":"2022-11-01T15:42:37+00:00","breadcrumb":{"@id":"https:\/\/www.stachristiana.at\/mittelschule-polytechnische-schule-wiener-neustadt\/polytechnische-schule#breadcrumb"},"inLanguage":"de","potentialAction":[{"@type":"ReadAction","target":["https:\/\/www.stachristiana.at\/mittelschule-polytechnische-schule-wiener-neustadt\/polytechnische-schule"]}]},{"@type":"BreadcrumbList","@id":"https:\/\/www.stachristiana.at\/mittelschule-polytechnische-schule-wiener-neustadt\/polytechnische-schule#breadcrumb","itemListElement":[{"@type":"ListItem","position":1,"name":"Start","item":"https:\/\/www.stachristiana.at\/"},{"@type":"ListItem","position":2,"name":"Polytechnische Schule"}]},{"@type":"WebSite","@id":"https:\/\/www.stachristiana.at\/mittelschule-polytechnische-schule-wiener-neustadt\/#website","url":"https:\/\/www.stachristiana.at\/mittelschule-polytechnische-schule-wiener-neustadt\/","name":"Sta. Christiana - Private MS und PTS Wr. Neustadt","description":"Sta. Christiana - Schulen zum Leben","publisher":{"@id":"https:\/\/www.stachristiana.at\/mittelschule-polytechnische-schule-wiener-neustadt\/#organization"},"alternateName":"Private MS und PTS Wr. Neustadt","potentialAction":[{"@type":"SearchAction","target":{"@type":"EntryPoint","urlTemplate":"https:\/\/www.stachristiana.at\/mittelschule-polytechnische-schule-wiener-neustadt\/?s={search_term_string}"},"query-input":{"@type":"PropertyValueSpecification","valueRequired":true,"valueName":"search_term_string"}}],"inLanguage":"de"},{"@type":"Organization","@id":"https:\/\/www.stachristiana.at\/mittelschule-polytechnische-schule-wiener-neustadt\/#organization","name":"Sta. Christiana - Private MS und PTS Wr. Neustadt","alternateName":"Private MS und PTS Wr. Neustadt","url":"https:\/\/www.stachristiana.at\/mittelschule-polytechnische-schule-wiener-neustadt\/","logo":{"@type":"ImageObject","inLanguage":"de","@id":"https:\/\/www.stachristiana.at\/mittelschule-polytechnische-schule-wiener-neustadt\/#\/schema\/logo\/image\/","url":"https:\/\/www.stachristiana.at\/app\/uploads\/sites\/11\/2022\/05\/logo-sta-christiana.png","contentUrl":"https:\/\/www.stachristiana.at\/app\/uploads\/sites\/11\/2022\/05\/logo-sta-christiana.png","width":1200,"height":491,"caption":"Sta. Christiana - Private MS und PTS Wr. Neustadt"},"image":{"@id":"https:\/\/www.stachristiana.at\/mittelschule-polytechnische-schule-wiener-neustadt\/#\/schema\/logo\/image\/"}}]}},"_links":{"self":[{"href":"https:\/\/www.stachristiana.at\/mittelschule-polytechnische-schule-wiener-neustadt\/wp-json\/wp\/v2\/pages\/717","targetHints":{"allow":["GET"]}}],"collection":[{"href":"https:\/\/www.stachristiana.at\/mittelschule-polytechnische-schule-wiener-neustadt\/wp-json\/wp\/v2\/pages"}],"about":[{"href":"https:\/\/www.stachristiana.at\/mittelschule-polytechnische-schule-wiener-neustadt\/wp-json\/wp\/v2\/types\/page"}],"author":[{"embeddable":true,"href":"https:\/\/www.stachristiana.at\/mittelschule-polytechnische-schule-wiener-neustadt\/wp-json\/wp\/v2\/users\/5"}],"replies":[{"embeddable":true,"href":"https:\/\/www.stachristiana.at\/mittelschule-polytechnische-schule-wiener-neustadt\/wp-json\/wp\/v2\/comments?post=717"}],"version-history":[{"count":2,"href":"https:\/\/www.stachristiana.at\/mittelschule-polytechnische-schule-wiener-neustadt\/wp-json\/wp\/v2\/pages\/717\/revisions"}],"predecessor-version":[{"id":721,"href":"https:\/\/www.stachristiana.at\/mittelschule-polytechnische-schule-wiener-neustadt\/wp-json\/wp\/v2\/pages\/717\/revisions\/721"}],"wp:attachment":[{"href":"https:\/\/www.stachristiana.at\/mittelschule-polytechnische-schule-wiener-neustadt\/wp-json\/wp\/v2\/media?parent=717"}],"curies":[{"name":"wp","href":"https:\/\/api.w.org\/{rel}","templated":true}]}}