{"id":687,"date":"2022-11-01T14:37:49","date_gmt":"2022-11-01T13:37:49","guid":{"rendered":"http:\/\/www.sanctachristiana.at\/mittelschule-polytechnische-schule-wiener-neustadt\/?page_id=687"},"modified":"2025-08-31T18:20:01","modified_gmt":"2025-08-31T16:20:01","slug":"unterstuetzungsteam","status":"publish","type":"page","link":"https:\/\/www.stachristiana.at\/mittelschule-polytechnische-schule-wiener-neustadt\/wer-wir-sind\/unterstuetzungsteam","title":{"rendered":"Unterst\u00fctzungsteam"},"content":{"rendered":"\n<div class=\"wp-block-columns is-layout-flex wp-container-core-columns-is-layout-28f84493 wp-block-columns-is-layout-flex\">\n<div class=\"wp-block-column is-layout-flow wp-block-column-is-layout-flow\">\n<div class=\"wp-block-columns is-layout-flex wp-container-core-columns-is-layout-28f84493 wp-block-columns-is-layout-flex\"><\/div>\n<\/div>\n<\/div>\n\n\n\n<div class=\"wp-block-columns is-layout-flex wp-container-core-columns-is-layout-28f84493 wp-block-columns-is-layout-flex\">\n<div class=\"wp-block-column is-layout-flow wp-block-column-is-layout-flow\" style=\"flex-basis:20%\">\n<figure class=\"wp-block-image size-full is-resized\"><img loading=\"lazy\" decoding=\"async\" src=\"https:\/\/www.stachristiana.at\/app\/uploads\/sites\/11\/2022\/09\/template_frau.jpg\" alt=\"\" class=\"wp-image-536\" width=\"100\" height=\"140\" srcset=\"https:\/\/www.stachristiana.at\/app\/uploads\/sites\/11\/2022\/09\/template_frau.jpg 200w, https:\/\/www.stachristiana.at\/app\/uploads\/sites\/11\/2022\/09\/template_frau-54x75.jpg 54w\" sizes=\"auto, (max-width: 100px) 100vw, 100px\" \/><\/figure>\n<\/div>\n\n\n\n<div class=\"wp-block-column is-layout-flow wp-block-column-is-layout-flow\" style=\"flex-basis:40%\">\n<p><strong>Schul\u00e4rztin<\/strong><\/p>\n\n\n\n<p>Dr. Andrea Bittmann<\/p>\n\n\n\n<p><\/p>\n<\/div>\n\n\n\n<div class=\"wp-block-column is-layout-flow wp-block-column-is-layout-flow\" style=\"flex-basis:40%\">\n<p><br>&nbsp;<br><\/p>\n<\/div>\n<\/div>\n\n\n\n<hr class=\"wp-block-separator has-alpha-channel-opacity is-style-wide\"\/>\n\n\n\n<div class=\"wp-block-columns is-layout-flex wp-container-core-columns-is-layout-28f84493 wp-block-columns-is-layout-flex\">\n<div class=\"wp-block-column is-layout-flow wp-block-column-is-layout-flow\" style=\"flex-basis:20%\">\n<figure class=\"wp-block-image size-full is-resized\"><img loading=\"lazy\" decoding=\"async\" width=\"200\" height=\"280\" src=\"https:\/\/www.stachristiana.at\/app\/uploads\/sites\/11\/2022\/11\/HOLLENSTEINER-Ines-web.jpg\" alt=\"\" class=\"wp-image-651\" style=\"width:100px;height:140px\" srcset=\"https:\/\/www.stachristiana.at\/app\/uploads\/sites\/11\/2022\/11\/HOLLENSTEINER-Ines-web.jpg 200w, https:\/\/www.stachristiana.at\/app\/uploads\/sites\/11\/2022\/11\/HOLLENSTEINER-Ines-web-54x75.jpg 54w\" sizes=\"auto, (max-width: 200px) 100vw, 200px\" \/><\/figure>\n<\/div>\n\n\n\n<div class=\"wp-block-column is-layout-flow wp-block-column-is-layout-flow\" style=\"flex-basis:40%\">\n<p><strong>Sch\u00fclerberatung<\/strong><\/p>\n\n\n\n<p>Ines Hollensteiner, BEd<br>&nbsp;<br>Vertrauenslehrerin, Schullaufbahn<\/p>\n<\/div>\n\n\n\n<div class=\"wp-block-column is-layout-flow wp-block-column-is-layout-flow\" style=\"flex-basis:40%\">\n<p>Sprechstunde: <br>Montag von 12.45 &#8211; 13.35 Uhr<\/p>\n<\/div>\n<\/div>\n\n\n\n<hr class=\"wp-block-separator has-alpha-channel-opacity is-style-wide\"\/>\n\n\n\n<div class=\"wp-block-columns is-layout-flex wp-container-core-columns-is-layout-28f84493 wp-block-columns-is-layout-flex\">\n<div class=\"wp-block-column is-layout-flow wp-block-column-is-layout-flow\" style=\"flex-basis:20%\">\n<figure class=\"wp-block-image size-full is-resized\"><img loading=\"lazy\" decoding=\"async\" width=\"200\" height=\"280\" src=\"https:\/\/www.stachristiana.at\/app\/uploads\/sites\/11\/2022\/11\/strobl-josef-web.jpg\" alt=\"\" class=\"wp-image-696\" style=\"width:100px;height:140px\" srcset=\"https:\/\/www.stachristiana.at\/app\/uploads\/sites\/11\/2022\/11\/strobl-josef-web.jpg 200w, https:\/\/www.stachristiana.at\/app\/uploads\/sites\/11\/2022\/11\/strobl-josef-web-54x75.jpg 54w\" sizes=\"auto, (max-width: 200px) 100vw, 200px\" \/><\/figure>\n<\/div>\n\n\n\n<div class=\"wp-block-column is-layout-flow wp-block-column-is-layout-flow\" style=\"flex-basis:40%\">\n<p><strong>Verwaltung<\/strong><\/p>\n\n\n\n<p>Josef Strobl<\/p>\n<\/div>\n\n\n\n<div class=\"wp-block-column is-layout-flow wp-block-column-is-layout-flow\" style=\"flex-basis:40%\">\n<p>Tel.: 02622 \/ 22387 &#8211; 15<\/p>\n\n\n\n<p>josef.strobl@stachristiana.at<\/p>\n<\/div>\n<\/div>\n\n\n\n<hr class=\"wp-block-separator has-alpha-channel-opacity is-style-wide\"\/>\n\n\n\n<div class=\"wp-block-columns is-layout-flex wp-container-core-columns-is-layout-28f84493 wp-block-columns-is-layout-flex\">\n<div class=\"wp-block-column is-layout-flow wp-block-column-is-layout-flow\" style=\"flex-basis:20%\">\n<figure class=\"wp-block-image size-full is-resized\"><img loading=\"lazy\" decoding=\"async\" width=\"200\" height=\"280\" src=\"https:\/\/www.stachristiana.at\/app\/uploads\/sites\/11\/2022\/11\/atterbigler-britta-web.jpg\" alt=\"\" class=\"wp-image-698\" style=\"width:100px;height:140px\" srcset=\"https:\/\/www.stachristiana.at\/app\/uploads\/sites\/11\/2022\/11\/atterbigler-britta-web.jpg 200w, https:\/\/www.stachristiana.at\/app\/uploads\/sites\/11\/2022\/11\/atterbigler-britta-web-54x75.jpg 54w\" sizes=\"auto, (max-width: 200px) 100vw, 200px\" \/><\/figure>\n\n\n\n<div style=\"height:20px\" aria-hidden=\"true\" class=\"wp-block-spacer\"><\/div>\n\n\n\n<figure class=\"wp-block-image size-full is-resized wp-duotone-grayscale\"><img loading=\"lazy\" decoding=\"async\" width=\"200\" height=\"280\" src=\"https:\/\/www.stachristiana.at\/app\/uploads\/sites\/11\/2022\/11\/adam-karin-web.jpg\" alt=\"\" class=\"wp-image-697\" style=\"width:100px;height:140px\" srcset=\"https:\/\/www.stachristiana.at\/app\/uploads\/sites\/11\/2022\/11\/adam-karin-web.jpg 200w, https:\/\/www.stachristiana.at\/app\/uploads\/sites\/11\/2022\/11\/adam-karin-web-54x75.jpg 54w\" sizes=\"auto, (max-width: 200px) 100vw, 200px\" \/><\/figure>\n<\/div>\n\n\n\n<div class=\"wp-block-column is-layout-flow wp-block-column-is-layout-flow\" style=\"flex-basis:40%\">\n<p><strong>Empfang &amp; Buchhaltung<\/strong><\/p>\n\n\n\n<p>Britta Atterbigler<br>(Schulgeldverrechnung)<\/p>\n\n\n\n<div style=\"height:79px\" aria-hidden=\"true\" class=\"wp-block-spacer\"><\/div>\n\n\n\n<p>Wir trauern um Karin Adam.<\/p>\n\n\n\n<p>Mit ihr verlieren wir einen herzensguten Menschen, dessen Tod eine gro\u00dfe L\u00fccke in unserer Schule hinterl\u00e4sst.<\/p>\n\n\n\n<p><\/p>\n\n\n\n<p><\/p>\n<\/div>\n\n\n\n<div class=\"wp-block-column is-layout-flow wp-block-column-is-layout-flow\" style=\"flex-basis:40%\">\n<p>Tel.: 02622 \/ 22387 &#8211; 11<\/p>\n<\/div>\n<\/div>\n\n\n\n<hr class=\"wp-block-separator has-alpha-channel-opacity is-style-wide\"\/>\n\n\n\n<div class=\"wp-block-columns is-layout-flex wp-container-core-columns-is-layout-28f84493 wp-block-columns-is-layout-flex\">\n<div class=\"wp-block-column is-layout-flow wp-block-column-is-layout-flow\" style=\"flex-basis:20%\">\n<figure class=\"wp-block-image size-full is-resized\"><img loading=\"lazy\" decoding=\"async\" width=\"200\" height=\"280\" src=\"https:\/\/www.stachristiana.at\/app\/uploads\/sites\/11\/2022\/11\/Stakovic-Zlatko-web.jpg\" alt=\"\" class=\"wp-image-699\" style=\"width:100px;height:140px\" srcset=\"https:\/\/www.stachristiana.at\/app\/uploads\/sites\/11\/2022\/11\/Stakovic-Zlatko-web.jpg 200w, https:\/\/www.stachristiana.at\/app\/uploads\/sites\/11\/2022\/11\/Stakovic-Zlatko-web-54x75.jpg 54w\" sizes=\"auto, (max-width: 200px) 100vw, 200px\" \/><\/figure>\n<\/div>\n\n\n\n<div class=\"wp-block-column is-layout-flow wp-block-column-is-layout-flow\" style=\"flex-basis:40%\">\n<p><strong>Schulwart<\/strong><\/p>\n\n\n\n<p>Zlatko Stankovic<\/p>\n<\/div>\n\n\n\n<div class=\"wp-block-column is-layout-flow wp-block-column-is-layout-flow\" style=\"flex-basis:40%\">\n<p><\/p>\n<\/div>\n<\/div>\n\n\n\n<hr class=\"wp-block-separator has-alpha-channel-opacity is-style-wide\"\/>\n\n\n\n<div class=\"wp-block-columns is-layout-flex wp-container-core-columns-is-layout-28f84493 wp-block-columns-is-layout-flex\">\n<div class=\"wp-block-column is-layout-flow wp-block-column-is-layout-flow\" style=\"flex-basis:20%\">\n<figure class=\"wp-block-image size-full\"><img loading=\"lazy\" decoding=\"async\" width=\"400\" height=\"286\" src=\"https:\/\/www.stachristiana.at\/app\/uploads\/sites\/11\/2023\/02\/Kuechenteam-400x286-1.jpg\" alt=\"\" class=\"wp-image-1067\" srcset=\"https:\/\/www.stachristiana.at\/app\/uploads\/sites\/11\/2023\/02\/Kuechenteam-400x286-1.jpg 400w, https:\/\/www.stachristiana.at\/app\/uploads\/sites\/11\/2023\/02\/Kuechenteam-400x286-1-105x75.jpg 105w\" sizes=\"auto, (max-width: 400px) 100vw, 400px\" \/><\/figure>\n<\/div>\n\n\n\n<div class=\"wp-block-column is-layout-flow wp-block-column-is-layout-flow\" style=\"flex-basis:40%\">\n<p><strong>K\u00fcchenpersonal<\/strong><\/p>\n\n\n\n<p>Christian Pfeiffer<\/p>\n\n\n\n<p>Nermina Foric<\/p>\n\n\n\n<p>Eldisa Hadczic<\/p>\n\n\n\n<p>Dubravka Buzuk<br><\/p>\n<\/div>\n\n\n\n<div class=\"wp-block-column is-layout-flow wp-block-column-is-layout-flow\" style=\"flex-basis:40%\">\n<p><\/p>\n<\/div>\n<\/div>\n\n\n\n<hr class=\"wp-block-separator has-alpha-channel-opacity is-style-wide\"\/>\n\n\n\n<div class=\"wp-block-columns is-layout-flex wp-container-core-columns-is-layout-28f84493 wp-block-columns-is-layout-flex\">\n<div class=\"wp-block-column is-layout-flow wp-block-column-is-layout-flow\" style=\"flex-basis:20%\"><\/div>\n\n\n\n<div class=\"wp-block-column is-layout-flow wp-block-column-is-layout-flow\" style=\"flex-basis:40%\">\n<p><strong>Reinigung<\/strong><\/p>\n\n\n\n<p>Almira Alispahic Kodra<\/p>\n\n\n\n<p>Besima Velic<\/p>\n<\/div>\n\n\n\n<div class=\"wp-block-column is-layout-flow wp-block-column-is-layout-flow\" style=\"flex-basis:40%\">\n<p><\/p>\n<\/div>\n<\/div>\n","protected":false},"excerpt":{"rendered":"<p>Sch\u00fclerberatung Ines Hollensteiner, BEd&nbsp;Vertrauenslehrerin, Schullaufbahn Sprechstunde: Montag von 12.45 &#8211; 13.35 Uhr Verwaltung Josef Strobl Tel.: 02622 \/ 22387 &#8211; 15 josef.strobl@stachristiana.at Empfang &amp; Buchhaltung Britta Atterbigler(Schulgeldverrechnung) Wir trauern um Karin Adam. Mit ihr verlieren wir einen herzensguten Menschen, dessen Tod eine gro\u00dfe L\u00fccke in unserer Schule hinterl\u00e4sst. Tel.: 02622 \/ 22387 &#8211; 11 Schulwart [&hellip;]<\/p>\n","protected":false},"author":5,"featured_media":0,"parent":73,"menu_order":0,"comment_status":"closed","ping_status":"closed","template":"","meta":{"footnotes":""},"class_list":["post-687","page","type-page","status-publish","hentry"],"acf":[],"yoast_head":"<!-- This site is optimized with the Yoast SEO plugin v26.8 - https:\/\/yoast.com\/product\/yoast-seo-wordpress\/ -->\n<title>Unterst\u00fctzungsteam - MS &amp; PTS Wr. Neustadt<\/title>\n<meta name=\"robots\" content=\"index, follow, max-snippet:-1, max-image-preview:large, max-video-preview:-1\" \/>\n<link rel=\"canonical\" href=\"https:\/\/www.stachristiana.at\/mittelschule-polytechnische-schule-wiener-neustadt\/wer-wir-sind\/unterstuetzungsteam\" \/>\n<meta property=\"og:locale\" content=\"de_DE\" \/>\n<meta property=\"og:type\" content=\"article\" \/>\n<meta property=\"og:title\" content=\"Unterst\u00fctzungsteam - MS &amp; PTS Wr. Neustadt\" \/>\n<meta property=\"og:description\" content=\"Sch\u00fclerberatung Ines Hollensteiner, BEd&nbsp;Vertrauenslehrerin, Schullaufbahn Sprechstunde: Montag von 12.45 &#8211; 13.35 Uhr Verwaltung Josef Strobl Tel.: 02622 \/ 22387 &#8211; 15 josef.strobl@stachristiana.at Empfang &amp; Buchhaltung Britta Atterbigler(Schulgeldverrechnung) Wir trauern um Karin Adam. Mit ihr verlieren wir einen herzensguten Menschen, dessen Tod eine gro\u00dfe L\u00fccke in unserer Schule hinterl\u00e4sst. Tel.: 02622 \/ 22387 &#8211; 11 Schulwart [&hellip;]\" \/>\n<meta property=\"og:url\" content=\"https:\/\/www.stachristiana.at\/mittelschule-polytechnische-schule-wiener-neustadt\/wer-wir-sind\/unterstuetzungsteam\" \/>\n<meta property=\"og:site_name\" content=\"MS &amp; PTS Wr. Neustadt\" \/>\n<meta property=\"article:modified_time\" content=\"2025-08-31T16:20:01+00:00\" \/>\n<meta property=\"og:image\" content=\"https:\/\/www.stachristiana.at\/app\/uploads\/sites\/11\/2022\/11\/HOLLENSTEINER-Ines-web.jpg\" \/>\n<meta name=\"twitter:card\" content=\"summary_large_image\" \/>\n<meta name=\"twitter:label1\" content=\"Gesch\u00e4tzte Lesezeit\" \/>\n\t<meta name=\"twitter:data1\" content=\"2\u00a0Minuten\" \/>\n<script type=\"application\/ld+json\" class=\"yoast-schema-graph\">{\"@context\":\"https:\/\/schema.org\",\"@graph\":[{\"@type\":\"WebPage\",\"@id\":\"https:\/\/www.stachristiana.at\/mittelschule-polytechnische-schule-wiener-neustadt\/wer-wir-sind\/unterstuetzungsteam\",\"url\":\"https:\/\/www.stachristiana.at\/mittelschule-polytechnische-schule-wiener-neustadt\/wer-wir-sind\/unterstuetzungsteam\",\"name\":\"Unterst\u00fctzungsteam - MS &amp; PTS Wr. Neustadt\",\"isPartOf\":{\"@id\":\"https:\/\/www.stachristiana.at\/mittelschule-polytechnische-schule-wiener-neustadt\/#website\"},\"primaryImageOfPage\":{\"@id\":\"https:\/\/www.stachristiana.at\/mittelschule-polytechnische-schule-wiener-neustadt\/wer-wir-sind\/unterstuetzungsteam#primaryimage\"},\"image\":{\"@id\":\"https:\/\/www.stachristiana.at\/mittelschule-polytechnische-schule-wiener-neustadt\/wer-wir-sind\/unterstuetzungsteam#primaryimage\"},\"thumbnailUrl\":\"https:\/\/www.stachristiana.at\/app\/uploads\/sites\/11\/2022\/11\/HOLLENSTEINER-Ines-web.jpg\",\"datePublished\":\"2022-11-01T13:37:49+00:00\",\"dateModified\":\"2025-08-31T16:20:01+00:00\",\"breadcrumb\":{\"@id\":\"https:\/\/www.stachristiana.at\/mittelschule-polytechnische-schule-wiener-neustadt\/wer-wir-sind\/unterstuetzungsteam#breadcrumb\"},\"inLanguage\":\"de\",\"potentialAction\":[{\"@type\":\"ReadAction\",\"target\":[\"https:\/\/www.stachristiana.at\/mittelschule-polytechnische-schule-wiener-neustadt\/wer-wir-sind\/unterstuetzungsteam\"]}]},{\"@type\":\"ImageObject\",\"inLanguage\":\"de\",\"@id\":\"https:\/\/www.stachristiana.at\/mittelschule-polytechnische-schule-wiener-neustadt\/wer-wir-sind\/unterstuetzungsteam#primaryimage\",\"url\":\"https:\/\/www.stachristiana.at\/app\/uploads\/sites\/11\/2022\/11\/HOLLENSTEINER-Ines-web.jpg\",\"contentUrl\":\"https:\/\/www.stachristiana.at\/app\/uploads\/sites\/11\/2022\/11\/HOLLENSTEINER-Ines-web.jpg\"},{\"@type\":\"BreadcrumbList\",\"@id\":\"https:\/\/www.stachristiana.at\/mittelschule-polytechnische-schule-wiener-neustadt\/wer-wir-sind\/unterstuetzungsteam#breadcrumb\",\"itemListElement\":[{\"@type\":\"ListItem\",\"position\":1,\"name\":\"Start\",\"item\":\"https:\/\/www.stachristiana.at\/\"},{\"@type\":\"ListItem\",\"position\":2,\"name\":\"Wer wir sind\",\"item\":\"https:\/\/www.stachristiana.at\/mittelschule-polytechnische-schule-wiener-neustadt\/wer-wir-sind\"},{\"@type\":\"ListItem\",\"position\":3,\"name\":\"Unterst\u00fctzungsteam\"}]},{\"@type\":\"WebSite\",\"@id\":\"https:\/\/www.stachristiana.at\/mittelschule-polytechnische-schule-wiener-neustadt\/#website\",\"url\":\"https:\/\/www.stachristiana.at\/mittelschule-polytechnische-schule-wiener-neustadt\/\",\"name\":\"Sta. Christiana - Private MS und PTS Wr. Neustadt\",\"description\":\"Sta. Christiana - Schulen zum Leben\",\"publisher\":{\"@id\":\"https:\/\/www.stachristiana.at\/mittelschule-polytechnische-schule-wiener-neustadt\/#organization\"},\"alternateName\":\"Private MS und PTS Wr. Neustadt\",\"potentialAction\":[{\"@type\":\"SearchAction\",\"target\":{\"@type\":\"EntryPoint\",\"urlTemplate\":\"https:\/\/www.stachristiana.at\/mittelschule-polytechnische-schule-wiener-neustadt\/?s={search_term_string}\"},\"query-input\":{\"@type\":\"PropertyValueSpecification\",\"valueRequired\":true,\"valueName\":\"search_term_string\"}}],\"inLanguage\":\"de\"},{\"@type\":\"Organization\",\"@id\":\"https:\/\/www.stachristiana.at\/mittelschule-polytechnische-schule-wiener-neustadt\/#organization\",\"name\":\"Sta. Christiana - Private MS und PTS Wr. Neustadt\",\"alternateName\":\"Private MS und PTS Wr. Neustadt\",\"url\":\"https:\/\/www.stachristiana.at\/mittelschule-polytechnische-schule-wiener-neustadt\/\",\"logo\":{\"@type\":\"ImageObject\",\"inLanguage\":\"de\",\"@id\":\"https:\/\/www.stachristiana.at\/mittelschule-polytechnische-schule-wiener-neustadt\/#\/schema\/logo\/image\/\",\"url\":\"https:\/\/www.stachristiana.at\/app\/uploads\/sites\/11\/2022\/05\/logo-sta-christiana.png\",\"contentUrl\":\"https:\/\/www.stachristiana.at\/app\/uploads\/sites\/11\/2022\/05\/logo-sta-christiana.png\",\"width\":1200,\"height\":491,\"caption\":\"Sta. Christiana - Private MS und PTS Wr. Neustadt\"},\"image\":{\"@id\":\"https:\/\/www.stachristiana.at\/mittelschule-polytechnische-schule-wiener-neustadt\/#\/schema\/logo\/image\/\"}}]}<\/script>\n<!-- \/ Yoast SEO plugin. -->","yoast_head_json":{"title":"Unterst\u00fctzungsteam - MS &amp; PTS Wr. Neustadt","robots":{"index":"index","follow":"follow","max-snippet":"max-snippet:-1","max-image-preview":"max-image-preview:large","max-video-preview":"max-video-preview:-1"},"canonical":"https:\/\/www.stachristiana.at\/mittelschule-polytechnische-schule-wiener-neustadt\/wer-wir-sind\/unterstuetzungsteam","og_locale":"de_DE","og_type":"article","og_title":"Unterst\u00fctzungsteam - MS &amp; PTS Wr. Neustadt","og_description":"Sch\u00fclerberatung Ines Hollensteiner, BEd&nbsp;Vertrauenslehrerin, Schullaufbahn Sprechstunde: Montag von 12.45 &#8211; 13.35 Uhr Verwaltung Josef Strobl Tel.: 02622 \/ 22387 &#8211; 15 josef.strobl@stachristiana.at Empfang &amp; Buchhaltung Britta Atterbigler(Schulgeldverrechnung) Wir trauern um Karin Adam. Mit ihr verlieren wir einen herzensguten Menschen, dessen Tod eine gro\u00dfe L\u00fccke in unserer Schule hinterl\u00e4sst. Tel.: 02622 \/ 22387 &#8211; 11 Schulwart [&hellip;]","og_url":"https:\/\/www.stachristiana.at\/mittelschule-polytechnische-schule-wiener-neustadt\/wer-wir-sind\/unterstuetzungsteam","og_site_name":"MS &amp; PTS Wr. Neustadt","article_modified_time":"2025-08-31T16:20:01+00:00","og_image":[{"url":"https:\/\/www.stachristiana.at\/app\/uploads\/sites\/11\/2022\/11\/HOLLENSTEINER-Ines-web.jpg","type":"","width":"","height":""}],"twitter_card":"summary_large_image","twitter_misc":{"Gesch\u00e4tzte Lesezeit":"2\u00a0Minuten"},"schema":{"@context":"https:\/\/schema.org","@graph":[{"@type":"WebPage","@id":"https:\/\/www.stachristiana.at\/mittelschule-polytechnische-schule-wiener-neustadt\/wer-wir-sind\/unterstuetzungsteam","url":"https:\/\/www.stachristiana.at\/mittelschule-polytechnische-schule-wiener-neustadt\/wer-wir-sind\/unterstuetzungsteam","name":"Unterst\u00fctzungsteam - MS &amp; PTS Wr. Neustadt","isPartOf":{"@id":"https:\/\/www.stachristiana.at\/mittelschule-polytechnische-schule-wiener-neustadt\/#website"},"primaryImageOfPage":{"@id":"https:\/\/www.stachristiana.at\/mittelschule-polytechnische-schule-wiener-neustadt\/wer-wir-sind\/unterstuetzungsteam#primaryimage"},"image":{"@id":"https:\/\/www.stachristiana.at\/mittelschule-polytechnische-schule-wiener-neustadt\/wer-wir-sind\/unterstuetzungsteam#primaryimage"},"thumbnailUrl":"https:\/\/www.stachristiana.at\/app\/uploads\/sites\/11\/2022\/11\/HOLLENSTEINER-Ines-web.jpg","datePublished":"2022-11-01T13:37:49+00:00","dateModified":"2025-08-31T16:20:01+00:00","breadcrumb":{"@id":"https:\/\/www.stachristiana.at\/mittelschule-polytechnische-schule-wiener-neustadt\/wer-wir-sind\/unterstuetzungsteam#breadcrumb"},"inLanguage":"de","potentialAction":[{"@type":"ReadAction","target":["https:\/\/www.stachristiana.at\/mittelschule-polytechnische-schule-wiener-neustadt\/wer-wir-sind\/unterstuetzungsteam"]}]},{"@type":"ImageObject","inLanguage":"de","@id":"https:\/\/www.stachristiana.at\/mittelschule-polytechnische-schule-wiener-neustadt\/wer-wir-sind\/unterstuetzungsteam#primaryimage","url":"https:\/\/www.stachristiana.at\/app\/uploads\/sites\/11\/2022\/11\/HOLLENSTEINER-Ines-web.jpg","contentUrl":"https:\/\/www.stachristiana.at\/app\/uploads\/sites\/11\/2022\/11\/HOLLENSTEINER-Ines-web.jpg"},{"@type":"BreadcrumbList","@id":"https:\/\/www.stachristiana.at\/mittelschule-polytechnische-schule-wiener-neustadt\/wer-wir-sind\/unterstuetzungsteam#breadcrumb","itemListElement":[{"@type":"ListItem","position":1,"name":"Start","item":"https:\/\/www.stachristiana.at\/"},{"@type":"ListItem","position":2,"name":"Wer wir sind","item":"https:\/\/www.stachristiana.at\/mittelschule-polytechnische-schule-wiener-neustadt\/wer-wir-sind"},{"@type":"ListItem","position":3,"name":"Unterst\u00fctzungsteam"}]},{"@type":"WebSite","@id":"https:\/\/www.stachristiana.at\/mittelschule-polytechnische-schule-wiener-neustadt\/#website","url":"https:\/\/www.stachristiana.at\/mittelschule-polytechnische-schule-wiener-neustadt\/","name":"Sta. Christiana - Private MS und PTS Wr. Neustadt","description":"Sta. Christiana - Schulen zum Leben","publisher":{"@id":"https:\/\/www.stachristiana.at\/mittelschule-polytechnische-schule-wiener-neustadt\/#organization"},"alternateName":"Private MS und PTS Wr. Neustadt","potentialAction":[{"@type":"SearchAction","target":{"@type":"EntryPoint","urlTemplate":"https:\/\/www.stachristiana.at\/mittelschule-polytechnische-schule-wiener-neustadt\/?s={search_term_string}"},"query-input":{"@type":"PropertyValueSpecification","valueRequired":true,"valueName":"search_term_string"}}],"inLanguage":"de"},{"@type":"Organization","@id":"https:\/\/www.stachristiana.at\/mittelschule-polytechnische-schule-wiener-neustadt\/#organization","name":"Sta. Christiana - Private MS und PTS Wr. Neustadt","alternateName":"Private MS und PTS Wr. Neustadt","url":"https:\/\/www.stachristiana.at\/mittelschule-polytechnische-schule-wiener-neustadt\/","logo":{"@type":"ImageObject","inLanguage":"de","@id":"https:\/\/www.stachristiana.at\/mittelschule-polytechnische-schule-wiener-neustadt\/#\/schema\/logo\/image\/","url":"https:\/\/www.stachristiana.at\/app\/uploads\/sites\/11\/2022\/05\/logo-sta-christiana.png","contentUrl":"https:\/\/www.stachristiana.at\/app\/uploads\/sites\/11\/2022\/05\/logo-sta-christiana.png","width":1200,"height":491,"caption":"Sta. Christiana - Private MS und PTS Wr. Neustadt"},"image":{"@id":"https:\/\/www.stachristiana.at\/mittelschule-polytechnische-schule-wiener-neustadt\/#\/schema\/logo\/image\/"}}]}},"_links":{"self":[{"href":"https:\/\/www.stachristiana.at\/mittelschule-polytechnische-schule-wiener-neustadt\/wp-json\/wp\/v2\/pages\/687","targetHints":{"allow":["GET"]}}],"collection":[{"href":"https:\/\/www.stachristiana.at\/mittelschule-polytechnische-schule-wiener-neustadt\/wp-json\/wp\/v2\/pages"}],"about":[{"href":"https:\/\/www.stachristiana.at\/mittelschule-polytechnische-schule-wiener-neustadt\/wp-json\/wp\/v2\/types\/page"}],"author":[{"embeddable":true,"href":"https:\/\/www.stachristiana.at\/mittelschule-polytechnische-schule-wiener-neustadt\/wp-json\/wp\/v2\/users\/5"}],"replies":[{"embeddable":true,"href":"https:\/\/www.stachristiana.at\/mittelschule-polytechnische-schule-wiener-neustadt\/wp-json\/wp\/v2\/comments?post=687"}],"version-history":[{"count":15,"href":"https:\/\/www.stachristiana.at\/mittelschule-polytechnische-schule-wiener-neustadt\/wp-json\/wp\/v2\/pages\/687\/revisions"}],"predecessor-version":[{"id":3511,"href":"https:\/\/www.stachristiana.at\/mittelschule-polytechnische-schule-wiener-neustadt\/wp-json\/wp\/v2\/pages\/687\/revisions\/3511"}],"up":[{"embeddable":true,"href":"https:\/\/www.stachristiana.at\/mittelschule-polytechnische-schule-wiener-neustadt\/wp-json\/wp\/v2\/pages\/73"}],"wp:attachment":[{"href":"https:\/\/www.stachristiana.at\/mittelschule-polytechnische-schule-wiener-neustadt\/wp-json\/wp\/v2\/media?parent=687"}],"curies":[{"name":"wp","href":"https:\/\/api.w.org\/{rel}","templated":true}]}}