{"id":467,"date":"2022-06-23T20:19:16","date_gmt":"2022-06-23T18:19:16","guid":{"rendered":"http:\/\/www.sanctachristiana.at\/mittelschule-polytechnische-schule-wiener-neustadt\/?page_id=467"},"modified":"2024-09-08T15:37:31","modified_gmt":"2024-09-08T13:37:31","slug":"ecdl-testcenter","status":"publish","type":"page","link":"https:\/\/www.stachristiana.at\/mittelschule-polytechnische-schule-wiener-neustadt\/was-wir-bieten\/ecdl-testcenter","title":{"rendered":"ECDL-Testcenter"},"content":{"rendered":"\n<h2 class=\"wp-block-heading\">Sta. Christiana Wiener Neustadt ist Testcenter f\u00fcr den Europ\u00e4ischen Computerf\u00fchrerschein<\/h2>\n\n\n\n<p>Von den IT-Grundlagen bis zur Tabellenkalkulation: Der <a href=\"https:\/\/www.ecdl.at\/\" target=\"_blank\" rel=\"noreferrer noopener\">Europ\u00e4ische Computerf\u00fchrerschein ECDL<\/a> ist ein weltweit g\u00fcltiges Zertifikat f\u00fcr den kompetenten Umgang mit dem Rechner.<br>An der Sta. Christiana werden die Sch\u00fclerInnen der Mittelschule und Polytechnischen Schule perfekt daf\u00fcr vorbereitet \u2013 im regul\u00e4r erweiterten EDV-Unterricht. Sie absolvieren die ECDL-Pr\u00fcfung direkt an der Schule und k\u00f6nnen so nachweisen, dass sie fit f\u00fcr die digitale Welt sind.<\/p>\n\n\n\n<div data-wp-interactive=\"core\/file\" class=\"wp-block-file\"><object data-wp-bind--hidden=\"!state.hasPdfPreview\" hidden class=\"wp-block-file__embed\" data=\"https:\/\/www.stachristiana.at\/app\/uploads\/sites\/11\/2024\/09\/ECDL-Anmeldung.pdf\" type=\"application\/pdf\" style=\"width:100%;height:600px\" aria-label=\"Einbettung von ECDL-Anmeldung.\"><\/object><a id=\"wp-block-file--media-7e1d8835-6e1c-4c7f-9874-4c68092ca0af\" href=\"https:\/\/www.stachristiana.at\/app\/uploads\/sites\/11\/2024\/09\/ECDL-Anmeldung.pdf\">ECDL-Anmeldung<\/a><a href=\"https:\/\/www.stachristiana.at\/app\/uploads\/sites\/11\/2024\/09\/ECDL-Anmeldung.pdf\" class=\"wp-block-file__button wp-element-button\" download aria-describedby=\"wp-block-file--media-7e1d8835-6e1c-4c7f-9874-4c68092ca0af\">Herunterladen<\/a><\/div>\n\n\n\n<figure class=\"wp-block-image size-full is-resized\"><img loading=\"lazy\" decoding=\"async\" width=\"1024\" height=\"767\" src=\"https:\/\/www.stachristiana.at\/app\/uploads\/sites\/11\/2022\/11\/ms-pts-wienerneustadt-ECDL.jpg\" alt=\"\" class=\"wp-image-576\" style=\"width:512px;height:384px\" srcset=\"https:\/\/www.stachristiana.at\/app\/uploads\/sites\/11\/2022\/11\/ms-pts-wienerneustadt-ECDL.jpg 1024w, https:\/\/www.stachristiana.at\/app\/uploads\/sites\/11\/2022\/11\/ms-pts-wienerneustadt-ECDL-400x300.jpg 400w, https:\/\/www.stachristiana.at\/app\/uploads\/sites\/11\/2022\/11\/ms-pts-wienerneustadt-ECDL-768x575.jpg 768w, https:\/\/www.stachristiana.at\/app\/uploads\/sites\/11\/2022\/11\/ms-pts-wienerneustadt-ECDL-614x460.jpg 614w, https:\/\/www.stachristiana.at\/app\/uploads\/sites\/11\/2022\/11\/ms-pts-wienerneustadt-ECDL-100x75.jpg 100w\" sizes=\"auto, (max-width: 1024px) 100vw, 1024px\" \/><\/figure>\n","protected":false},"excerpt":{"rendered":"<p>Sta. Christiana Wiener Neustadt ist Testcenter f\u00fcr den Europ\u00e4ischen Computerf\u00fchrerschein Von den IT-Grundlagen bis zur Tabellenkalkulation: Der Europ\u00e4ische Computerf\u00fchrerschein ECDL ist ein weltweit g\u00fcltiges Zertifikat f\u00fcr den kompetenten Umgang mit dem Rechner.An der Sta. Christiana werden die Sch\u00fclerInnen der Mittelschule und Polytechnischen Schule perfekt daf\u00fcr vorbereitet \u2013 im regul\u00e4r erweiterten EDV-Unterricht. Sie absolvieren die ECDL-Pr\u00fcfung [&hellip;]<\/p>\n","protected":false},"author":5,"featured_media":0,"parent":144,"menu_order":3,"comment_status":"closed","ping_status":"closed","template":"","meta":{"footnotes":""},"class_list":["post-467","page","type-page","status-publish","hentry"],"acf":[],"yoast_head":"<!-- This site is optimized with the Yoast SEO plugin v26.8 - https:\/\/yoast.com\/product\/yoast-seo-wordpress\/ -->\n<title>ECDL-Testcenter - MS &amp; PTS Wr. Neustadt<\/title>\n<meta name=\"robots\" content=\"index, follow, max-snippet:-1, max-image-preview:large, max-video-preview:-1\" \/>\n<link rel=\"canonical\" href=\"https:\/\/www.stachristiana.at\/mittelschule-polytechnische-schule-wiener-neustadt\/was-wir-bieten\/ecdl-testcenter\" \/>\n<meta property=\"og:locale\" content=\"de_DE\" \/>\n<meta property=\"og:type\" content=\"article\" \/>\n<meta property=\"og:title\" content=\"ECDL-Testcenter - MS &amp; PTS Wr. Neustadt\" \/>\n<meta property=\"og:description\" content=\"Sta. Christiana Wiener Neustadt ist Testcenter f\u00fcr den Europ\u00e4ischen Computerf\u00fchrerschein Von den IT-Grundlagen bis zur Tabellenkalkulation: Der Europ\u00e4ische Computerf\u00fchrerschein ECDL ist ein weltweit g\u00fcltiges Zertifikat f\u00fcr den kompetenten Umgang mit dem Rechner.An der Sta. Christiana werden die Sch\u00fclerInnen der Mittelschule und Polytechnischen Schule perfekt daf\u00fcr vorbereitet \u2013 im regul\u00e4r erweiterten EDV-Unterricht. Sie absolvieren die ECDL-Pr\u00fcfung [&hellip;]\" \/>\n<meta property=\"og:url\" content=\"https:\/\/www.stachristiana.at\/mittelschule-polytechnische-schule-wiener-neustadt\/was-wir-bieten\/ecdl-testcenter\" \/>\n<meta property=\"og:site_name\" content=\"MS &amp; PTS Wr. Neustadt\" \/>\n<meta property=\"article:modified_time\" content=\"2024-09-08T13:37:31+00:00\" \/>\n<meta property=\"og:image\" content=\"https:\/\/www.stachristiana.at\/app\/uploads\/sites\/11\/2022\/11\/ms-pts-wienerneustadt-ECDL.jpg\" \/>\n<meta name=\"twitter:card\" content=\"summary_large_image\" \/>\n<meta name=\"twitter:label1\" content=\"Gesch\u00e4tzte Lesezeit\" \/>\n\t<meta name=\"twitter:data1\" content=\"1\u00a0Minute\" \/>\n<script type=\"application\/ld+json\" class=\"yoast-schema-graph\">{\"@context\":\"https:\/\/schema.org\",\"@graph\":[{\"@type\":\"WebPage\",\"@id\":\"https:\/\/www.stachristiana.at\/mittelschule-polytechnische-schule-wiener-neustadt\/was-wir-bieten\/ecdl-testcenter\",\"url\":\"https:\/\/www.stachristiana.at\/mittelschule-polytechnische-schule-wiener-neustadt\/was-wir-bieten\/ecdl-testcenter\",\"name\":\"ECDL-Testcenter - MS &amp; PTS Wr. Neustadt\",\"isPartOf\":{\"@id\":\"https:\/\/www.stachristiana.at\/mittelschule-polytechnische-schule-wiener-neustadt\/#website\"},\"primaryImageOfPage\":{\"@id\":\"https:\/\/www.stachristiana.at\/mittelschule-polytechnische-schule-wiener-neustadt\/was-wir-bieten\/ecdl-testcenter#primaryimage\"},\"image\":{\"@id\":\"https:\/\/www.stachristiana.at\/mittelschule-polytechnische-schule-wiener-neustadt\/was-wir-bieten\/ecdl-testcenter#primaryimage\"},\"thumbnailUrl\":\"https:\/\/www.stachristiana.at\/app\/uploads\/sites\/11\/2022\/11\/ms-pts-wienerneustadt-ECDL.jpg\",\"datePublished\":\"2022-06-23T18:19:16+00:00\",\"dateModified\":\"2024-09-08T13:37:31+00:00\",\"breadcrumb\":{\"@id\":\"https:\/\/www.stachristiana.at\/mittelschule-polytechnische-schule-wiener-neustadt\/was-wir-bieten\/ecdl-testcenter#breadcrumb\"},\"inLanguage\":\"de\",\"potentialAction\":[{\"@type\":\"ReadAction\",\"target\":[\"https:\/\/www.stachristiana.at\/mittelschule-polytechnische-schule-wiener-neustadt\/was-wir-bieten\/ecdl-testcenter\"]}]},{\"@type\":\"ImageObject\",\"inLanguage\":\"de\",\"@id\":\"https:\/\/www.stachristiana.at\/mittelschule-polytechnische-schule-wiener-neustadt\/was-wir-bieten\/ecdl-testcenter#primaryimage\",\"url\":\"https:\/\/www.stachristiana.at\/app\/uploads\/sites\/11\/2022\/11\/ms-pts-wienerneustadt-ECDL.jpg\",\"contentUrl\":\"https:\/\/www.stachristiana.at\/app\/uploads\/sites\/11\/2022\/11\/ms-pts-wienerneustadt-ECDL.jpg\"},{\"@type\":\"BreadcrumbList\",\"@id\":\"https:\/\/www.stachristiana.at\/mittelschule-polytechnische-schule-wiener-neustadt\/was-wir-bieten\/ecdl-testcenter#breadcrumb\",\"itemListElement\":[{\"@type\":\"ListItem\",\"position\":1,\"name\":\"Start\",\"item\":\"https:\/\/www.stachristiana.at\/\"},{\"@type\":\"ListItem\",\"position\":2,\"name\":\"Was wir bieten\",\"item\":\"https:\/\/www.stachristiana.at\/mittelschule-polytechnische-schule-wiener-neustadt\/was-wir-bieten\"},{\"@type\":\"ListItem\",\"position\":3,\"name\":\"ECDL-Testcenter\"}]},{\"@type\":\"WebSite\",\"@id\":\"https:\/\/www.stachristiana.at\/mittelschule-polytechnische-schule-wiener-neustadt\/#website\",\"url\":\"https:\/\/www.stachristiana.at\/mittelschule-polytechnische-schule-wiener-neustadt\/\",\"name\":\"Sta. Christiana - Private MS und PTS Wr. Neustadt\",\"description\":\"Sta. Christiana - Schulen zum Leben\",\"publisher\":{\"@id\":\"https:\/\/www.stachristiana.at\/mittelschule-polytechnische-schule-wiener-neustadt\/#organization\"},\"alternateName\":\"Private MS und PTS Wr. Neustadt\",\"potentialAction\":[{\"@type\":\"SearchAction\",\"target\":{\"@type\":\"EntryPoint\",\"urlTemplate\":\"https:\/\/www.stachristiana.at\/mittelschule-polytechnische-schule-wiener-neustadt\/?s={search_term_string}\"},\"query-input\":{\"@type\":\"PropertyValueSpecification\",\"valueRequired\":true,\"valueName\":\"search_term_string\"}}],\"inLanguage\":\"de\"},{\"@type\":\"Organization\",\"@id\":\"https:\/\/www.stachristiana.at\/mittelschule-polytechnische-schule-wiener-neustadt\/#organization\",\"name\":\"Sta. Christiana - Private MS und PTS Wr. Neustadt\",\"alternateName\":\"Private MS und PTS Wr. Neustadt\",\"url\":\"https:\/\/www.stachristiana.at\/mittelschule-polytechnische-schule-wiener-neustadt\/\",\"logo\":{\"@type\":\"ImageObject\",\"inLanguage\":\"de\",\"@id\":\"https:\/\/www.stachristiana.at\/mittelschule-polytechnische-schule-wiener-neustadt\/#\/schema\/logo\/image\/\",\"url\":\"https:\/\/www.stachristiana.at\/app\/uploads\/sites\/11\/2022\/05\/logo-sta-christiana.png\",\"contentUrl\":\"https:\/\/www.stachristiana.at\/app\/uploads\/sites\/11\/2022\/05\/logo-sta-christiana.png\",\"width\":1200,\"height\":491,\"caption\":\"Sta. Christiana - Private MS und PTS Wr. Neustadt\"},\"image\":{\"@id\":\"https:\/\/www.stachristiana.at\/mittelschule-polytechnische-schule-wiener-neustadt\/#\/schema\/logo\/image\/\"}}]}<\/script>\n<!-- \/ Yoast SEO plugin. -->","yoast_head_json":{"title":"ECDL-Testcenter - MS &amp; PTS Wr. Neustadt","robots":{"index":"index","follow":"follow","max-snippet":"max-snippet:-1","max-image-preview":"max-image-preview:large","max-video-preview":"max-video-preview:-1"},"canonical":"https:\/\/www.stachristiana.at\/mittelschule-polytechnische-schule-wiener-neustadt\/was-wir-bieten\/ecdl-testcenter","og_locale":"de_DE","og_type":"article","og_title":"ECDL-Testcenter - MS &amp; PTS Wr. Neustadt","og_description":"Sta. Christiana Wiener Neustadt ist Testcenter f\u00fcr den Europ\u00e4ischen Computerf\u00fchrerschein Von den IT-Grundlagen bis zur Tabellenkalkulation: Der Europ\u00e4ische Computerf\u00fchrerschein ECDL ist ein weltweit g\u00fcltiges Zertifikat f\u00fcr den kompetenten Umgang mit dem Rechner.An der Sta. Christiana werden die Sch\u00fclerInnen der Mittelschule und Polytechnischen Schule perfekt daf\u00fcr vorbereitet \u2013 im regul\u00e4r erweiterten EDV-Unterricht. Sie absolvieren die ECDL-Pr\u00fcfung [&hellip;]","og_url":"https:\/\/www.stachristiana.at\/mittelschule-polytechnische-schule-wiener-neustadt\/was-wir-bieten\/ecdl-testcenter","og_site_name":"MS &amp; PTS Wr. Neustadt","article_modified_time":"2024-09-08T13:37:31+00:00","og_image":[{"url":"https:\/\/www.stachristiana.at\/app\/uploads\/sites\/11\/2022\/11\/ms-pts-wienerneustadt-ECDL.jpg","type":"","width":"","height":""}],"twitter_card":"summary_large_image","twitter_misc":{"Gesch\u00e4tzte Lesezeit":"1\u00a0Minute"},"schema":{"@context":"https:\/\/schema.org","@graph":[{"@type":"WebPage","@id":"https:\/\/www.stachristiana.at\/mittelschule-polytechnische-schule-wiener-neustadt\/was-wir-bieten\/ecdl-testcenter","url":"https:\/\/www.stachristiana.at\/mittelschule-polytechnische-schule-wiener-neustadt\/was-wir-bieten\/ecdl-testcenter","name":"ECDL-Testcenter - MS &amp; PTS Wr. Neustadt","isPartOf":{"@id":"https:\/\/www.stachristiana.at\/mittelschule-polytechnische-schule-wiener-neustadt\/#website"},"primaryImageOfPage":{"@id":"https:\/\/www.stachristiana.at\/mittelschule-polytechnische-schule-wiener-neustadt\/was-wir-bieten\/ecdl-testcenter#primaryimage"},"image":{"@id":"https:\/\/www.stachristiana.at\/mittelschule-polytechnische-schule-wiener-neustadt\/was-wir-bieten\/ecdl-testcenter#primaryimage"},"thumbnailUrl":"https:\/\/www.stachristiana.at\/app\/uploads\/sites\/11\/2022\/11\/ms-pts-wienerneustadt-ECDL.jpg","datePublished":"2022-06-23T18:19:16+00:00","dateModified":"2024-09-08T13:37:31+00:00","breadcrumb":{"@id":"https:\/\/www.stachristiana.at\/mittelschule-polytechnische-schule-wiener-neustadt\/was-wir-bieten\/ecdl-testcenter#breadcrumb"},"inLanguage":"de","potentialAction":[{"@type":"ReadAction","target":["https:\/\/www.stachristiana.at\/mittelschule-polytechnische-schule-wiener-neustadt\/was-wir-bieten\/ecdl-testcenter"]}]},{"@type":"ImageObject","inLanguage":"de","@id":"https:\/\/www.stachristiana.at\/mittelschule-polytechnische-schule-wiener-neustadt\/was-wir-bieten\/ecdl-testcenter#primaryimage","url":"https:\/\/www.stachristiana.at\/app\/uploads\/sites\/11\/2022\/11\/ms-pts-wienerneustadt-ECDL.jpg","contentUrl":"https:\/\/www.stachristiana.at\/app\/uploads\/sites\/11\/2022\/11\/ms-pts-wienerneustadt-ECDL.jpg"},{"@type":"BreadcrumbList","@id":"https:\/\/www.stachristiana.at\/mittelschule-polytechnische-schule-wiener-neustadt\/was-wir-bieten\/ecdl-testcenter#breadcrumb","itemListElement":[{"@type":"ListItem","position":1,"name":"Start","item":"https:\/\/www.stachristiana.at\/"},{"@type":"ListItem","position":2,"name":"Was wir bieten","item":"https:\/\/www.stachristiana.at\/mittelschule-polytechnische-schule-wiener-neustadt\/was-wir-bieten"},{"@type":"ListItem","position":3,"name":"ECDL-Testcenter"}]},{"@type":"WebSite","@id":"https:\/\/www.stachristiana.at\/mittelschule-polytechnische-schule-wiener-neustadt\/#website","url":"https:\/\/www.stachristiana.at\/mittelschule-polytechnische-schule-wiener-neustadt\/","name":"Sta. Christiana - Private MS und PTS Wr. Neustadt","description":"Sta. Christiana - Schulen zum Leben","publisher":{"@id":"https:\/\/www.stachristiana.at\/mittelschule-polytechnische-schule-wiener-neustadt\/#organization"},"alternateName":"Private MS und PTS Wr. Neustadt","potentialAction":[{"@type":"SearchAction","target":{"@type":"EntryPoint","urlTemplate":"https:\/\/www.stachristiana.at\/mittelschule-polytechnische-schule-wiener-neustadt\/?s={search_term_string}"},"query-input":{"@type":"PropertyValueSpecification","valueRequired":true,"valueName":"search_term_string"}}],"inLanguage":"de"},{"@type":"Organization","@id":"https:\/\/www.stachristiana.at\/mittelschule-polytechnische-schule-wiener-neustadt\/#organization","name":"Sta. Christiana - Private MS und PTS Wr. Neustadt","alternateName":"Private MS und PTS Wr. Neustadt","url":"https:\/\/www.stachristiana.at\/mittelschule-polytechnische-schule-wiener-neustadt\/","logo":{"@type":"ImageObject","inLanguage":"de","@id":"https:\/\/www.stachristiana.at\/mittelschule-polytechnische-schule-wiener-neustadt\/#\/schema\/logo\/image\/","url":"https:\/\/www.stachristiana.at\/app\/uploads\/sites\/11\/2022\/05\/logo-sta-christiana.png","contentUrl":"https:\/\/www.stachristiana.at\/app\/uploads\/sites\/11\/2022\/05\/logo-sta-christiana.png","width":1200,"height":491,"caption":"Sta. Christiana - Private MS und PTS Wr. Neustadt"},"image":{"@id":"https:\/\/www.stachristiana.at\/mittelschule-polytechnische-schule-wiener-neustadt\/#\/schema\/logo\/image\/"}}]}},"_links":{"self":[{"href":"https:\/\/www.stachristiana.at\/mittelschule-polytechnische-schule-wiener-neustadt\/wp-json\/wp\/v2\/pages\/467","targetHints":{"allow":["GET"]}}],"collection":[{"href":"https:\/\/www.stachristiana.at\/mittelschule-polytechnische-schule-wiener-neustadt\/wp-json\/wp\/v2\/pages"}],"about":[{"href":"https:\/\/www.stachristiana.at\/mittelschule-polytechnische-schule-wiener-neustadt\/wp-json\/wp\/v2\/types\/page"}],"author":[{"embeddable":true,"href":"https:\/\/www.stachristiana.at\/mittelschule-polytechnische-schule-wiener-neustadt\/wp-json\/wp\/v2\/users\/5"}],"replies":[{"embeddable":true,"href":"https:\/\/www.stachristiana.at\/mittelschule-polytechnische-schule-wiener-neustadt\/wp-json\/wp\/v2\/comments?post=467"}],"version-history":[{"count":10,"href":"https:\/\/www.stachristiana.at\/mittelschule-polytechnische-schule-wiener-neustadt\/wp-json\/wp\/v2\/pages\/467\/revisions"}],"predecessor-version":[{"id":2409,"href":"https:\/\/www.stachristiana.at\/mittelschule-polytechnische-schule-wiener-neustadt\/wp-json\/wp\/v2\/pages\/467\/revisions\/2409"}],"up":[{"embeddable":true,"href":"https:\/\/www.stachristiana.at\/mittelschule-polytechnische-schule-wiener-neustadt\/wp-json\/wp\/v2\/pages\/144"}],"wp:attachment":[{"href":"https:\/\/www.stachristiana.at\/mittelschule-polytechnische-schule-wiener-neustadt\/wp-json\/wp\/v2\/media?parent=467"}],"curies":[{"name":"wp","href":"https:\/\/api.w.org\/{rel}","templated":true}]}}