{"id":325,"date":"2022-06-08T16:50:21","date_gmt":"2022-06-08T14:50:21","guid":{"rendered":"http:\/\/www.sanctachristiana.at\/kindergarten-frohsdorf\/?page_id=325"},"modified":"2025-11-17T13:11:08","modified_gmt":"2025-11-17T12:11:08","slug":"anmeldung","status":"publish","type":"page","link":"https:\/\/www.stachristiana.at\/kindergarten-frohsdorf\/anmeldung","title":{"rendered":"Anmeldung"},"content":{"rendered":"\n<p class=\"has-green-color has-text-color has-link-color wp-elements-1466223366cb95ec156adf345c3c57d7\">Wir freuen uns \u00fcber Ihr Interesse an unserem Kindergarten!<\/p>\n\n\n\n<p>Gerne k\u00f6nnen Sie unseren Kindergarten besuchen und in einem pers\u00f6nlichen Gespr\u00e4ch mehr \u00fcber unsere Bildungsarbeit erfahren.<\/p>\n\n\n\n<p>Nehmen Sie bitte mit uns Kontakt auf unter:\u00a0<\/p>\n\n\n\n<p>02627\/452 35 &#8211; 20<\/p>\n\n\n\n<p><a href=\"mailto:kg.frohsdorf@stachristiana.at\">kg.frohsdorf@stachristiana.at<\/a>\u00a0<\/p>\n\n\n\n<p>F\u00fcr eine unverbindliche Voranmeldung bitten wir Sie uns nachfolgendes Formular ausgef\u00fcllt und unterschieben per Mail an&nbsp;<strong>kg.frohsdorf@stachristiana.at<\/strong>&nbsp;zukommen zu lassen.<\/p>\n\n\n\n<p class=\"has-green-color has-text-color has-link-color wp-elements-c65ce7dc445b665aecf3a9b8ba7ad6c7\" style=\"font-style:normal;font-weight:500\">Danke!<\/p>\n\n\n\n<p>Die Vormerkung bzw. Anmeldung f\u00fcr den Kindergartenbesuch erfolgt gemeinsam mit Ihrem Kind bei der Abteilungsvorst\u00e4ndin und Leitung unseres Kindergartens Daniela Winkler-Golser.<\/p>\n\n\n\n<div data-wp-interactive=\"core\/file\" class=\"wp-block-file\"><object data-wp-bind--hidden=\"!state.hasPdfPreview\" hidden class=\"wp-block-file__embed\" data=\"https:\/\/www.stachristiana.at\/app\/uploads\/sites\/13\/2024\/09\/VOR-Anmeldung_Praxiskindergarten_24.pdf\" type=\"application\/pdf\" style=\"width:100%;height:600px\" aria-label=\"Einbettung von https:\/\/www.stachristiana.at\/app\/uploads\/sites\/13\/2025\/11\/Voranmeldung25_26.pdf.\"><\/object><a>https:\/\/www.stachristiana.at\/app\/uploads\/sites\/13\/2025\/11\/Voranmeldung25_26.pdf<\/a><a href=\"https:\/\/www.stachristiana.at\/app\/uploads\/sites\/13\/2024\/09\/VOR-Anmeldung_Praxiskindergarten_24.pdf\" class=\"wp-block-file__button wp-element-button\" download>Herunterladen<\/a><\/div>\n\n\n\n<p><\/p>\n","protected":false},"excerpt":{"rendered":"<p>Wir freuen uns \u00fcber Ihr Interesse an unserem Kindergarten! Gerne k\u00f6nnen Sie unseren Kindergarten besuchen und in einem pers\u00f6nlichen Gespr\u00e4ch mehr \u00fcber unsere Bildungsarbeit erfahren. Nehmen Sie bitte mit uns Kontakt auf unter:\u00a0 02627\/452 35 &#8211; 20 kg.frohsdorf@stachristiana.at\u00a0 F\u00fcr eine unverbindliche Voranmeldung bitten wir Sie uns nachfolgendes Formular ausgef\u00fcllt und unterschieben per Mail an&nbsp;kg.frohsdorf@stachristiana.at&nbsp;zukommen zu [&hellip;]<\/p>\n","protected":false},"author":1,"featured_media":0,"parent":0,"menu_order":998,"comment_status":"closed","ping_status":"closed","template":"","meta":{"footnotes":""},"class_list":["post-325","page","type-page","status-publish","hentry"],"acf":[],"yoast_head":"<!-- This site is optimized with the Yoast SEO plugin v26.8 - https:\/\/yoast.com\/product\/yoast-seo-wordpress\/ -->\n<title>Anmeldung - Kindergarten Frohsdorf<\/title>\n<meta name=\"robots\" content=\"index, follow, max-snippet:-1, max-image-preview:large, max-video-preview:-1\" \/>\n<link rel=\"canonical\" href=\"https:\/\/www.stachristiana.at\/kindergarten-frohsdorf\/anmeldung\" \/>\n<meta property=\"og:locale\" content=\"de_DE\" \/>\n<meta property=\"og:type\" content=\"article\" \/>\n<meta property=\"og:title\" content=\"Anmeldung - Kindergarten Frohsdorf\" \/>\n<meta property=\"og:description\" content=\"Wir freuen uns \u00fcber Ihr Interesse an unserem Kindergarten! Gerne k\u00f6nnen Sie unseren Kindergarten besuchen und in einem pers\u00f6nlichen Gespr\u00e4ch mehr \u00fcber unsere Bildungsarbeit erfahren. Nehmen Sie bitte mit uns Kontakt auf unter:\u00a0 02627\/452 35 &#8211; 20 kg.frohsdorf@stachristiana.at\u00a0 F\u00fcr eine unverbindliche Voranmeldung bitten wir Sie uns nachfolgendes Formular ausgef\u00fcllt und unterschieben per Mail an&nbsp;kg.frohsdorf@stachristiana.at&nbsp;zukommen zu [&hellip;]\" \/>\n<meta property=\"og:url\" content=\"https:\/\/www.stachristiana.at\/kindergarten-frohsdorf\/anmeldung\" \/>\n<meta property=\"og:site_name\" content=\"Kindergarten Frohsdorf\" \/>\n<meta property=\"article:modified_time\" content=\"2025-11-17T12:11:08+00:00\" \/>\n<meta property=\"og:image\" content=\"https:\/\/www.stachristiana.at\/app\/uploads\/sites\/13\/2022\/05\/logo-sta-christiana.png\" \/>\n\t<meta property=\"og:image:width\" content=\"1200\" \/>\n\t<meta property=\"og:image:height\" content=\"491\" \/>\n\t<meta property=\"og:image:type\" content=\"image\/png\" \/>\n<meta name=\"twitter:card\" content=\"summary_large_image\" \/>\n<meta name=\"twitter:label1\" content=\"Gesch\u00e4tzte Lesezeit\" \/>\n\t<meta name=\"twitter:data1\" content=\"1\u00a0Minute\" \/>\n<script type=\"application\/ld+json\" class=\"yoast-schema-graph\">{\"@context\":\"https:\/\/schema.org\",\"@graph\":[{\"@type\":\"WebPage\",\"@id\":\"https:\/\/www.stachristiana.at\/kindergarten-frohsdorf\/anmeldung\",\"url\":\"https:\/\/www.stachristiana.at\/kindergarten-frohsdorf\/anmeldung\",\"name\":\"Anmeldung - Kindergarten Frohsdorf\",\"isPartOf\":{\"@id\":\"https:\/\/www.stachristiana.at\/kindergarten-frohsdorf\/#website\"},\"datePublished\":\"2022-06-08T14:50:21+00:00\",\"dateModified\":\"2025-11-17T12:11:08+00:00\",\"breadcrumb\":{\"@id\":\"https:\/\/www.stachristiana.at\/kindergarten-frohsdorf\/anmeldung#breadcrumb\"},\"inLanguage\":\"de\",\"potentialAction\":[{\"@type\":\"ReadAction\",\"target\":[\"https:\/\/www.stachristiana.at\/kindergarten-frohsdorf\/anmeldung\"]}]},{\"@type\":\"BreadcrumbList\",\"@id\":\"https:\/\/www.stachristiana.at\/kindergarten-frohsdorf\/anmeldung#breadcrumb\",\"itemListElement\":[{\"@type\":\"ListItem\",\"position\":1,\"name\":\"Start\",\"item\":\"https:\/\/www.stachristiana.at\/\"},{\"@type\":\"ListItem\",\"position\":2,\"name\":\"Anmeldung\"}]},{\"@type\":\"WebSite\",\"@id\":\"https:\/\/www.stachristiana.at\/kindergarten-frohsdorf\/#website\",\"url\":\"https:\/\/www.stachristiana.at\/kindergarten-frohsdorf\/\",\"name\":\"Sta. Christiana - Privater Kindergarten Frohsdorf\",\"description\":\"Sta. Christiana - Schulen zum Leben\",\"publisher\":{\"@id\":\"https:\/\/www.stachristiana.at\/kindergarten-frohsdorf\/#organization\"},\"alternateName\":\"Privater Kindergarten Frohsdorf\",\"potentialAction\":[{\"@type\":\"SearchAction\",\"target\":{\"@type\":\"EntryPoint\",\"urlTemplate\":\"https:\/\/www.stachristiana.at\/kindergarten-frohsdorf\/?s={search_term_string}\"},\"query-input\":{\"@type\":\"PropertyValueSpecification\",\"valueRequired\":true,\"valueName\":\"search_term_string\"}}],\"inLanguage\":\"de\"},{\"@type\":\"Organization\",\"@id\":\"https:\/\/www.stachristiana.at\/kindergarten-frohsdorf\/#organization\",\"name\":\"Sta. Christiana - Privater Kindergarten Frohsdorf\",\"alternateName\":\"Privater Kindergarten Frohsdorf\",\"url\":\"https:\/\/www.stachristiana.at\/kindergarten-frohsdorf\/\",\"logo\":{\"@type\":\"ImageObject\",\"inLanguage\":\"de\",\"@id\":\"https:\/\/www.stachristiana.at\/kindergarten-frohsdorf\/#\/schema\/logo\/image\/\",\"url\":\"https:\/\/www.stachristiana.at\/app\/uploads\/sites\/13\/2022\/05\/logo-sta-christiana.png\",\"contentUrl\":\"https:\/\/www.stachristiana.at\/app\/uploads\/sites\/13\/2022\/05\/logo-sta-christiana.png\",\"width\":1200,\"height\":491,\"caption\":\"Sta. Christiana - Privater Kindergarten Frohsdorf\"},\"image\":{\"@id\":\"https:\/\/www.stachristiana.at\/kindergarten-frohsdorf\/#\/schema\/logo\/image\/\"}}]}<\/script>\n<!-- \/ Yoast SEO plugin. -->","yoast_head_json":{"title":"Anmeldung - Kindergarten Frohsdorf","robots":{"index":"index","follow":"follow","max-snippet":"max-snippet:-1","max-image-preview":"max-image-preview:large","max-video-preview":"max-video-preview:-1"},"canonical":"https:\/\/www.stachristiana.at\/kindergarten-frohsdorf\/anmeldung","og_locale":"de_DE","og_type":"article","og_title":"Anmeldung - Kindergarten Frohsdorf","og_description":"Wir freuen uns \u00fcber Ihr Interesse an unserem Kindergarten! Gerne k\u00f6nnen Sie unseren Kindergarten besuchen und in einem pers\u00f6nlichen Gespr\u00e4ch mehr \u00fcber unsere Bildungsarbeit erfahren. Nehmen Sie bitte mit uns Kontakt auf unter:\u00a0 02627\/452 35 &#8211; 20 kg.frohsdorf@stachristiana.at\u00a0 F\u00fcr eine unverbindliche Voranmeldung bitten wir Sie uns nachfolgendes Formular ausgef\u00fcllt und unterschieben per Mail an&nbsp;kg.frohsdorf@stachristiana.at&nbsp;zukommen zu [&hellip;]","og_url":"https:\/\/www.stachristiana.at\/kindergarten-frohsdorf\/anmeldung","og_site_name":"Kindergarten Frohsdorf","article_modified_time":"2025-11-17T12:11:08+00:00","og_image":[{"width":1200,"height":491,"url":"https:\/\/www.stachristiana.at\/app\/uploads\/sites\/13\/2022\/05\/logo-sta-christiana.png","type":"image\/png"}],"twitter_card":"summary_large_image","twitter_misc":{"Gesch\u00e4tzte Lesezeit":"1\u00a0Minute"},"schema":{"@context":"https:\/\/schema.org","@graph":[{"@type":"WebPage","@id":"https:\/\/www.stachristiana.at\/kindergarten-frohsdorf\/anmeldung","url":"https:\/\/www.stachristiana.at\/kindergarten-frohsdorf\/anmeldung","name":"Anmeldung - Kindergarten Frohsdorf","isPartOf":{"@id":"https:\/\/www.stachristiana.at\/kindergarten-frohsdorf\/#website"},"datePublished":"2022-06-08T14:50:21+00:00","dateModified":"2025-11-17T12:11:08+00:00","breadcrumb":{"@id":"https:\/\/www.stachristiana.at\/kindergarten-frohsdorf\/anmeldung#breadcrumb"},"inLanguage":"de","potentialAction":[{"@type":"ReadAction","target":["https:\/\/www.stachristiana.at\/kindergarten-frohsdorf\/anmeldung"]}]},{"@type":"BreadcrumbList","@id":"https:\/\/www.stachristiana.at\/kindergarten-frohsdorf\/anmeldung#breadcrumb","itemListElement":[{"@type":"ListItem","position":1,"name":"Start","item":"https:\/\/www.stachristiana.at\/"},{"@type":"ListItem","position":2,"name":"Anmeldung"}]},{"@type":"WebSite","@id":"https:\/\/www.stachristiana.at\/kindergarten-frohsdorf\/#website","url":"https:\/\/www.stachristiana.at\/kindergarten-frohsdorf\/","name":"Sta. Christiana - Privater Kindergarten Frohsdorf","description":"Sta. Christiana - Schulen zum Leben","publisher":{"@id":"https:\/\/www.stachristiana.at\/kindergarten-frohsdorf\/#organization"},"alternateName":"Privater Kindergarten Frohsdorf","potentialAction":[{"@type":"SearchAction","target":{"@type":"EntryPoint","urlTemplate":"https:\/\/www.stachristiana.at\/kindergarten-frohsdorf\/?s={search_term_string}"},"query-input":{"@type":"PropertyValueSpecification","valueRequired":true,"valueName":"search_term_string"}}],"inLanguage":"de"},{"@type":"Organization","@id":"https:\/\/www.stachristiana.at\/kindergarten-frohsdorf\/#organization","name":"Sta. Christiana - Privater Kindergarten Frohsdorf","alternateName":"Privater Kindergarten Frohsdorf","url":"https:\/\/www.stachristiana.at\/kindergarten-frohsdorf\/","logo":{"@type":"ImageObject","inLanguage":"de","@id":"https:\/\/www.stachristiana.at\/kindergarten-frohsdorf\/#\/schema\/logo\/image\/","url":"https:\/\/www.stachristiana.at\/app\/uploads\/sites\/13\/2022\/05\/logo-sta-christiana.png","contentUrl":"https:\/\/www.stachristiana.at\/app\/uploads\/sites\/13\/2022\/05\/logo-sta-christiana.png","width":1200,"height":491,"caption":"Sta. Christiana - Privater Kindergarten Frohsdorf"},"image":{"@id":"https:\/\/www.stachristiana.at\/kindergarten-frohsdorf\/#\/schema\/logo\/image\/"}}]}},"_links":{"self":[{"href":"https:\/\/www.stachristiana.at\/kindergarten-frohsdorf\/wp-json\/wp\/v2\/pages\/325","targetHints":{"allow":["GET"]}}],"collection":[{"href":"https:\/\/www.stachristiana.at\/kindergarten-frohsdorf\/wp-json\/wp\/v2\/pages"}],"about":[{"href":"https:\/\/www.stachristiana.at\/kindergarten-frohsdorf\/wp-json\/wp\/v2\/types\/page"}],"author":[{"embeddable":true,"href":"https:\/\/www.stachristiana.at\/kindergarten-frohsdorf\/wp-json\/wp\/v2\/users\/1"}],"replies":[{"embeddable":true,"href":"https:\/\/www.stachristiana.at\/kindergarten-frohsdorf\/wp-json\/wp\/v2\/comments?post=325"}],"version-history":[{"count":15,"href":"https:\/\/www.stachristiana.at\/kindergarten-frohsdorf\/wp-json\/wp\/v2\/pages\/325\/revisions"}],"predecessor-version":[{"id":787,"href":"https:\/\/www.stachristiana.at\/kindergarten-frohsdorf\/wp-json\/wp\/v2\/pages\/325\/revisions\/787"}],"wp:attachment":[{"href":"https:\/\/www.stachristiana.at\/kindergarten-frohsdorf\/wp-json\/wp\/v2\/media?parent=325"}],"curies":[{"name":"wp","href":"https:\/\/api.w.org\/{rel}","templated":true}]}}