{"id":17,"date":"2022-05-01T11:48:18","date_gmt":"2022-05-01T09:48:18","guid":{"rendered":"https:\/\/devmultisite.superfesch.at\/dummy\/?page_id=17"},"modified":"2024-04-04T13:58:28","modified_gmt":"2024-04-04T11:58:28","slug":"willkommen","status":"publish","type":"page","link":"https:\/\/www.stachristiana.at\/hort-rodaun\/","title":{"rendered":"Willkommen"},"content":{"rendered":"\n<div class=\"wp-block-columns is-layout-flex wp-container-core-columns-is-layout-28f84493 wp-block-columns-is-layout-flex\">\n<div class=\"wp-block-column is-layout-flow wp-block-column-is-layout-flow\" style=\"flex-basis:100%\">\n<p class=\"has-default-font-size\"><\/p>\n\n\n\n<figure class=\"wp-block-image size-full\"><img loading=\"lazy\" decoding=\"async\" width=\"900\" height=\"600\" src=\"https:\/\/www.stachristiana.at\/app\/uploads\/sites\/9\/2023\/03\/Sonnenaufgang.jpg\" alt=\"\" class=\"wp-image-769\" srcset=\"https:\/\/www.stachristiana.at\/app\/uploads\/sites\/9\/2023\/03\/Sonnenaufgang.jpg 900w, https:\/\/www.stachristiana.at\/app\/uploads\/sites\/9\/2023\/03\/Sonnenaufgang-400x267.jpg 400w, https:\/\/www.stachristiana.at\/app\/uploads\/sites\/9\/2023\/03\/Sonnenaufgang-768x512.jpg 768w, https:\/\/www.stachristiana.at\/app\/uploads\/sites\/9\/2023\/03\/Sonnenaufgang-690x460.jpg 690w, https:\/\/www.stachristiana.at\/app\/uploads\/sites\/9\/2023\/03\/Sonnenaufgang-113x75.jpg 113w\" sizes=\"auto, (max-width: 900px) 100vw, 900px\" \/><\/figure>\n\n\n\n<p>&nbsp;&nbsp;<\/p>\n\n\n\n<p><strong>Herzlich Willkommen im Hort Sta. Christiana Rodaun!<\/strong><br>&nbsp;<br>Wir freuen uns, Ihr Kind vom Schuleintritt bis zum Ende der 8. Schulstufe begleiten zu d\u00fcrfen.<br>&nbsp;<br>Wir legen gro\u00dfen Wert auf ein ausgewogenes Verh\u00e4ltnis zwischen Freizeit und Lernbetreuung und f\u00f6rdern die sozialen Kompetenzen bei gemeinsamen Unternehmungen, Festen und kreativen sowie sportlichen Aktivit\u00e4ten.<br>&nbsp;<br>Die heute in der Schulpolitik geforderte individuelle F\u00f6rderung ist schon seit jeher ein wesentliches Kriterium unserer Nachmittagsbetreuung. Sozialp\u00e4dagog<em>innen und Lehrer<\/em>innen unterst\u00fctzen die Sch\u00fcler*innen im Lernen und in der Pers\u00f6nlichkeits-entwicklung additiv zur Schullaufbahn. Klare Strukturen sowie die konstante Betreuung haben sich in unserem christlichen Haus als unsch\u00e4tzbar wertvoll erwiesen.<br>&nbsp;<br>Informationen bez\u00fcglich Anmeldung sowie die geltenden Tarife finden Sie beim Link &#8222;Volksschule&#8220; bzw. &#8222;Mittelschule&#8220;.<br>Eine Anmeldung w\u00e4hrend des Schuljahres ist jederzeit m\u00f6glich.<\/p>\n\n\n\n<p>Unser Hort ist Mitglied der Katholischen Kindertagesheime (KKTH). <\/p>\n\n\n\n<figure class=\"wp-block-image size-full is-resized\"><a href=\"https:\/\/www.kkth.at\/site\/home\" target=\"_blank\" rel=\"www.kkth.at noopener\"><img loading=\"lazy\" decoding=\"async\" width=\"620\" height=\"350\" src=\"https:\/\/www.stachristiana.at\/app\/uploads\/sites\/9\/2024\/04\/Logo_kkth_NEU.jpg\" alt=\"\" class=\"wp-image-2054\" style=\"width:272px;height:auto\" srcset=\"https:\/\/www.stachristiana.at\/app\/uploads\/sites\/9\/2024\/04\/Logo_kkth_NEU.jpg 620w, https:\/\/www.stachristiana.at\/app\/uploads\/sites\/9\/2024\/04\/Logo_kkth_NEU-400x226.jpg 400w, https:\/\/www.stachristiana.at\/app\/uploads\/sites\/9\/2024\/04\/Logo_kkth_NEU-133x75.jpg 133w\" sizes=\"auto, (max-width: 620px) 100vw, 620px\" \/><\/a><\/figure>\n\n\n\n<div style=\"height:40px\" aria-hidden=\"true\" class=\"wp-block-spacer\"><\/div>\n<\/div>\n<\/div>\n\n\n\n<h2 class=\"wp-block-heading\">Aktuelles<\/h2>\n\n\n\n<div id=\"list-block_6c658b785172ebab784a120e5d0707e3\" class=\"article-list\">\n\t\t\n\t\t<a href=\"https:\/\/www.stachristiana.at\/hort-rodaun\/news-volksschule\/kreatives-basteln-entstehung-von-oktiland.html\" class=\"article-list-item focus-light\">\n\t\t\t<h3 class=\"list-item-title\">Kreatives Basteln &#8211; Entstehung von &#8222;Oktiland&#8220;<\/h3>\n\t\t\t<figure class=\"list-item-thumb\"><img loading=\"lazy\" decoding=\"async\" width=\"250\" height=\"250\" src=\"https:\/\/www.stachristiana.at\/app\/uploads\/sites\/9\/2026\/03\/20260130_121148-250x250.jpg\" class=\"attachment-article-thumb size-article-thumb wp-post-image\" alt=\"\" srcset=\"https:\/\/www.stachristiana.at\/app\/uploads\/sites\/9\/2026\/03\/20260130_121148-250x250.jpg 250w, https:\/\/www.stachristiana.at\/app\/uploads\/sites\/9\/2026\/03\/20260130_121148-150x150.jpg 150w\" sizes=\"auto, (max-width: 250px) 100vw, 250px\" \/><\/figure>\t\t\t<div class=\"list-item-text\">\n\t\t\t\t<p>Mit viel Fantasie und Begeisterung haben die Kinder in den letzten Wochen ihr eigenes Oktiland erschaffen! Aus Papier, Schere und Farbe entstand eine bunte Fantasiewelt, die sie selbst so benannt<span class=\"light\"> &#8230;<\/span> <\/p>\n\t\t\t\t<span class=\"btn-read-more\" aria-hidden=\"true\"><i class=\"fa fa-chevron-right\" aria-hidden=\"true\"><\/i> mehr lesen&#8230;<\/span>\n\t\t\t<\/div>\n\t\t<\/a>\n\n\t\t\n\t\t<a href=\"https:\/\/www.stachristiana.at\/hort-rodaun\/news-volksschule\/detektivspiel.html\" class=\"article-list-item focus-light\">\n\t\t\t<h3 class=\"list-item-title\">Detektivspiel &#8211; Nachmittag<\/h3>\n\t\t\t<figure class=\"list-item-thumb\"><img loading=\"lazy\" decoding=\"async\" width=\"250\" height=\"250\" src=\"https:\/\/www.stachristiana.at\/app\/uploads\/sites\/9\/2026\/03\/20260213_150134-250x250.jpg\" class=\"attachment-article-thumb size-article-thumb wp-post-image\" alt=\"\" srcset=\"https:\/\/www.stachristiana.at\/app\/uploads\/sites\/9\/2026\/03\/20260213_150134-250x250.jpg 250w, https:\/\/www.stachristiana.at\/app\/uploads\/sites\/9\/2026\/03\/20260213_150134-150x150.jpg 150w\" sizes=\"auto, (max-width: 250px) 100vw, 250px\" \/><\/figure>\t\t\t<div class=\"list-item-text\">\n\t\t\t\t<p>Gemeinsam versuchten Teams der 4. Klassen knifflige R\u00e4tsel zu l\u00f6sen um den Goldraub im Stadtmuseum aufzukl\u00e4ren und den Dieb zu fangen.<\/p>\n\t\t\t\t<span class=\"btn-read-more\" aria-hidden=\"true\"><i class=\"fa fa-chevron-right\" aria-hidden=\"true\"><\/i> mehr lesen&#8230;<\/span>\n\t\t\t<\/div>\n\t\t<\/a>\n\n\t\t\n\t\t<a href=\"https:\/\/www.stachristiana.at\/hort-rodaun\/news-volksschule\/besuch-der-polizeiinspektion-liesing.html\" class=\"article-list-item focus-light\">\n\t\t\t<h3 class=\"list-item-title\">Besuch der Polizeiinspektion Liesing<\/h3>\n\t\t\t<figure class=\"list-item-thumb\"><img loading=\"lazy\" decoding=\"async\" width=\"250\" height=\"250\" src=\"https:\/\/www.stachristiana.at\/app\/uploads\/sites\/9\/2026\/03\/IMG_2537-250x250.jpg\" class=\"attachment-article-thumb size-article-thumb wp-post-image\" alt=\"\" srcset=\"https:\/\/www.stachristiana.at\/app\/uploads\/sites\/9\/2026\/03\/IMG_2537-250x250.jpg 250w, https:\/\/www.stachristiana.at\/app\/uploads\/sites\/9\/2026\/03\/IMG_2537-150x150.jpg 150w\" sizes=\"auto, (max-width: 250px) 100vw, 250px\" \/><\/figure>\t\t\t<div class=\"list-item-text\">\n\t\t\t\t<p>Herr Gruppeninspektor Fragner hat den Sch\u00fclerInnen der 3. Klasse sehr interessant \u00fcber den Beruf des Polizisten erz\u00e4hlt. Er hat ihnen seine gesamte Ausr\u00fcstung erkl\u00e4rt und auch gezeigt, wie man Fingerabdr\u00fccke<span class=\"light\"> &#8230;<\/span> <\/p>\n\t\t\t\t<span class=\"btn-read-more\" aria-hidden=\"true\"><i class=\"fa fa-chevron-right\" aria-hidden=\"true\"><\/i> mehr lesen&#8230;<\/span>\n\t\t\t<\/div>\n\t\t<\/a>\n\n\t\t\n\t\t<a href=\"https:\/\/www.stachristiana.at\/hort-rodaun\/news-volksschule\/fasching.html\" class=\"article-list-item focus-light\">\n\t\t\t<h3 class=\"list-item-title\">Fasching<\/h3>\n\t\t\t<figure class=\"list-item-thumb\"><img loading=\"lazy\" decoding=\"async\" width=\"250\" height=\"250\" src=\"https:\/\/www.stachristiana.at\/app\/uploads\/sites\/9\/2026\/02\/IMG-20260216-WA0028-250x250.jpg\" class=\"attachment-article-thumb size-article-thumb wp-post-image\" alt=\"\" srcset=\"https:\/\/www.stachristiana.at\/app\/uploads\/sites\/9\/2026\/02\/IMG-20260216-WA0028-250x250.jpg 250w, https:\/\/www.stachristiana.at\/app\/uploads\/sites\/9\/2026\/02\/IMG-20260216-WA0028-150x150.jpg 150w\" sizes=\"auto, (max-width: 250px) 100vw, 250px\" \/><\/figure>\t\t\t<div class=\"list-item-text\">\n\t\t\t\t<p>Unser Faschingsfest im Hort war heuer wieder ein fr\u00f6hlich-buntes Highlight f\u00fcr alle Kinder. In fantasievollen Kost\u00fcmen wurde den ganzen Nachmittag \u00fcber gespielt, getanzt und herzhaft gelacht. Verschiedene lustige Spiele, eine<span class=\"light\"> &#8230;<\/span> <\/p>\n\t\t\t\t<span class=\"btn-read-more\" aria-hidden=\"true\"><i class=\"fa fa-chevron-right\" aria-hidden=\"true\"><\/i> mehr lesen&#8230;<\/span>\n\t\t\t<\/div>\n\t\t<\/a>\n\n\t\t\n\t\t<a href=\"https:\/\/www.stachristiana.at\/hort-rodaun\/news-volksschule\/welttierschutztag.html\" class=\"article-list-item focus-light\">\n\t\t\t<h3 class=\"list-item-title\">Welttierschutztag<\/h3>\n\t\t\t<figure class=\"list-item-thumb\"><img loading=\"lazy\" decoding=\"async\" width=\"250\" height=\"250\" src=\"https:\/\/www.stachristiana.at\/app\/uploads\/sites\/9\/2026\/02\/IMG_1606-250x250.jpg\" class=\"attachment-article-thumb size-article-thumb wp-post-image\" alt=\"\" srcset=\"https:\/\/www.stachristiana.at\/app\/uploads\/sites\/9\/2026\/02\/IMG_1606-250x250.jpg 250w, https:\/\/www.stachristiana.at\/app\/uploads\/sites\/9\/2026\/02\/IMG_1606-150x150.jpg 150w\" sizes=\"auto, (max-width: 250px) 100vw, 250px\" \/><\/figure>\t\t\t<div class=\"list-item-text\">\n\t\t\t\t<p>Anl\u00e4sslich des Welttierschutztages am 4. Oktober bekam die 3. Klasse am Freitag davor Besuch von Emilia\u00b4s Haustieren. Ihre Mama und ihre Oma haben sich liebenswerterweise die Zeit genommen und haben<span class=\"light\"> &#8230;<\/span> <\/p>\n\t\t\t\t<span class=\"btn-read-more\" aria-hidden=\"true\"><i class=\"fa fa-chevron-right\" aria-hidden=\"true\"><\/i> mehr lesen&#8230;<\/span>\n\t\t\t<\/div>\n\t\t<\/a>\n\n\t\t\n\t\t<a href=\"https:\/\/www.stachristiana.at\/hort-rodaun\/news-volksschule\/feste-im-jahreskreis.html\" class=\"article-list-item focus-light\">\n\t\t\t<h3 class=\"list-item-title\">Feste im Jahreskreis<\/h3>\n\t\t\t<figure class=\"list-item-thumb\"><img loading=\"lazy\" decoding=\"async\" width=\"250\" height=\"250\" src=\"https:\/\/www.stachristiana.at\/app\/uploads\/sites\/9\/2026\/02\/20251010_141633-250x250.jpg\" class=\"attachment-article-thumb size-article-thumb wp-post-image\" alt=\"\" srcset=\"https:\/\/www.stachristiana.at\/app\/uploads\/sites\/9\/2026\/02\/20251010_141633-250x250.jpg 250w, https:\/\/www.stachristiana.at\/app\/uploads\/sites\/9\/2026\/02\/20251010_141633-150x150.jpg 150w\" sizes=\"auto, (max-width: 250px) 100vw, 250px\" \/><\/figure>\t\t\t<div class=\"list-item-text\">\n\t\t\t\t<p>Im Hort feiern wir Feste des Jahreskreises wie Erntedank, Martin, Nikolaus, Weihnachten, Ostern sowie auch die Geburtstage unserer Hortkinder. Gemeinsam gestalten wir Vorbereitungen mit Freude und Tradition. Diese Rituale st\u00e4rken<span class=\"light\"> &#8230;<\/span> <\/p>\n\t\t\t\t<span class=\"btn-read-more\" aria-hidden=\"true\"><i class=\"fa fa-chevron-right\" aria-hidden=\"true\"><\/i> mehr lesen&#8230;<\/span>\n\t\t\t<\/div>\n\t\t<\/a>\n\n\t\t\n\t\t<a href=\"https:\/\/www.stachristiana.at\/hort-rodaun\/news-volksschule\/kunstworkshop-in-der-albertina.html\" class=\"article-list-item focus-light\">\n\t\t\t<h3 class=\"list-item-title\">Kunstworkshop in der Albertina<\/h3>\n\t\t\t<figure class=\"list-item-thumb\"><img loading=\"lazy\" decoding=\"async\" width=\"250\" height=\"250\" src=\"https:\/\/www.stachristiana.at\/app\/uploads\/sites\/9\/2025\/11\/IMG_8141-250x250.jpg\" class=\"attachment-article-thumb size-article-thumb wp-post-image\" alt=\"\" srcset=\"https:\/\/www.stachristiana.at\/app\/uploads\/sites\/9\/2025\/11\/IMG_8141-250x250.jpg 250w, https:\/\/www.stachristiana.at\/app\/uploads\/sites\/9\/2025\/11\/IMG_8141-150x150.jpg 150w\" sizes=\"auto, (max-width: 250px) 100vw, 250px\" \/><\/figure>\t\t\t<div class=\"list-item-text\">\n\t\t\t\t<p>Alles andere als leise:&nbsp;Nach einer F\u00fchrung durch die Ausstellung&nbsp;Monet bis Picasso&nbsp;durften die Kinder selbst zu K\u00fcnstlern werden und mit \u00d6lkreiden Monets Seerosenbild nachgestalten.<\/p>\n\t\t\t\t<span class=\"btn-read-more\" aria-hidden=\"true\"><i class=\"fa fa-chevron-right\" aria-hidden=\"true\"><\/i> mehr lesen&#8230;<\/span>\n\t\t\t<\/div>\n\t\t<\/a>\n\n\t\t\n\t\t<a href=\"https:\/\/www.stachristiana.at\/hort-rodaun\/news-volksschule\/besuch-im-haus-der-musik.html\" class=\"article-list-item focus-light\">\n\t\t\t<h3 class=\"list-item-title\">Besuch im Haus der Musik<\/h3>\n\t\t\t<figure class=\"list-item-thumb\"><img loading=\"lazy\" decoding=\"async\" width=\"250\" height=\"250\" src=\"https:\/\/www.stachristiana.at\/app\/uploads\/sites\/9\/2025\/11\/IMG_8060-250x250.jpg\" class=\"attachment-article-thumb size-article-thumb wp-post-image\" alt=\"\" srcset=\"https:\/\/www.stachristiana.at\/app\/uploads\/sites\/9\/2025\/11\/IMG_8060-250x250.jpg 250w, https:\/\/www.stachristiana.at\/app\/uploads\/sites\/9\/2025\/11\/IMG_8060-150x150.jpg 150w\" sizes=\"auto, (max-width: 250px) 100vw, 250px\" \/><\/figure>\t\t\t<div class=\"list-item-text\">\n\t\t\t\t<p>Die 4. Klassen verbrachten einen sehr lehrreichen und spannenden Nachmittag im Haus der Musik. Ein Quiz f\u00fchrte sie durch alle R\u00e4ume des Museums. Auch durften dabei das Ausprobieren und Experimentieren<span class=\"light\"> &#8230;<\/span> <\/p>\n\t\t\t\t<span class=\"btn-read-more\" aria-hidden=\"true\"><i class=\"fa fa-chevron-right\" aria-hidden=\"true\"><\/i> mehr lesen&#8230;<\/span>\n\t\t\t<\/div>\n\t\t<\/a>\n\n\t\t\n\t\t<a href=\"https:\/\/www.stachristiana.at\/hort-rodaun\/news-volksschule\/geburtstagsfeier.html\" class=\"article-list-item focus-light\">\n\t\t\t<h3 class=\"list-item-title\">Geburtstagsfeier<\/h3>\n\t\t\t<figure class=\"list-item-thumb\"><img loading=\"lazy\" decoding=\"async\" width=\"250\" height=\"250\" src=\"https:\/\/www.stachristiana.at\/app\/uploads\/sites\/9\/2025\/05\/2-250x250.jpg\" class=\"attachment-article-thumb size-article-thumb wp-post-image\" alt=\"\" srcset=\"https:\/\/www.stachristiana.at\/app\/uploads\/sites\/9\/2025\/05\/2-250x250.jpg 250w, https:\/\/www.stachristiana.at\/app\/uploads\/sites\/9\/2025\/05\/2-150x150.jpg 150w\" sizes=\"auto, (max-width: 250px) 100vw, 250px\" \/><\/figure>\t\t\t<div class=\"list-item-text\">\n\t\t\t\t<p>In der 4. Klasse wird es nie langweilig. Schon gar nicht bei Geburtstagsfeiern. Es wird viel gelacht, genascht und gequatscht. Spa\u00dfige Fotos mit ihren Geburtstagssocken d\u00fcrfen da auch nicht fehlen.<\/p>\n\t\t\t\t<span class=\"btn-read-more\" aria-hidden=\"true\"><i class=\"fa fa-chevron-right\" aria-hidden=\"true\"><\/i> mehr lesen&#8230;<\/span>\n\t\t\t<\/div>\n\t\t<\/a>\n\n\t\t\n\t\t<a href=\"https:\/\/www.stachristiana.at\/hort-rodaun\/news-volksschule\/fuehrung-durch-das-schloss-schoenbrunn.html\" class=\"article-list-item focus-light\">\n\t\t\t<h3 class=\"list-item-title\">F\u00fchrung durch das Schloss Sch\u00f6nbrunn<\/h3>\n\t\t\t<figure class=\"list-item-thumb\"><img loading=\"lazy\" decoding=\"async\" width=\"250\" height=\"250\" src=\"https:\/\/www.stachristiana.at\/app\/uploads\/sites\/9\/2025\/05\/4-250x250.jpg\" class=\"attachment-article-thumb size-article-thumb wp-post-image\" alt=\"\" srcset=\"https:\/\/www.stachristiana.at\/app\/uploads\/sites\/9\/2025\/05\/4-250x250.jpg 250w, https:\/\/www.stachristiana.at\/app\/uploads\/sites\/9\/2025\/05\/4-150x150.jpg 150w\" sizes=\"auto, (max-width: 250px) 100vw, 250px\" \/><\/figure>\t\t\t<div class=\"list-item-text\">\n\t\t\t\t<p>Die 4. Klassen haben sich gemeinsam das Schloss Sch\u00f6nbrunn angesehen und bei einer F\u00fchrung viel \u00fcber das Leben von Sissis Kindern gelernt. Das Verkleiden zum Schluss war auf jeden Fall<span class=\"light\"> &#8230;<\/span> <\/p>\n\t\t\t\t<span class=\"btn-read-more\" aria-hidden=\"true\"><i class=\"fa fa-chevron-right\" aria-hidden=\"true\"><\/i> mehr lesen&#8230;<\/span>\n\t\t\t<\/div>\n\t\t<\/a>\n\n\t<\/div>\n\n\n\n<div style=\"height:70px\" aria-hidden=\"true\" class=\"wp-block-spacer\"><\/div>\n","protected":false},"excerpt":{"rendered":"<p>&nbsp;&nbsp; Herzlich Willkommen im Hort Sta. Christiana Rodaun!&nbsp;Wir freuen uns, Ihr Kind vom Schuleintritt bis zum Ende der 8. Schulstufe begleiten zu d\u00fcrfen.&nbsp;Wir legen gro\u00dfen Wert auf ein ausgewogenes Verh\u00e4ltnis zwischen Freizeit und Lernbetreuung und f\u00f6rdern die sozialen Kompetenzen bei gemeinsamen Unternehmungen, Festen und kreativen sowie sportlichen Aktivit\u00e4ten.&nbsp;Die heute in der Schulpolitik geforderte individuelle F\u00f6rderung [&hellip;]<\/p>\n","protected":false},"author":1,"featured_media":0,"parent":0,"menu_order":0,"comment_status":"closed","ping_status":"closed","template":"","meta":{"footnotes":""},"class_list":["post-17","page","type-page","status-publish","hentry"],"acf":[],"yoast_head":"<!-- This site is optimized with the Yoast SEO plugin v26.8 - https:\/\/yoast.com\/product\/yoast-seo-wordpress\/ -->\n<title>Willkommen - Hort Rodaun<\/title>\n<meta name=\"robots\" content=\"index, follow, max-snippet:-1, max-image-preview:large, max-video-preview:-1\" \/>\n<link rel=\"canonical\" href=\"https:\/\/www.stachristiana.at\/hort-rodaun\/\" \/>\n<meta property=\"og:locale\" content=\"de_DE\" \/>\n<meta property=\"og:type\" content=\"article\" \/>\n<meta property=\"og:title\" content=\"Willkommen - Hort Rodaun\" \/>\n<meta property=\"og:description\" content=\"&nbsp;&nbsp; Herzlich Willkommen im Hort Sta. Christiana Rodaun!&nbsp;Wir freuen uns, Ihr Kind vom Schuleintritt bis zum Ende der 8. Schulstufe begleiten zu d\u00fcrfen.&nbsp;Wir legen gro\u00dfen Wert auf ein ausgewogenes Verh\u00e4ltnis zwischen Freizeit und Lernbetreuung und f\u00f6rdern die sozialen Kompetenzen bei gemeinsamen Unternehmungen, Festen und kreativen sowie sportlichen Aktivit\u00e4ten.&nbsp;Die heute in der Schulpolitik geforderte individuelle F\u00f6rderung [&hellip;]\" \/>\n<meta property=\"og:url\" content=\"https:\/\/www.stachristiana.at\/hort-rodaun\/\" \/>\n<meta property=\"og:site_name\" content=\"Hort Rodaun\" \/>\n<meta property=\"article:modified_time\" content=\"2024-04-04T11:58:28+00:00\" \/>\n<meta property=\"og:image\" content=\"https:\/\/www.stachristiana.at\/app\/uploads\/sites\/9\/2023\/03\/Sonnenaufgang.jpg\" \/>\n<meta name=\"twitter:card\" content=\"summary_large_image\" \/>\n<meta name=\"twitter:label1\" content=\"Gesch\u00e4tzte Lesezeit\" \/>\n\t<meta name=\"twitter:data1\" content=\"2\u00a0Minuten\" \/>\n<script type=\"application\/ld+json\" class=\"yoast-schema-graph\">{\"@context\":\"https:\/\/schema.org\",\"@graph\":[{\"@type\":\"WebPage\",\"@id\":\"https:\/\/www.stachristiana.at\/hort-rodaun\/\",\"url\":\"https:\/\/www.stachristiana.at\/hort-rodaun\/\",\"name\":\"Willkommen - Hort Rodaun\",\"isPartOf\":{\"@id\":\"https:\/\/www.stachristiana.at\/hort-rodaun\/#website\"},\"primaryImageOfPage\":{\"@id\":\"https:\/\/www.stachristiana.at\/hort-rodaun\/#primaryimage\"},\"image\":{\"@id\":\"https:\/\/www.stachristiana.at\/hort-rodaun\/#primaryimage\"},\"thumbnailUrl\":\"https:\/\/www.stachristiana.at\/app\/uploads\/sites\/9\/2023\/03\/Sonnenaufgang.jpg\",\"datePublished\":\"2022-05-01T09:48:18+00:00\",\"dateModified\":\"2024-04-04T11:58:28+00:00\",\"breadcrumb\":{\"@id\":\"https:\/\/www.stachristiana.at\/hort-rodaun\/#breadcrumb\"},\"inLanguage\":\"de\",\"potentialAction\":[{\"@type\":\"ReadAction\",\"target\":[\"https:\/\/www.stachristiana.at\/hort-rodaun\/\"]}]},{\"@type\":\"ImageObject\",\"inLanguage\":\"de\",\"@id\":\"https:\/\/www.stachristiana.at\/hort-rodaun\/#primaryimage\",\"url\":\"https:\/\/www.stachristiana.at\/app\/uploads\/sites\/9\/2023\/03\/Sonnenaufgang.jpg\",\"contentUrl\":\"https:\/\/www.stachristiana.at\/app\/uploads\/sites\/9\/2023\/03\/Sonnenaufgang.jpg\"},{\"@type\":\"BreadcrumbList\",\"@id\":\"https:\/\/www.stachristiana.at\/hort-rodaun\/#breadcrumb\",\"itemListElement\":[{\"@type\":\"ListItem\",\"position\":1,\"name\":\"Start\",\"item\":\"https:\/\/www.stachristiana.at\/\"},{\"@type\":\"ListItem\",\"position\":2,\"name\":\"Willkommen\"}]},{\"@type\":\"WebSite\",\"@id\":\"https:\/\/www.stachristiana.at\/hort-rodaun\/#website\",\"url\":\"https:\/\/www.stachristiana.at\/hort-rodaun\/\",\"name\":\"Sta. Christiana - Hort Rodaun\",\"description\":\"Sta. Christiana - Schulen zum Leben\",\"publisher\":{\"@id\":\"https:\/\/www.stachristiana.at\/hort-rodaun\/#organization\"},\"alternateName\":\"Hort Rodaun\",\"potentialAction\":[{\"@type\":\"SearchAction\",\"target\":{\"@type\":\"EntryPoint\",\"urlTemplate\":\"https:\/\/www.stachristiana.at\/hort-rodaun\/?s={search_term_string}\"},\"query-input\":{\"@type\":\"PropertyValueSpecification\",\"valueRequired\":true,\"valueName\":\"search_term_string\"}}],\"inLanguage\":\"de\"},{\"@type\":\"Organization\",\"@id\":\"https:\/\/www.stachristiana.at\/hort-rodaun\/#organization\",\"name\":\"Sta. Christiana - Hort Rodaun\",\"alternateName\":\"Hort Rodaun\",\"url\":\"https:\/\/www.stachristiana.at\/hort-rodaun\/\",\"logo\":{\"@type\":\"ImageObject\",\"inLanguage\":\"de\",\"@id\":\"https:\/\/www.stachristiana.at\/hort-rodaun\/#\/schema\/logo\/image\/\",\"url\":\"https:\/\/www.stachristiana.at\/app\/uploads\/sites\/9\/2022\/05\/logo-sta-christiana.png\",\"contentUrl\":\"https:\/\/www.stachristiana.at\/app\/uploads\/sites\/9\/2022\/05\/logo-sta-christiana.png\",\"width\":1200,\"height\":491,\"caption\":\"Sta. Christiana - Hort Rodaun\"},\"image\":{\"@id\":\"https:\/\/www.stachristiana.at\/hort-rodaun\/#\/schema\/logo\/image\/\"}}]}<\/script>\n<!-- \/ Yoast SEO plugin. -->","yoast_head_json":{"title":"Willkommen - Hort Rodaun","robots":{"index":"index","follow":"follow","max-snippet":"max-snippet:-1","max-image-preview":"max-image-preview:large","max-video-preview":"max-video-preview:-1"},"canonical":"https:\/\/www.stachristiana.at\/hort-rodaun\/","og_locale":"de_DE","og_type":"article","og_title":"Willkommen - Hort Rodaun","og_description":"&nbsp;&nbsp; Herzlich Willkommen im Hort Sta. Christiana Rodaun!&nbsp;Wir freuen uns, Ihr Kind vom Schuleintritt bis zum Ende der 8. Schulstufe begleiten zu d\u00fcrfen.&nbsp;Wir legen gro\u00dfen Wert auf ein ausgewogenes Verh\u00e4ltnis zwischen Freizeit und Lernbetreuung und f\u00f6rdern die sozialen Kompetenzen bei gemeinsamen Unternehmungen, Festen und kreativen sowie sportlichen Aktivit\u00e4ten.&nbsp;Die heute in der Schulpolitik geforderte individuelle F\u00f6rderung [&hellip;]","og_url":"https:\/\/www.stachristiana.at\/hort-rodaun\/","og_site_name":"Hort Rodaun","article_modified_time":"2024-04-04T11:58:28+00:00","og_image":[{"url":"https:\/\/www.stachristiana.at\/app\/uploads\/sites\/9\/2023\/03\/Sonnenaufgang.jpg","type":"","width":"","height":""}],"twitter_card":"summary_large_image","twitter_misc":{"Gesch\u00e4tzte Lesezeit":"2\u00a0Minuten"},"schema":{"@context":"https:\/\/schema.org","@graph":[{"@type":"WebPage","@id":"https:\/\/www.stachristiana.at\/hort-rodaun\/","url":"https:\/\/www.stachristiana.at\/hort-rodaun\/","name":"Willkommen - Hort Rodaun","isPartOf":{"@id":"https:\/\/www.stachristiana.at\/hort-rodaun\/#website"},"primaryImageOfPage":{"@id":"https:\/\/www.stachristiana.at\/hort-rodaun\/#primaryimage"},"image":{"@id":"https:\/\/www.stachristiana.at\/hort-rodaun\/#primaryimage"},"thumbnailUrl":"https:\/\/www.stachristiana.at\/app\/uploads\/sites\/9\/2023\/03\/Sonnenaufgang.jpg","datePublished":"2022-05-01T09:48:18+00:00","dateModified":"2024-04-04T11:58:28+00:00","breadcrumb":{"@id":"https:\/\/www.stachristiana.at\/hort-rodaun\/#breadcrumb"},"inLanguage":"de","potentialAction":[{"@type":"ReadAction","target":["https:\/\/www.stachristiana.at\/hort-rodaun\/"]}]},{"@type":"ImageObject","inLanguage":"de","@id":"https:\/\/www.stachristiana.at\/hort-rodaun\/#primaryimage","url":"https:\/\/www.stachristiana.at\/app\/uploads\/sites\/9\/2023\/03\/Sonnenaufgang.jpg","contentUrl":"https:\/\/www.stachristiana.at\/app\/uploads\/sites\/9\/2023\/03\/Sonnenaufgang.jpg"},{"@type":"BreadcrumbList","@id":"https:\/\/www.stachristiana.at\/hort-rodaun\/#breadcrumb","itemListElement":[{"@type":"ListItem","position":1,"name":"Start","item":"https:\/\/www.stachristiana.at\/"},{"@type":"ListItem","position":2,"name":"Willkommen"}]},{"@type":"WebSite","@id":"https:\/\/www.stachristiana.at\/hort-rodaun\/#website","url":"https:\/\/www.stachristiana.at\/hort-rodaun\/","name":"Sta. Christiana - Hort Rodaun","description":"Sta. Christiana - Schulen zum Leben","publisher":{"@id":"https:\/\/www.stachristiana.at\/hort-rodaun\/#organization"},"alternateName":"Hort Rodaun","potentialAction":[{"@type":"SearchAction","target":{"@type":"EntryPoint","urlTemplate":"https:\/\/www.stachristiana.at\/hort-rodaun\/?s={search_term_string}"},"query-input":{"@type":"PropertyValueSpecification","valueRequired":true,"valueName":"search_term_string"}}],"inLanguage":"de"},{"@type":"Organization","@id":"https:\/\/www.stachristiana.at\/hort-rodaun\/#organization","name":"Sta. Christiana - Hort Rodaun","alternateName":"Hort Rodaun","url":"https:\/\/www.stachristiana.at\/hort-rodaun\/","logo":{"@type":"ImageObject","inLanguage":"de","@id":"https:\/\/www.stachristiana.at\/hort-rodaun\/#\/schema\/logo\/image\/","url":"https:\/\/www.stachristiana.at\/app\/uploads\/sites\/9\/2022\/05\/logo-sta-christiana.png","contentUrl":"https:\/\/www.stachristiana.at\/app\/uploads\/sites\/9\/2022\/05\/logo-sta-christiana.png","width":1200,"height":491,"caption":"Sta. Christiana - Hort Rodaun"},"image":{"@id":"https:\/\/www.stachristiana.at\/hort-rodaun\/#\/schema\/logo\/image\/"}}]}},"_links":{"self":[{"href":"https:\/\/www.stachristiana.at\/hort-rodaun\/wp-json\/wp\/v2\/pages\/17","targetHints":{"allow":["GET"]}}],"collection":[{"href":"https:\/\/www.stachristiana.at\/hort-rodaun\/wp-json\/wp\/v2\/pages"}],"about":[{"href":"https:\/\/www.stachristiana.at\/hort-rodaun\/wp-json\/wp\/v2\/types\/page"}],"author":[{"embeddable":true,"href":"https:\/\/www.stachristiana.at\/hort-rodaun\/wp-json\/wp\/v2\/users\/1"}],"replies":[{"embeddable":true,"href":"https:\/\/www.stachristiana.at\/hort-rodaun\/wp-json\/wp\/v2\/comments?post=17"}],"version-history":[{"count":69,"href":"https:\/\/www.stachristiana.at\/hort-rodaun\/wp-json\/wp\/v2\/pages\/17\/revisions"}],"predecessor-version":[{"id":2060,"href":"https:\/\/www.stachristiana.at\/hort-rodaun\/wp-json\/wp\/v2\/pages\/17\/revisions\/2060"}],"wp:attachment":[{"href":"https:\/\/www.stachristiana.at\/hort-rodaun\/wp-json\/wp\/v2\/media?parent=17"}],"curies":[{"name":"wp","href":"https:\/\/api.w.org\/{rel}","templated":true}]}}