{"id":1099,"date":"2023-04-17T09:57:26","date_gmt":"2023-04-17T07:57:26","guid":{"rendered":"https:\/\/www.stachristiana.at\/hort-rodaun\/?page_id=1099"},"modified":"2023-05-24T14:58:14","modified_gmt":"2023-05-24T12:58:14","slug":"tagesablauf-ms-hort","status":"publish","type":"page","link":"https:\/\/www.stachristiana.at\/hort-rodaun\/tagesablauf-ms-hort","title":{"rendered":"Tagesablauf MS-Hort"},"content":{"rendered":"\n<p><strong>Fr\u00fchaufsicht:<\/strong><br>Die Kinder der Mittelschule k\u00f6nnen ab 07:00 Uhr das Schulgel\u00e4nde betreten. Vorort befinden sich ein bis zwei Hortp\u00e4dagog*innen zur Aufsicht. Die Zeit bis zum Unterrichtsbeginn wird daf\u00fcr gen\u00fctzt, anzukommen und sich auf den Schulalltag einzustimmen.<\/p>\n\n\n\n<p><strong>Unterrichtsende:&nbsp;<\/strong>Die Kinder haben einen vorgegebenen Stundenplan mit gleichbleibenden Endzeiten. Ebenso werden sie von Hortp\u00e4dagog*innen das ganze Jahr begleitet. Die Kinder treffen sich nach dem Unterricht im Hortraum oder der Pausenhalle mit ihrem P\u00e4dagog*innen.<\/p>\n\n\n\n<p><strong><u>Mittagessen:<br><\/u><\/strong>Wir bieten Ihrem Kind t\u00e4glich frisch gekochtes Mittagessen, welches in der Schulk\u00fcche von unserem Koch und seinem Team liebevoll, gesund und abwechslungsreich zubereitet wird.<br>Unser Essen wird in Buffetform angerichtet und ausgegeben.Es besteht t\u00e4glich aus einer Suppe mit Einlage, Hauptspeise mit Wahlbeilage, vegetarischem Men\u00fc, einem umfangreichen Salatbuffet und einer Nachspeise. Ebenso k\u00f6nnen sich die Kinder an unserer Obstbar f\u00fcr den Nachmittag bedienen. Unsere Essenzeiten starten je nach Jahrgang und Unterrichtsende zwischen 11:50 Uhr, 13:45 Uhr oder 14:00 Uhr. Die Kinder gehen mit Ihren P\u00e4dagog*innen in den Speisesaal und essen gemeinsam zu Mittag. Anschlie\u00dfend begeben sie sich in die Erholungszeit.<\/p>\n\n\n\n<p><strong><u>Erholungszeit:<br><\/u><\/strong>Diese erstreckt sich von der Beendigung des Mittagessens bis zur Lernzeit um ca 14:35 Uhr.<br>Bei geeigneter Witterung verbringen wir die Freizeit auf der Terrasse oder im Park. Dort gibt es viele M\u00f6glichkeiten und Platz f\u00fcr Sport, Spiel, Entspannung und den kommunikativen Austausch untereinander. Dies ist eine wichtige Zeit f\u00fcr die Gesamtgruppe, um das Miteinander zu st\u00e4rken.<\/p>\n\n\n\n<p><strong>Gestaltung der Lernzeit:<\/strong><br>Die Lernzeit beginnt um 14:35 Uhr und endet um 16:15 Uhr. Anwesend sind in dieser Zeit immer der Hortp\u00e4dagog*innen und ein bis zwei Lehrer*innen der F\u00e4cher Deutsch, Mathe und Englisch. Gemeinsam wird die Lernstunde abgehalten und die Kinder werden zus\u00e4tzlich zur Haus\u00fcbung intensiv betreut, unterst\u00fctzt, gef\u00f6rdert und f\u00fcr Schularbeiten vorbereitet.<br>Individuell werden vorbereitende \u00dcbungen in die Lernzeit durchgef\u00fchrt. Es ist w\u00e4hrend der Lernzeit alles zu vermeiden, was konzentriertes Arbeiten st\u00f6ren w\u00fcrde.<br>Die Hortp\u00e4dagog*innen und der Lehrer*innen &nbsp;verschaffen sich am Beginn der Lernzeit einen \u00dcberblick der zu erledigenden&nbsp; Aufgaben. Dadurch k\u00f6nnen die Kinder beim Lernen unterst\u00fctzen und zielgerecht begleitet werden.<\/p>\n\n\n\n<p><strong>Selbst\u00e4ndigkeit f\u00f6rdern<\/strong><br>In der Lernzeit beginnen die Kinder und Jugendlichen selbstst\u00e4ndig mit ihren Hausaufgaben und versuchen zuerst alleine, diese zu erledigen. Hilfestellung hei\u00dft f\u00fcr uns, nicht gleich die L\u00f6sung zu sagen, sondern mit Tipps und Hinweisen zur L\u00f6sung hinzuf\u00fchren. Sollte es nach wie vor zu Unklarheiten kommen, wiederholt der\/die Lehrer*innen den Stoff mit dem Kind erneut. Fertige Arbeiten legen die Hortkinder der\/dem Hortp\u00e4dagog*innen und \/ oder dem jeweiligen Fachlehrer*innen vor und werden von dieser vorallem auf deren Vollst\u00e4ndigkeit und teils auf Richtigkeit durchgesehen.<\/p>\n\n\n\n<p><strong>Eigenverantwortung\/ Selbstbestimmung<\/strong><br>Unsere Kinder und Jugendlichen entscheiden selbst, mit welcher Hausaufgabe sie beginnen bzw. wann sie f\u00fcr aktuelle \u00dcberpr\u00fcfungen lernen m\u00fcssen. Wir weisen sie aber selbstverst\u00e4ndlich darauf hin, dass die p\u00fcnktliche Abgabe von Hausaufgaben o. \u00c4. in ihrer Verantwortung liegt und einen wesentlichen Teil der Benotung ausmacht. Gegebenenfalls \u00fcberpr\u00fcfen wir, ob die Kinder und Jugendlichen das Gelernte selbstst\u00e4ndig anwenden k\u00f6nnen bzw. verstanden haben.<\/p>\n\n\n\n<p><strong>Zeitmanagement<\/strong><br>Manchmal ist es notwendig, mit den Kindern und Jugendlichen einen zeitlichen Lernplan zu erarbeiten, damit sie einen guten \u00dcberblick haben, wann was zu erledigen ist, beziehungsweise damit sie lernen, sich den Lernstoff und die Haus\u00fcbungen sinnvoll einzuteilen.<\/p>\n\n\n\n<p><strong>Pause w\u00e4hrend der Lernzeit:<\/strong><br>Die Pause dient zum Jausnen, Erholen und Energie tanken. Die Kinder k\u00f6nnen nach eigenem Ermessen eine kurze Pause einlegen um dann wieder voll durchzustarten.<\/p>\n\n\n\n<p><strong>Gestaltung der Freizeit:<\/strong><br>Diese beginnt nach der fertigen Haus\u00fcbung und Lernphase. Diese wird individuell je nach Bed\u00fcrfnis der Kinder und Jugendlichen gestaltet. Jede unserer Hort-Gruppen verf\u00fcgt \u00fcber einen eigenen Hortraum. Kinder welche alles erledigt haben, k\u00f6nnen die Zeit f\u00fcr Spiele, Bewegung etc. im anliegenden Gruppenraum nutzen. Dieser ist v\u00f6llig auf die Bed\u00fcrfnisse der Kinder ausgerichtet. Es gibt Couchen zur Entspannung, Spiele, Zeichen und Malbereiche, und ganz viel Platz um sich zu entfalten. Durch die Gruppenr\u00e4ume k\u00f6nnen wir den Kindern welche noch mit schulischen Aufgaben besch\u00e4ftigt sind, die M\u00f6glichkeit geben in der Klasse ungest\u00f6rt weiter zu arbeiten. Dadurch  wird eine ruhige Lernatmosph\u00e4re geschaffen, in welcher sich die Kinder gut konzentrieren k\u00f6nnen und nicht von anderen Kindern, die bereits fertig sind, abgelenkt oder gest\u00f6rt werden.<\/p>\n\n\n\n<p>Ab 16:15 Uhr beginnt f\u00fcr alle die Freizeit. Diese wird im Park, im Gruppenraum, der Terrasse, oder der Mehrzweckhalle genossen. Unser Hort schlie\u00dft nach einem aufregenden und arbeitsreichen Tag um 18:00 Uhr.<\/p>\n","protected":false},"excerpt":{"rendered":"<p>Fr\u00fchaufsicht:Die Kinder der Mittelschule k\u00f6nnen ab 07:00 Uhr das Schulgel\u00e4nde betreten. Vorort befinden sich ein bis zwei Hortp\u00e4dagog*innen zur Aufsicht. Die Zeit bis zum Unterrichtsbeginn wird daf\u00fcr gen\u00fctzt, anzukommen und sich auf den Schulalltag einzustimmen. Unterrichtsende:&nbsp;Die Kinder haben einen vorgegebenen Stundenplan mit gleichbleibenden Endzeiten. Ebenso werden sie von Hortp\u00e4dagog*innen das ganze Jahr begleitet. Die Kinder [&hellip;]<\/p>\n","protected":false},"author":64,"featured_media":0,"parent":0,"menu_order":0,"comment_status":"closed","ping_status":"closed","template":"","meta":{"footnotes":""},"class_list":["post-1099","page","type-page","status-publish","hentry"],"acf":[],"yoast_head":"<!-- This site is optimized with the Yoast SEO plugin v26.8 - https:\/\/yoast.com\/product\/yoast-seo-wordpress\/ -->\n<title>Tagesablauf MS-Hort - Hort Rodaun<\/title>\n<meta name=\"robots\" content=\"index, follow, max-snippet:-1, max-image-preview:large, max-video-preview:-1\" \/>\n<link rel=\"canonical\" href=\"https:\/\/www.stachristiana.at\/hort-rodaun\/tagesablauf-ms-hort\" \/>\n<meta property=\"og:locale\" content=\"de_DE\" \/>\n<meta property=\"og:type\" content=\"article\" \/>\n<meta property=\"og:title\" content=\"Tagesablauf MS-Hort - Hort Rodaun\" \/>\n<meta property=\"og:description\" content=\"Fr\u00fchaufsicht:Die Kinder der Mittelschule k\u00f6nnen ab 07:00 Uhr das Schulgel\u00e4nde betreten. Vorort befinden sich ein bis zwei Hortp\u00e4dagog*innen zur Aufsicht. Die Zeit bis zum Unterrichtsbeginn wird daf\u00fcr gen\u00fctzt, anzukommen und sich auf den Schulalltag einzustimmen. Unterrichtsende:&nbsp;Die Kinder haben einen vorgegebenen Stundenplan mit gleichbleibenden Endzeiten. Ebenso werden sie von Hortp\u00e4dagog*innen das ganze Jahr begleitet. Die Kinder [&hellip;]\" \/>\n<meta property=\"og:url\" content=\"https:\/\/www.stachristiana.at\/hort-rodaun\/tagesablauf-ms-hort\" \/>\n<meta property=\"og:site_name\" content=\"Hort Rodaun\" \/>\n<meta property=\"article:modified_time\" content=\"2023-05-24T12:58:14+00:00\" \/>\n<meta property=\"og:image\" content=\"https:\/\/www.stachristiana.at\/app\/uploads\/sites\/9\/2022\/05\/logo-sta-christiana.png\" \/>\n\t<meta property=\"og:image:width\" content=\"1200\" \/>\n\t<meta property=\"og:image:height\" content=\"491\" \/>\n\t<meta property=\"og:image:type\" content=\"image\/png\" \/>\n<meta name=\"twitter:card\" content=\"summary_large_image\" \/>\n<meta name=\"twitter:label1\" content=\"Gesch\u00e4tzte Lesezeit\" \/>\n\t<meta name=\"twitter:data1\" content=\"4\u00a0Minuten\" \/>\n<script type=\"application\/ld+json\" class=\"yoast-schema-graph\">{\"@context\":\"https:\/\/schema.org\",\"@graph\":[{\"@type\":\"WebPage\",\"@id\":\"https:\/\/www.stachristiana.at\/hort-rodaun\/tagesablauf-ms-hort\",\"url\":\"https:\/\/www.stachristiana.at\/hort-rodaun\/tagesablauf-ms-hort\",\"name\":\"Tagesablauf MS-Hort - Hort Rodaun\",\"isPartOf\":{\"@id\":\"https:\/\/www.stachristiana.at\/hort-rodaun\/#website\"},\"datePublished\":\"2023-04-17T07:57:26+00:00\",\"dateModified\":\"2023-05-24T12:58:14+00:00\",\"breadcrumb\":{\"@id\":\"https:\/\/www.stachristiana.at\/hort-rodaun\/tagesablauf-ms-hort#breadcrumb\"},\"inLanguage\":\"de\",\"potentialAction\":[{\"@type\":\"ReadAction\",\"target\":[\"https:\/\/www.stachristiana.at\/hort-rodaun\/tagesablauf-ms-hort\"]}]},{\"@type\":\"BreadcrumbList\",\"@id\":\"https:\/\/www.stachristiana.at\/hort-rodaun\/tagesablauf-ms-hort#breadcrumb\",\"itemListElement\":[{\"@type\":\"ListItem\",\"position\":1,\"name\":\"Start\",\"item\":\"https:\/\/www.stachristiana.at\/\"},{\"@type\":\"ListItem\",\"position\":2,\"name\":\"Tagesablauf MS-Hort\"}]},{\"@type\":\"WebSite\",\"@id\":\"https:\/\/www.stachristiana.at\/hort-rodaun\/#website\",\"url\":\"https:\/\/www.stachristiana.at\/hort-rodaun\/\",\"name\":\"Sta. Christiana - Hort Rodaun\",\"description\":\"Sta. Christiana - Schulen zum Leben\",\"publisher\":{\"@id\":\"https:\/\/www.stachristiana.at\/hort-rodaun\/#organization\"},\"alternateName\":\"Hort Rodaun\",\"potentialAction\":[{\"@type\":\"SearchAction\",\"target\":{\"@type\":\"EntryPoint\",\"urlTemplate\":\"https:\/\/www.stachristiana.at\/hort-rodaun\/?s={search_term_string}\"},\"query-input\":{\"@type\":\"PropertyValueSpecification\",\"valueRequired\":true,\"valueName\":\"search_term_string\"}}],\"inLanguage\":\"de\"},{\"@type\":\"Organization\",\"@id\":\"https:\/\/www.stachristiana.at\/hort-rodaun\/#organization\",\"name\":\"Sta. Christiana - Hort Rodaun\",\"alternateName\":\"Hort Rodaun\",\"url\":\"https:\/\/www.stachristiana.at\/hort-rodaun\/\",\"logo\":{\"@type\":\"ImageObject\",\"inLanguage\":\"de\",\"@id\":\"https:\/\/www.stachristiana.at\/hort-rodaun\/#\/schema\/logo\/image\/\",\"url\":\"https:\/\/www.stachristiana.at\/app\/uploads\/sites\/9\/2022\/05\/logo-sta-christiana.png\",\"contentUrl\":\"https:\/\/www.stachristiana.at\/app\/uploads\/sites\/9\/2022\/05\/logo-sta-christiana.png\",\"width\":1200,\"height\":491,\"caption\":\"Sta. Christiana - Hort Rodaun\"},\"image\":{\"@id\":\"https:\/\/www.stachristiana.at\/hort-rodaun\/#\/schema\/logo\/image\/\"}}]}<\/script>\n<!-- \/ Yoast SEO plugin. -->","yoast_head_json":{"title":"Tagesablauf MS-Hort - Hort Rodaun","robots":{"index":"index","follow":"follow","max-snippet":"max-snippet:-1","max-image-preview":"max-image-preview:large","max-video-preview":"max-video-preview:-1"},"canonical":"https:\/\/www.stachristiana.at\/hort-rodaun\/tagesablauf-ms-hort","og_locale":"de_DE","og_type":"article","og_title":"Tagesablauf MS-Hort - Hort Rodaun","og_description":"Fr\u00fchaufsicht:Die Kinder der Mittelschule k\u00f6nnen ab 07:00 Uhr das Schulgel\u00e4nde betreten. Vorort befinden sich ein bis zwei Hortp\u00e4dagog*innen zur Aufsicht. Die Zeit bis zum Unterrichtsbeginn wird daf\u00fcr gen\u00fctzt, anzukommen und sich auf den Schulalltag einzustimmen. Unterrichtsende:&nbsp;Die Kinder haben einen vorgegebenen Stundenplan mit gleichbleibenden Endzeiten. Ebenso werden sie von Hortp\u00e4dagog*innen das ganze Jahr begleitet. Die Kinder [&hellip;]","og_url":"https:\/\/www.stachristiana.at\/hort-rodaun\/tagesablauf-ms-hort","og_site_name":"Hort Rodaun","article_modified_time":"2023-05-24T12:58:14+00:00","og_image":[{"width":1200,"height":491,"url":"https:\/\/www.stachristiana.at\/app\/uploads\/sites\/9\/2022\/05\/logo-sta-christiana.png","type":"image\/png"}],"twitter_card":"summary_large_image","twitter_misc":{"Gesch\u00e4tzte Lesezeit":"4\u00a0Minuten"},"schema":{"@context":"https:\/\/schema.org","@graph":[{"@type":"WebPage","@id":"https:\/\/www.stachristiana.at\/hort-rodaun\/tagesablauf-ms-hort","url":"https:\/\/www.stachristiana.at\/hort-rodaun\/tagesablauf-ms-hort","name":"Tagesablauf MS-Hort - Hort Rodaun","isPartOf":{"@id":"https:\/\/www.stachristiana.at\/hort-rodaun\/#website"},"datePublished":"2023-04-17T07:57:26+00:00","dateModified":"2023-05-24T12:58:14+00:00","breadcrumb":{"@id":"https:\/\/www.stachristiana.at\/hort-rodaun\/tagesablauf-ms-hort#breadcrumb"},"inLanguage":"de","potentialAction":[{"@type":"ReadAction","target":["https:\/\/www.stachristiana.at\/hort-rodaun\/tagesablauf-ms-hort"]}]},{"@type":"BreadcrumbList","@id":"https:\/\/www.stachristiana.at\/hort-rodaun\/tagesablauf-ms-hort#breadcrumb","itemListElement":[{"@type":"ListItem","position":1,"name":"Start","item":"https:\/\/www.stachristiana.at\/"},{"@type":"ListItem","position":2,"name":"Tagesablauf MS-Hort"}]},{"@type":"WebSite","@id":"https:\/\/www.stachristiana.at\/hort-rodaun\/#website","url":"https:\/\/www.stachristiana.at\/hort-rodaun\/","name":"Sta. Christiana - Hort Rodaun","description":"Sta. Christiana - Schulen zum Leben","publisher":{"@id":"https:\/\/www.stachristiana.at\/hort-rodaun\/#organization"},"alternateName":"Hort Rodaun","potentialAction":[{"@type":"SearchAction","target":{"@type":"EntryPoint","urlTemplate":"https:\/\/www.stachristiana.at\/hort-rodaun\/?s={search_term_string}"},"query-input":{"@type":"PropertyValueSpecification","valueRequired":true,"valueName":"search_term_string"}}],"inLanguage":"de"},{"@type":"Organization","@id":"https:\/\/www.stachristiana.at\/hort-rodaun\/#organization","name":"Sta. Christiana - Hort Rodaun","alternateName":"Hort Rodaun","url":"https:\/\/www.stachristiana.at\/hort-rodaun\/","logo":{"@type":"ImageObject","inLanguage":"de","@id":"https:\/\/www.stachristiana.at\/hort-rodaun\/#\/schema\/logo\/image\/","url":"https:\/\/www.stachristiana.at\/app\/uploads\/sites\/9\/2022\/05\/logo-sta-christiana.png","contentUrl":"https:\/\/www.stachristiana.at\/app\/uploads\/sites\/9\/2022\/05\/logo-sta-christiana.png","width":1200,"height":491,"caption":"Sta. Christiana - Hort Rodaun"},"image":{"@id":"https:\/\/www.stachristiana.at\/hort-rodaun\/#\/schema\/logo\/image\/"}}]}},"_links":{"self":[{"href":"https:\/\/www.stachristiana.at\/hort-rodaun\/wp-json\/wp\/v2\/pages\/1099","targetHints":{"allow":["GET"]}}],"collection":[{"href":"https:\/\/www.stachristiana.at\/hort-rodaun\/wp-json\/wp\/v2\/pages"}],"about":[{"href":"https:\/\/www.stachristiana.at\/hort-rodaun\/wp-json\/wp\/v2\/types\/page"}],"author":[{"embeddable":true,"href":"https:\/\/www.stachristiana.at\/hort-rodaun\/wp-json\/wp\/v2\/users\/64"}],"replies":[{"embeddable":true,"href":"https:\/\/www.stachristiana.at\/hort-rodaun\/wp-json\/wp\/v2\/comments?post=1099"}],"version-history":[{"count":4,"href":"https:\/\/www.stachristiana.at\/hort-rodaun\/wp-json\/wp\/v2\/pages\/1099\/revisions"}],"predecessor-version":[{"id":1394,"href":"https:\/\/www.stachristiana.at\/hort-rodaun\/wp-json\/wp\/v2\/pages\/1099\/revisions\/1394"}],"wp:attachment":[{"href":"https:\/\/www.stachristiana.at\/hort-rodaun\/wp-json\/wp\/v2\/media?parent=1099"}],"curies":[{"name":"wp","href":"https:\/\/api.w.org\/{rel}","templated":true}]}}