{"id":630,"date":"2023-01-16T22:58:49","date_gmt":"2023-01-16T21:58:49","guid":{"rendered":"http:\/\/www.sanctachristiana.at\/hlw-rodaun\/?page_id=630"},"modified":"2023-01-16T22:59:26","modified_gmt":"2023-01-16T21:59:26","slug":"emas","status":"publish","type":"page","link":"https:\/\/www.stachristiana.at\/hlw-rodaun\/wofuer-wir-stehen\/emas","title":{"rendered":"EMAS"},"content":{"rendered":"\n<p>Unsere Schule ist EMAS zertifiziert. EMAS ist die Kurzbezeichnung f\u00fcr das \u201eGemeinschaftssystem f\u00fcr Umweltmanagement und Umweltbetriebspr\u00fcfung\u201c (Eco-Management and Audit Scheme).<\/p>\n\n\n\n<p>\u201eAlle Unternehmen bzw. Organisationen, die an EMAS teilnehmen, erstellen eine Umwelterkl\u00e4rung. Neben einer Darstellung der Umweltpolitik und des Umweltprogrammes des Betriebes werden auch die Umweltauswirkungen des Standortes\/Betriebs bewertet und konkrete Ziele f\u00fcr die Verbesserung des betrieblichen Umweltschutzes festgelegt. Die Umwelterkl\u00e4rung wird von einer\/einem staatlich zugelassenen UmweltgutachterIn \u00fcberpr\u00fcft. Erf\u00fcllt die Umwelterkl\u00e4rung die Anforderungen der EMAS-Verordnung, wird diese von der\/dem UmweltgutachterIn validiert.\u201c (<a href=\"http:\/\/www.umweltbundesamt.at\/\">www.umweltbundesamt.at<\/a>, 8.4.2022)<\/p>\n\n\n\n<p>Eines unserer Bildungsziele ist, unseren Sch\u00fclerinnen und Sch\u00fclern die F\u00e4higkeit mitzugeben, nachhaltig und \u00f6kologisch handeln zu k\u00f6nnen. Au\u00dferdem ist es uns ein gro\u00dfes Anliegen, m\u00fcndige und verantwortungsvolle junge Erwachsene auf das Berufsleben vorzubereiten, die Eigenverantwortung f\u00fcr ihre Umwelt \u00fcbernehmen.<\/p>\n\n\n\n<div data-wp-interactive=\"core\/file\" class=\"wp-block-file\"><object data-wp-bind--hidden=\"!state.hasPdfPreview\" hidden class=\"wp-block-file__embed\" data=\"https:\/\/www.stachristiana.at\/app\/uploads\/sites\/2\/2023\/01\/Umwelterklaerung.pdf\" type=\"application\/pdf\" style=\"width:100%;height:600px\" aria-label=\"Einbettung von Umwelterklaerung.\"><\/object><a id=\"wp-block-file--media-cbe280f7-72df-45c0-8549-69e10c6241dd\" href=\"https:\/\/www.stachristiana.at\/app\/uploads\/sites\/2\/2023\/01\/Umwelterklaerung.pdf\">Umwelterklaerung<\/a><a href=\"https:\/\/www.stachristiana.at\/app\/uploads\/sites\/2\/2023\/01\/Umwelterklaerung.pdf\" class=\"wp-block-file__button wp-element-button\" download aria-describedby=\"wp-block-file--media-cbe280f7-72df-45c0-8549-69e10c6241dd\">Herunterladen<\/a><\/div>\n","protected":false},"excerpt":{"rendered":"<p>Unsere Schule ist EMAS zertifiziert. EMAS ist die Kurzbezeichnung f\u00fcr das \u201eGemeinschaftssystem f\u00fcr Umweltmanagement und Umweltbetriebspr\u00fcfung\u201c (Eco-Management and Audit Scheme). \u201eAlle Unternehmen bzw. Organisationen, die an EMAS teilnehmen, erstellen eine Umwelterkl\u00e4rung. Neben einer Darstellung der Umweltpolitik und des Umweltprogrammes des Betriebes werden auch die Umweltauswirkungen des Standortes\/Betriebs bewertet und konkrete Ziele f\u00fcr die Verbesserung des [&hellip;]<\/p>\n","protected":false},"author":17,"featured_media":0,"parent":70,"menu_order":-2,"comment_status":"closed","ping_status":"closed","template":"","meta":{"footnotes":""},"class_list":["post-630","page","type-page","status-publish","hentry"],"acf":[],"yoast_head":"<!-- This site is optimized with the Yoast SEO plugin v26.8 - https:\/\/yoast.com\/product\/yoast-seo-wordpress\/ -->\n<title>EMAS - HLW Rodaun<\/title>\n<meta name=\"robots\" content=\"index, follow, max-snippet:-1, max-image-preview:large, max-video-preview:-1\" \/>\n<link rel=\"canonical\" href=\"https:\/\/www.stachristiana.at\/hlw-rodaun\/wofuer-wir-stehen\/emas\" \/>\n<meta property=\"og:locale\" content=\"de_DE\" \/>\n<meta property=\"og:type\" content=\"article\" \/>\n<meta property=\"og:title\" content=\"EMAS - HLW Rodaun\" \/>\n<meta property=\"og:description\" content=\"Unsere Schule ist EMAS zertifiziert. EMAS ist die Kurzbezeichnung f\u00fcr das \u201eGemeinschaftssystem f\u00fcr Umweltmanagement und Umweltbetriebspr\u00fcfung\u201c (Eco-Management and Audit Scheme). \u201eAlle Unternehmen bzw. Organisationen, die an EMAS teilnehmen, erstellen eine Umwelterkl\u00e4rung. Neben einer Darstellung der Umweltpolitik und des Umweltprogrammes des Betriebes werden auch die Umweltauswirkungen des Standortes\/Betriebs bewertet und konkrete Ziele f\u00fcr die Verbesserung des [&hellip;]\" \/>\n<meta property=\"og:url\" content=\"https:\/\/www.stachristiana.at\/hlw-rodaun\/wofuer-wir-stehen\/emas\" \/>\n<meta property=\"og:site_name\" content=\"HLW Rodaun\" \/>\n<meta property=\"article:modified_time\" content=\"2023-01-16T21:59:26+00:00\" \/>\n<meta property=\"og:image\" content=\"https:\/\/www.stachristiana.at\/app\/uploads\/sites\/2\/2022\/05\/logo-sta-christiana.png\" \/>\n\t<meta property=\"og:image:width\" content=\"1200\" \/>\n\t<meta property=\"og:image:height\" content=\"491\" \/>\n\t<meta property=\"og:image:type\" content=\"image\/png\" \/>\n<meta name=\"twitter:card\" content=\"summary_large_image\" \/>\n<meta name=\"twitter:label1\" content=\"Gesch\u00e4tzte Lesezeit\" \/>\n\t<meta name=\"twitter:data1\" content=\"1\u00a0Minute\" \/>\n<script type=\"application\/ld+json\" class=\"yoast-schema-graph\">{\"@context\":\"https:\/\/schema.org\",\"@graph\":[{\"@type\":\"WebPage\",\"@id\":\"https:\/\/www.stachristiana.at\/hlw-rodaun\/wofuer-wir-stehen\/emas\",\"url\":\"https:\/\/www.stachristiana.at\/hlw-rodaun\/wofuer-wir-stehen\/emas\",\"name\":\"EMAS - HLW Rodaun\",\"isPartOf\":{\"@id\":\"https:\/\/www.stachristiana.at\/hlw-rodaun\/#website\"},\"datePublished\":\"2023-01-16T21:58:49+00:00\",\"dateModified\":\"2023-01-16T21:59:26+00:00\",\"breadcrumb\":{\"@id\":\"https:\/\/www.stachristiana.at\/hlw-rodaun\/wofuer-wir-stehen\/emas#breadcrumb\"},\"inLanguage\":\"de\",\"potentialAction\":[{\"@type\":\"ReadAction\",\"target\":[\"https:\/\/www.stachristiana.at\/hlw-rodaun\/wofuer-wir-stehen\/emas\"]}]},{\"@type\":\"BreadcrumbList\",\"@id\":\"https:\/\/www.stachristiana.at\/hlw-rodaun\/wofuer-wir-stehen\/emas#breadcrumb\",\"itemListElement\":[{\"@type\":\"ListItem\",\"position\":1,\"name\":\"Start\",\"item\":\"https:\/\/www.stachristiana.at\/\"},{\"@type\":\"ListItem\",\"position\":2,\"name\":\"Wof\u00fcr wir stehen\",\"item\":\"https:\/\/www.stachristiana.at\/hlw-rodaun\/wofuer-wir-stehen\"},{\"@type\":\"ListItem\",\"position\":3,\"name\":\"EMAS\"}]},{\"@type\":\"WebSite\",\"@id\":\"https:\/\/www.stachristiana.at\/hlw-rodaun\/#website\",\"url\":\"https:\/\/www.stachristiana.at\/hlw-rodaun\/\",\"name\":\"Sta. Christiana - HLW Rodaun\",\"description\":\"H\u00f6here Lehranstalt, Fachschule und Aufbaulehrgang f\u00fcr wirtschaftliche Berufe\",\"publisher\":{\"@id\":\"https:\/\/www.stachristiana.at\/hlw-rodaun\/#organization\"},\"alternateName\":\"Sta. Christiana\",\"potentialAction\":[{\"@type\":\"SearchAction\",\"target\":{\"@type\":\"EntryPoint\",\"urlTemplate\":\"https:\/\/www.stachristiana.at\/hlw-rodaun\/?s={search_term_string}\"},\"query-input\":{\"@type\":\"PropertyValueSpecification\",\"valueRequired\":true,\"valueName\":\"search_term_string\"}}],\"inLanguage\":\"de\"},{\"@type\":\"Organization\",\"@id\":\"https:\/\/www.stachristiana.at\/hlw-rodaun\/#organization\",\"name\":\"Sta. Christiana - Schulen zum Leben\",\"alternateName\":\"Sta. Christiana\",\"url\":\"https:\/\/www.stachristiana.at\/hlw-rodaun\/\",\"logo\":{\"@type\":\"ImageObject\",\"inLanguage\":\"de\",\"@id\":\"https:\/\/www.stachristiana.at\/hlw-rodaun\/#\/schema\/logo\/image\/\",\"url\":\"https:\/\/www.stachristiana.at\/app\/uploads\/sites\/2\/2022\/05\/logo-sta-christiana.png\",\"contentUrl\":\"https:\/\/www.stachristiana.at\/app\/uploads\/sites\/2\/2022\/05\/logo-sta-christiana.png\",\"width\":1200,\"height\":491,\"caption\":\"Sta. Christiana - Schulen zum Leben\"},\"image\":{\"@id\":\"https:\/\/www.stachristiana.at\/hlw-rodaun\/#\/schema\/logo\/image\/\"}}]}<\/script>\n<!-- \/ Yoast SEO plugin. -->","yoast_head_json":{"title":"EMAS - HLW Rodaun","robots":{"index":"index","follow":"follow","max-snippet":"max-snippet:-1","max-image-preview":"max-image-preview:large","max-video-preview":"max-video-preview:-1"},"canonical":"https:\/\/www.stachristiana.at\/hlw-rodaun\/wofuer-wir-stehen\/emas","og_locale":"de_DE","og_type":"article","og_title":"EMAS - HLW Rodaun","og_description":"Unsere Schule ist EMAS zertifiziert. EMAS ist die Kurzbezeichnung f\u00fcr das \u201eGemeinschaftssystem f\u00fcr Umweltmanagement und Umweltbetriebspr\u00fcfung\u201c (Eco-Management and Audit Scheme). \u201eAlle Unternehmen bzw. Organisationen, die an EMAS teilnehmen, erstellen eine Umwelterkl\u00e4rung. Neben einer Darstellung der Umweltpolitik und des Umweltprogrammes des Betriebes werden auch die Umweltauswirkungen des Standortes\/Betriebs bewertet und konkrete Ziele f\u00fcr die Verbesserung des [&hellip;]","og_url":"https:\/\/www.stachristiana.at\/hlw-rodaun\/wofuer-wir-stehen\/emas","og_site_name":"HLW Rodaun","article_modified_time":"2023-01-16T21:59:26+00:00","og_image":[{"width":1200,"height":491,"url":"https:\/\/www.stachristiana.at\/app\/uploads\/sites\/2\/2022\/05\/logo-sta-christiana.png","type":"image\/png"}],"twitter_card":"summary_large_image","twitter_misc":{"Gesch\u00e4tzte Lesezeit":"1\u00a0Minute"},"schema":{"@context":"https:\/\/schema.org","@graph":[{"@type":"WebPage","@id":"https:\/\/www.stachristiana.at\/hlw-rodaun\/wofuer-wir-stehen\/emas","url":"https:\/\/www.stachristiana.at\/hlw-rodaun\/wofuer-wir-stehen\/emas","name":"EMAS - HLW Rodaun","isPartOf":{"@id":"https:\/\/www.stachristiana.at\/hlw-rodaun\/#website"},"datePublished":"2023-01-16T21:58:49+00:00","dateModified":"2023-01-16T21:59:26+00:00","breadcrumb":{"@id":"https:\/\/www.stachristiana.at\/hlw-rodaun\/wofuer-wir-stehen\/emas#breadcrumb"},"inLanguage":"de","potentialAction":[{"@type":"ReadAction","target":["https:\/\/www.stachristiana.at\/hlw-rodaun\/wofuer-wir-stehen\/emas"]}]},{"@type":"BreadcrumbList","@id":"https:\/\/www.stachristiana.at\/hlw-rodaun\/wofuer-wir-stehen\/emas#breadcrumb","itemListElement":[{"@type":"ListItem","position":1,"name":"Start","item":"https:\/\/www.stachristiana.at\/"},{"@type":"ListItem","position":2,"name":"Wof\u00fcr wir stehen","item":"https:\/\/www.stachristiana.at\/hlw-rodaun\/wofuer-wir-stehen"},{"@type":"ListItem","position":3,"name":"EMAS"}]},{"@type":"WebSite","@id":"https:\/\/www.stachristiana.at\/hlw-rodaun\/#website","url":"https:\/\/www.stachristiana.at\/hlw-rodaun\/","name":"Sta. Christiana - HLW Rodaun","description":"H\u00f6here Lehranstalt, Fachschule und Aufbaulehrgang f\u00fcr wirtschaftliche Berufe","publisher":{"@id":"https:\/\/www.stachristiana.at\/hlw-rodaun\/#organization"},"alternateName":"Sta. Christiana","potentialAction":[{"@type":"SearchAction","target":{"@type":"EntryPoint","urlTemplate":"https:\/\/www.stachristiana.at\/hlw-rodaun\/?s={search_term_string}"},"query-input":{"@type":"PropertyValueSpecification","valueRequired":true,"valueName":"search_term_string"}}],"inLanguage":"de"},{"@type":"Organization","@id":"https:\/\/www.stachristiana.at\/hlw-rodaun\/#organization","name":"Sta. Christiana - Schulen zum Leben","alternateName":"Sta. Christiana","url":"https:\/\/www.stachristiana.at\/hlw-rodaun\/","logo":{"@type":"ImageObject","inLanguage":"de","@id":"https:\/\/www.stachristiana.at\/hlw-rodaun\/#\/schema\/logo\/image\/","url":"https:\/\/www.stachristiana.at\/app\/uploads\/sites\/2\/2022\/05\/logo-sta-christiana.png","contentUrl":"https:\/\/www.stachristiana.at\/app\/uploads\/sites\/2\/2022\/05\/logo-sta-christiana.png","width":1200,"height":491,"caption":"Sta. Christiana - Schulen zum Leben"},"image":{"@id":"https:\/\/www.stachristiana.at\/hlw-rodaun\/#\/schema\/logo\/image\/"}}]}},"_links":{"self":[{"href":"https:\/\/www.stachristiana.at\/hlw-rodaun\/wp-json\/wp\/v2\/pages\/630","targetHints":{"allow":["GET"]}}],"collection":[{"href":"https:\/\/www.stachristiana.at\/hlw-rodaun\/wp-json\/wp\/v2\/pages"}],"about":[{"href":"https:\/\/www.stachristiana.at\/hlw-rodaun\/wp-json\/wp\/v2\/types\/page"}],"author":[{"embeddable":true,"href":"https:\/\/www.stachristiana.at\/hlw-rodaun\/wp-json\/wp\/v2\/users\/17"}],"replies":[{"embeddable":true,"href":"https:\/\/www.stachristiana.at\/hlw-rodaun\/wp-json\/wp\/v2\/comments?post=630"}],"version-history":[{"count":1,"href":"https:\/\/www.stachristiana.at\/hlw-rodaun\/wp-json\/wp\/v2\/pages\/630\/revisions"}],"predecessor-version":[{"id":633,"href":"https:\/\/www.stachristiana.at\/hlw-rodaun\/wp-json\/wp\/v2\/pages\/630\/revisions\/633"}],"up":[{"embeddable":true,"href":"https:\/\/www.stachristiana.at\/hlw-rodaun\/wp-json\/wp\/v2\/pages\/70"}],"wp:attachment":[{"href":"https:\/\/www.stachristiana.at\/hlw-rodaun\/wp-json\/wp\/v2\/media?parent=630"}],"curies":[{"name":"wp","href":"https:\/\/api.w.org\/{rel}","templated":true}]}}