{"id":491,"date":"2022-06-23T20:29:51","date_gmt":"2022-06-23T18:29:51","guid":{"rendered":"http:\/\/www.sanctachristiana.at\/hlw-rodaun\/?page_id=491"},"modified":"2024-04-15T10:26:01","modified_gmt":"2024-04-15T08:26:01","slug":"fachschule-fu%cc%88r-wirtschaftliche-berufe","status":"publish","type":"page","link":"https:\/\/www.stachristiana.at\/hlw-rodaun\/was-wir-bieten\/fachschule-fu%cc%88r-wirtschaftliche-berufe","title":{"rendered":"Fachschule fu\u0308r wirtschaftliche Berufe"},"content":{"rendered":"\n<h2 class=\"wp-block-heading\">Allgemeines<\/h2>\n\n\n\n<p>Mit dem erfolgreichen Abschluss der dreij\u00e4hrigen Fachschule sind unsere AbsolventInnen nach Europass berechtigt folgende Berufe auszu\u00fcben:<\/p>\n\n\n\n<ul class=\"wp-block-list\">\n<li>Restaurantfachmann\/-fachfrau<\/li>\n\n\n\n<li>B\u00fcrokaufmann\/-kauffrau<\/li>\n\n\n\n<li>Gastgewerbeeink\u00e4ufer\/-in<\/li>\n\n\n\n<li>Hotelkaufmann\/-kauffrau<\/li>\n\n\n\n<li>Sekret\u00e4r\/-in<\/li>\n\n\n\n<li>Hotelsekret\u00e4r\/-in<\/li>\n\n\n\n<li>Kanzleibedienstete\/-r<\/li>\n\n\n\n<li>Sachbearbeiter\/-in im Verkauf<\/li>\n\n\n\n<li>Kundenbetreuer\/-in<\/li>\n\n\n\n<li>Teamassistent\/-in<\/li>\n\n\n\n<li>Ersatz von Lehrzeiten z.B. Koch\/K\u00f6chin, Reiseb\u00fcroassistent\/-in<\/li>\n<\/ul>\n\n\n\n<figure class=\"wp-block-image size-large is-resized\"><img loading=\"lazy\" decoding=\"async\" width=\"1024\" height=\"682\" src=\"https:\/\/www.stachristiana.at\/app\/uploads\/sites\/2\/2023\/01\/hlw_V1_320A9552-1024x682.jpg\" alt=\"\" class=\"wp-image-788\" style=\"width:507px;height:337px\" srcset=\"https:\/\/www.stachristiana.at\/app\/uploads\/sites\/2\/2023\/01\/hlw_V1_320A9552-1024x682.jpg 1024w, https:\/\/www.stachristiana.at\/app\/uploads\/sites\/2\/2023\/01\/hlw_V1_320A9552-400x267.jpg 400w, https:\/\/www.stachristiana.at\/app\/uploads\/sites\/2\/2023\/01\/hlw_V1_320A9552-768x512.jpg 768w, https:\/\/www.stachristiana.at\/app\/uploads\/sites\/2\/2023\/01\/hlw_V1_320A9552-1536x1024.jpg 1536w, https:\/\/www.stachristiana.at\/app\/uploads\/sites\/2\/2023\/01\/hlw_V1_320A9552-690x460.jpg 690w, https:\/\/www.stachristiana.at\/app\/uploads\/sites\/2\/2023\/01\/hlw_V1_320A9552-113x75.jpg 113w, https:\/\/www.stachristiana.at\/app\/uploads\/sites\/2\/2023\/01\/hlw_V1_320A9552.jpg 2000w\" sizes=\"auto, (max-width: 1024px) 100vw, 1024px\" \/><\/figure>\n\n\n\n<p>Mit einem einschl\u00e4gigen Praxisnachweis entf\u00e4llt die Unternehmerpr\u00fcfung f\u00fcr reglementierte Berufe wie z.B. Gastgewerbe oder Versicherungsagent\/-in. Die allgemeine Ausbildung umfasst die erweiterten Kenntnisse und Fertigkeiten, die zur Aus\u00fcbung von Berufen in den Bereichen Wirtschaft, Verwaltung, Ern\u00e4hrung, Hotellerie und Gastronomie bef\u00e4higen. Die wesentlichen Kompetenzziele der Ausbildung sind Pers\u00f6nlichkeitsbildung, F\u00e4higkeit der beruflichen Mobilit\u00e4t und Flexibilit\u00e4t, Kreativit\u00e4t, Kritikf\u00e4higkeit und soziales Engagement sowie Kommunikationsf\u00e4higkeit.<\/p>\n\n\n\n<div class=\"wp-block-buttons is-layout-flex wp-block-buttons-is-layout-flex\">\n<div class=\"wp-block-button is-style-outline is-style-outline--1\"><a class=\"wp-block-button__link wp-element-button\" href=\"https:\/\/www.stachristiana.at\/app\/uploads\/sites\/2\/2023\/01\/Stundentafel_FW_ab19-20.pdf\" target=\"_blank\" rel=\"noreferrer noopener\">Stundentafel Fachschule<\/a><\/div>\n<\/div>\n\n\n\n<p><br><strong>Schulautonome Vertiefung:<\/strong><br>Fotografie und InformationstechnologieIm vertiefenden Gegenstand Fotografie und IT erlernen die Sch\u00fcler\/-innen die Grundlagen der Fototechnik und Einblicke in Natur-, Makro-, Portrait-, und Produktfotografie als wichtige Elemente professionellen Marketings.<\/p>\n\n\n\n<p><strong>Kaffeekenner sowie vegan\/vegetarische Fachkraft<\/strong><br>Die Zusatzausbildung Kaffeekenner in der ersten Fachschulklasse vermittelt Kenntnisse und Fertigkeiten f\u00fcr qualifizierte, unterst\u00fctzende Beratung und Zubereitung von Kaffeespezialit\u00e4ten im Hotel- und Gastgewerbe. In der zweiten Fachschulklasse werden pflanzenbasierte, nachhaltige und innovative Speisen im Rahmen der Zertifikatsausbildung \u201evegan\/vegetarische Fachkraft\u201c zubereitet und einer externen Pr\u00fcfungskommission vorgef\u00fchrt.<\/p>\n\n\n\n<p><strong>Praktika<\/strong><br>Das Pflichtpraktikum zwischen der zweiten und dritten Fachschulklasse dient dazu, die in der Schule erworbenen gastronomischen Fachkompetenzen in der Berufswelt umzusetzen.<br>Zus\u00e4tzlich zum Pflichtpraktikum kann ein fakultatives (freiwilliges) Praktikum in der Dauer von insgesamt einem Monat absolviert werden. Es kann zwischen der 1. und 2. Klasse w\u00e4hrend der Ferien (Semester-, Osterferien, \u2026) geleistet werden.<\/p>\n\n\n\n<div class=\"wp-block-buttons is-layout-flex wp-block-buttons-is-layout-flex\">\n<div class=\"wp-block-button is-style-outline is-style-outline--2\"><a class=\"wp-block-button__link wp-element-button\" href=\"https:\/\/www.sta-christiana.at\/images\/rodaun\/hlw\/schulbroschure2021web\/schulbroschuere2021.html#p=2\" target=\"_blank\" rel=\"noreferrer noopener\">Schulfolder<\/a><\/div>\n<\/div>\n\n\n\n<div style=\"height:46px\" aria-hidden=\"true\" class=\"wp-block-spacer\"><\/div>\n\n\n\n<div class=\"wp-block-buttons is-layout-flex wp-block-buttons-is-layout-flex\">\n<div class=\"wp-block-button is-style-outline is-style-outline--3\"><a class=\"wp-block-button__link wp-element-button\" href=\"https:\/\/www.stachristiana.at\/app\/uploads\/sites\/2\/2024\/04\/Versaeumen-des-fachpraktischen-Unterrichts.pdf\" target=\"_blank\" rel=\"noreferrer noopener\">Vers\u00e4umen fachpraktischer Unterricht<\/a><\/div>\n<\/div>\n","protected":false},"excerpt":{"rendered":"<p>Allgemeines Mit dem erfolgreichen Abschluss der dreij\u00e4hrigen Fachschule sind unsere AbsolventInnen nach Europass berechtigt folgende Berufe auszu\u00fcben: Mit einem einschl\u00e4gigen Praxisnachweis entf\u00e4llt die Unternehmerpr\u00fcfung f\u00fcr reglementierte Berufe wie z.B. Gastgewerbe oder Versicherungsagent\/-in. Die allgemeine Ausbildung umfasst die erweiterten Kenntnisse und Fertigkeiten, die zur Aus\u00fcbung von Berufen in den Bereichen Wirtschaft, Verwaltung, Ern\u00e4hrung, Hotellerie und Gastronomie [&hellip;]<\/p>\n","protected":false},"author":5,"featured_media":0,"parent":144,"menu_order":2,"comment_status":"closed","ping_status":"closed","template":"","meta":{"footnotes":""},"class_list":["post-491","page","type-page","status-publish","hentry"],"acf":[],"yoast_head":"<!-- This site is optimized with the Yoast SEO plugin v26.8 - https:\/\/yoast.com\/product\/yoast-seo-wordpress\/ -->\n<title>Fachschule fu\u0308r wirtschaftliche Berufe - HLW Rodaun<\/title>\n<meta name=\"robots\" content=\"index, follow, max-snippet:-1, max-image-preview:large, max-video-preview:-1\" \/>\n<link rel=\"canonical\" href=\"https:\/\/www.stachristiana.at\/hlw-rodaun\/was-wir-bieten\/fachschule-fu\u0308r-wirtschaftliche-berufe\" \/>\n<meta property=\"og:locale\" content=\"de_DE\" \/>\n<meta property=\"og:type\" content=\"article\" \/>\n<meta property=\"og:title\" content=\"Fachschule fu\u0308r wirtschaftliche Berufe - HLW Rodaun\" \/>\n<meta property=\"og:description\" content=\"Allgemeines Mit dem erfolgreichen Abschluss der dreij\u00e4hrigen Fachschule sind unsere AbsolventInnen nach Europass berechtigt folgende Berufe auszu\u00fcben: Mit einem einschl\u00e4gigen Praxisnachweis entf\u00e4llt die Unternehmerpr\u00fcfung f\u00fcr reglementierte Berufe wie z.B. Gastgewerbe oder Versicherungsagent\/-in. Die allgemeine Ausbildung umfasst die erweiterten Kenntnisse und Fertigkeiten, die zur Aus\u00fcbung von Berufen in den Bereichen Wirtschaft, Verwaltung, Ern\u00e4hrung, Hotellerie und Gastronomie [&hellip;]\" \/>\n<meta property=\"og:url\" content=\"https:\/\/www.stachristiana.at\/hlw-rodaun\/was-wir-bieten\/fachschule-fu\u0308r-wirtschaftliche-berufe\" \/>\n<meta property=\"og:site_name\" content=\"HLW Rodaun\" \/>\n<meta property=\"article:modified_time\" content=\"2024-04-15T08:26:01+00:00\" \/>\n<meta property=\"og:image\" content=\"https:\/\/www.stachristiana.at\/app\/uploads\/sites\/2\/2023\/01\/hlw_V1_320A9552-1024x682.jpg\" \/>\n<meta name=\"twitter:card\" content=\"summary_large_image\" \/>\n<meta name=\"twitter:label1\" content=\"Gesch\u00e4tzte Lesezeit\" \/>\n\t<meta name=\"twitter:data1\" content=\"2\u00a0Minuten\" \/>\n<script type=\"application\/ld+json\" class=\"yoast-schema-graph\">{\"@context\":\"https:\/\/schema.org\",\"@graph\":[{\"@type\":\"WebPage\",\"@id\":\"https:\/\/www.stachristiana.at\/hlw-rodaun\/was-wir-bieten\/fachschule-fu%cc%88r-wirtschaftliche-berufe\",\"url\":\"https:\/\/www.stachristiana.at\/hlw-rodaun\/was-wir-bieten\/fachschule-fu%cc%88r-wirtschaftliche-berufe\",\"name\":\"Fachschule fu\u0308r wirtschaftliche Berufe - HLW Rodaun\",\"isPartOf\":{\"@id\":\"https:\/\/www.stachristiana.at\/hlw-rodaun\/#website\"},\"primaryImageOfPage\":{\"@id\":\"https:\/\/www.stachristiana.at\/hlw-rodaun\/was-wir-bieten\/fachschule-fu%cc%88r-wirtschaftliche-berufe#primaryimage\"},\"image\":{\"@id\":\"https:\/\/www.stachristiana.at\/hlw-rodaun\/was-wir-bieten\/fachschule-fu%cc%88r-wirtschaftliche-berufe#primaryimage\"},\"thumbnailUrl\":\"https:\/\/www.stachristiana.at\/app\/uploads\/sites\/2\/2023\/01\/hlw_V1_320A9552-1024x682.jpg\",\"datePublished\":\"2022-06-23T18:29:51+00:00\",\"dateModified\":\"2024-04-15T08:26:01+00:00\",\"breadcrumb\":{\"@id\":\"https:\/\/www.stachristiana.at\/hlw-rodaun\/was-wir-bieten\/fachschule-fu%cc%88r-wirtschaftliche-berufe#breadcrumb\"},\"inLanguage\":\"de\",\"potentialAction\":[{\"@type\":\"ReadAction\",\"target\":[\"https:\/\/www.stachristiana.at\/hlw-rodaun\/was-wir-bieten\/fachschule-fu%cc%88r-wirtschaftliche-berufe\"]}]},{\"@type\":\"ImageObject\",\"inLanguage\":\"de\",\"@id\":\"https:\/\/www.stachristiana.at\/hlw-rodaun\/was-wir-bieten\/fachschule-fu%cc%88r-wirtschaftliche-berufe#primaryimage\",\"url\":\"https:\/\/www.stachristiana.at\/app\/uploads\/sites\/2\/2023\/01\/hlw_V1_320A9552-1024x682.jpg\",\"contentUrl\":\"https:\/\/www.stachristiana.at\/app\/uploads\/sites\/2\/2023\/01\/hlw_V1_320A9552-1024x682.jpg\"},{\"@type\":\"BreadcrumbList\",\"@id\":\"https:\/\/www.stachristiana.at\/hlw-rodaun\/was-wir-bieten\/fachschule-fu%cc%88r-wirtschaftliche-berufe#breadcrumb\",\"itemListElement\":[{\"@type\":\"ListItem\",\"position\":1,\"name\":\"Start\",\"item\":\"https:\/\/www.stachristiana.at\/\"},{\"@type\":\"ListItem\",\"position\":2,\"name\":\"Was wir bieten\",\"item\":\"https:\/\/www.stachristiana.at\/hlw-rodaun\/was-wir-bieten\"},{\"@type\":\"ListItem\",\"position\":3,\"name\":\"Fachschule fu\u0308r wirtschaftliche Berufe\"}]},{\"@type\":\"WebSite\",\"@id\":\"https:\/\/www.stachristiana.at\/hlw-rodaun\/#website\",\"url\":\"https:\/\/www.stachristiana.at\/hlw-rodaun\/\",\"name\":\"Sta. Christiana - HLW Rodaun\",\"description\":\"H\u00f6here Lehranstalt, Fachschule und Aufbaulehrgang f\u00fcr wirtschaftliche Berufe\",\"publisher\":{\"@id\":\"https:\/\/www.stachristiana.at\/hlw-rodaun\/#organization\"},\"alternateName\":\"Sta. Christiana\",\"potentialAction\":[{\"@type\":\"SearchAction\",\"target\":{\"@type\":\"EntryPoint\",\"urlTemplate\":\"https:\/\/www.stachristiana.at\/hlw-rodaun\/?s={search_term_string}\"},\"query-input\":{\"@type\":\"PropertyValueSpecification\",\"valueRequired\":true,\"valueName\":\"search_term_string\"}}],\"inLanguage\":\"de\"},{\"@type\":\"Organization\",\"@id\":\"https:\/\/www.stachristiana.at\/hlw-rodaun\/#organization\",\"name\":\"Sta. Christiana - Schulen zum Leben\",\"alternateName\":\"Sta. Christiana\",\"url\":\"https:\/\/www.stachristiana.at\/hlw-rodaun\/\",\"logo\":{\"@type\":\"ImageObject\",\"inLanguage\":\"de\",\"@id\":\"https:\/\/www.stachristiana.at\/hlw-rodaun\/#\/schema\/logo\/image\/\",\"url\":\"https:\/\/www.stachristiana.at\/app\/uploads\/sites\/2\/2022\/05\/logo-sta-christiana.png\",\"contentUrl\":\"https:\/\/www.stachristiana.at\/app\/uploads\/sites\/2\/2022\/05\/logo-sta-christiana.png\",\"width\":1200,\"height\":491,\"caption\":\"Sta. Christiana - Schulen zum Leben\"},\"image\":{\"@id\":\"https:\/\/www.stachristiana.at\/hlw-rodaun\/#\/schema\/logo\/image\/\"}}]}<\/script>\n<!-- \/ Yoast SEO plugin. -->","yoast_head_json":{"title":"Fachschule fu\u0308r wirtschaftliche Berufe - HLW Rodaun","robots":{"index":"index","follow":"follow","max-snippet":"max-snippet:-1","max-image-preview":"max-image-preview:large","max-video-preview":"max-video-preview:-1"},"canonical":"https:\/\/www.stachristiana.at\/hlw-rodaun\/was-wir-bieten\/fachschule-fu\u0308r-wirtschaftliche-berufe","og_locale":"de_DE","og_type":"article","og_title":"Fachschule fu\u0308r wirtschaftliche Berufe - HLW Rodaun","og_description":"Allgemeines Mit dem erfolgreichen Abschluss der dreij\u00e4hrigen Fachschule sind unsere AbsolventInnen nach Europass berechtigt folgende Berufe auszu\u00fcben: Mit einem einschl\u00e4gigen Praxisnachweis entf\u00e4llt die Unternehmerpr\u00fcfung f\u00fcr reglementierte Berufe wie z.B. Gastgewerbe oder Versicherungsagent\/-in. Die allgemeine Ausbildung umfasst die erweiterten Kenntnisse und Fertigkeiten, die zur Aus\u00fcbung von Berufen in den Bereichen Wirtschaft, Verwaltung, Ern\u00e4hrung, Hotellerie und Gastronomie [&hellip;]","og_url":"https:\/\/www.stachristiana.at\/hlw-rodaun\/was-wir-bieten\/fachschule-fu\u0308r-wirtschaftliche-berufe","og_site_name":"HLW Rodaun","article_modified_time":"2024-04-15T08:26:01+00:00","og_image":[{"url":"https:\/\/www.stachristiana.at\/app\/uploads\/sites\/2\/2023\/01\/hlw_V1_320A9552-1024x682.jpg","type":"","width":"","height":""}],"twitter_card":"summary_large_image","twitter_misc":{"Gesch\u00e4tzte Lesezeit":"2\u00a0Minuten"},"schema":{"@context":"https:\/\/schema.org","@graph":[{"@type":"WebPage","@id":"https:\/\/www.stachristiana.at\/hlw-rodaun\/was-wir-bieten\/fachschule-fu%cc%88r-wirtschaftliche-berufe","url":"https:\/\/www.stachristiana.at\/hlw-rodaun\/was-wir-bieten\/fachschule-fu%cc%88r-wirtschaftliche-berufe","name":"Fachschule fu\u0308r wirtschaftliche Berufe - HLW Rodaun","isPartOf":{"@id":"https:\/\/www.stachristiana.at\/hlw-rodaun\/#website"},"primaryImageOfPage":{"@id":"https:\/\/www.stachristiana.at\/hlw-rodaun\/was-wir-bieten\/fachschule-fu%cc%88r-wirtschaftliche-berufe#primaryimage"},"image":{"@id":"https:\/\/www.stachristiana.at\/hlw-rodaun\/was-wir-bieten\/fachschule-fu%cc%88r-wirtschaftliche-berufe#primaryimage"},"thumbnailUrl":"https:\/\/www.stachristiana.at\/app\/uploads\/sites\/2\/2023\/01\/hlw_V1_320A9552-1024x682.jpg","datePublished":"2022-06-23T18:29:51+00:00","dateModified":"2024-04-15T08:26:01+00:00","breadcrumb":{"@id":"https:\/\/www.stachristiana.at\/hlw-rodaun\/was-wir-bieten\/fachschule-fu%cc%88r-wirtschaftliche-berufe#breadcrumb"},"inLanguage":"de","potentialAction":[{"@type":"ReadAction","target":["https:\/\/www.stachristiana.at\/hlw-rodaun\/was-wir-bieten\/fachschule-fu%cc%88r-wirtschaftliche-berufe"]}]},{"@type":"ImageObject","inLanguage":"de","@id":"https:\/\/www.stachristiana.at\/hlw-rodaun\/was-wir-bieten\/fachschule-fu%cc%88r-wirtschaftliche-berufe#primaryimage","url":"https:\/\/www.stachristiana.at\/app\/uploads\/sites\/2\/2023\/01\/hlw_V1_320A9552-1024x682.jpg","contentUrl":"https:\/\/www.stachristiana.at\/app\/uploads\/sites\/2\/2023\/01\/hlw_V1_320A9552-1024x682.jpg"},{"@type":"BreadcrumbList","@id":"https:\/\/www.stachristiana.at\/hlw-rodaun\/was-wir-bieten\/fachschule-fu%cc%88r-wirtschaftliche-berufe#breadcrumb","itemListElement":[{"@type":"ListItem","position":1,"name":"Start","item":"https:\/\/www.stachristiana.at\/"},{"@type":"ListItem","position":2,"name":"Was wir bieten","item":"https:\/\/www.stachristiana.at\/hlw-rodaun\/was-wir-bieten"},{"@type":"ListItem","position":3,"name":"Fachschule fu\u0308r wirtschaftliche Berufe"}]},{"@type":"WebSite","@id":"https:\/\/www.stachristiana.at\/hlw-rodaun\/#website","url":"https:\/\/www.stachristiana.at\/hlw-rodaun\/","name":"Sta. Christiana - HLW Rodaun","description":"H\u00f6here Lehranstalt, Fachschule und Aufbaulehrgang f\u00fcr wirtschaftliche Berufe","publisher":{"@id":"https:\/\/www.stachristiana.at\/hlw-rodaun\/#organization"},"alternateName":"Sta. Christiana","potentialAction":[{"@type":"SearchAction","target":{"@type":"EntryPoint","urlTemplate":"https:\/\/www.stachristiana.at\/hlw-rodaun\/?s={search_term_string}"},"query-input":{"@type":"PropertyValueSpecification","valueRequired":true,"valueName":"search_term_string"}}],"inLanguage":"de"},{"@type":"Organization","@id":"https:\/\/www.stachristiana.at\/hlw-rodaun\/#organization","name":"Sta. Christiana - Schulen zum Leben","alternateName":"Sta. Christiana","url":"https:\/\/www.stachristiana.at\/hlw-rodaun\/","logo":{"@type":"ImageObject","inLanguage":"de","@id":"https:\/\/www.stachristiana.at\/hlw-rodaun\/#\/schema\/logo\/image\/","url":"https:\/\/www.stachristiana.at\/app\/uploads\/sites\/2\/2022\/05\/logo-sta-christiana.png","contentUrl":"https:\/\/www.stachristiana.at\/app\/uploads\/sites\/2\/2022\/05\/logo-sta-christiana.png","width":1200,"height":491,"caption":"Sta. Christiana - Schulen zum Leben"},"image":{"@id":"https:\/\/www.stachristiana.at\/hlw-rodaun\/#\/schema\/logo\/image\/"}}]}},"_links":{"self":[{"href":"https:\/\/www.stachristiana.at\/hlw-rodaun\/wp-json\/wp\/v2\/pages\/491","targetHints":{"allow":["GET"]}}],"collection":[{"href":"https:\/\/www.stachristiana.at\/hlw-rodaun\/wp-json\/wp\/v2\/pages"}],"about":[{"href":"https:\/\/www.stachristiana.at\/hlw-rodaun\/wp-json\/wp\/v2\/types\/page"}],"author":[{"embeddable":true,"href":"https:\/\/www.stachristiana.at\/hlw-rodaun\/wp-json\/wp\/v2\/users\/5"}],"replies":[{"embeddable":true,"href":"https:\/\/www.stachristiana.at\/hlw-rodaun\/wp-json\/wp\/v2\/comments?post=491"}],"version-history":[{"count":11,"href":"https:\/\/www.stachristiana.at\/hlw-rodaun\/wp-json\/wp\/v2\/pages\/491\/revisions"}],"predecessor-version":[{"id":1381,"href":"https:\/\/www.stachristiana.at\/hlw-rodaun\/wp-json\/wp\/v2\/pages\/491\/revisions\/1381"}],"up":[{"embeddable":true,"href":"https:\/\/www.stachristiana.at\/hlw-rodaun\/wp-json\/wp\/v2\/pages\/144"}],"wp:attachment":[{"href":"https:\/\/www.stachristiana.at\/hlw-rodaun\/wp-json\/wp\/v2\/media?parent=491"}],"curies":[{"name":"wp","href":"https:\/\/api.w.org\/{rel}","templated":true}]}}