{"id":1590,"date":"2024-10-17T07:23:26","date_gmt":"2024-10-17T05:23:26","guid":{"rendered":"https:\/\/www.stachristiana.at\/hlw-rodaun\/?page_id=1590"},"modified":"2024-10-17T07:23:26","modified_gmt":"2024-10-17T05:23:26","slug":"zusatzzertifikate","status":"publish","type":"page","link":"https:\/\/www.stachristiana.at\/hlw-rodaun\/zusatzzertifikate","title":{"rendered":"Zusatzzertifikate"},"content":{"rendered":"\n<p><\/p>\n\n\n\n<p><strong>Urkunde der Polizei Wien f\u00fcr Sch\u00fclerlotsen<\/strong><\/p>\n\n\n\n<p>Unsere ehrenamtlichen Sch\u00fclerlotsen aus dem Schulzweig Sozialmanagement oder aus dem Aufbaulehrgang erhalten ein Dekret der Polizei Wien f\u00fcr ihr Engagement um die Sicherheit der Sch\u00fclerinnen und Sch\u00fcler.<\/p>\n\n\n\n<p><strong>Zusatzzertifikat \u201eVeganer Koch\u201c<\/strong><\/p>\n\n\n\n<p>Unsere Fachsch\u00fclerInnen k\u00f6nnen die Zusatzqualifikation \u201eVeganer Koch\u201c erwerben.<\/p>\n\n\n\n<p><strong>Erste Hilfe Zertifikat<\/strong><\/p>\n\n\n\n<p>Kurse k\u00f6nnen vom Klassenvorstand bzw. KlassenlehrerInnen organisiert werden.<\/p>\n\n\n\n<p><strong>Exzellenzdekret<\/strong><\/p>\n\n\n\n<p>Sch\u00fclerinnen und Sch\u00fcler, die im Laufe ihrer Schulkarriere an unserer Schule alle Schulstufen (Fachschule, Sozialmanagement oder Aufbaulehrgang) mit Notenschnitt 1 im Zeugnis abschlie\u00dfen, werden mit einem Exzellenzdekret des Schulvereins ausgezeichnet. Nominierung durch KV.<\/p>\n\n\n\n<p><strong>W\u00fcrdigungen<\/strong><\/p>\n\n\n\n<p>Sch\u00fclerinnen und Sch\u00fcler, die durch au\u00dferordentliches Engagement f\u00fcr die Schulgemeinschaft und\/oder durch herausragendes soziales Engagement auffallen, erhalten \u201eDank und Anerkennung\u201c. Nominierung durch Klassenvorstand (oder KlassenlehrerIn in Absprache mit KV)<\/p>\n\n\n\n<p><strong>Nachhaltigkeitsdekret<\/strong><\/p>\n\n\n\n<p>Sch\u00fclerinnen und Sch\u00fcler, die durch besonderes Engagement im Bereich Nachhaltigkeit und Umweltschutz auffallen, erhalten ein Nachhaltigkeits-Dekret. Unsere Schule ist Pilgrim und EMAS-zertifiziert und setzt sich besonders f\u00fcr Nachhaltigkeit und Umweltschutz ein.<\/p>\n","protected":false},"excerpt":{"rendered":"<p>Urkunde der Polizei Wien f\u00fcr Sch\u00fclerlotsen Unsere ehrenamtlichen Sch\u00fclerlotsen aus dem Schulzweig Sozialmanagement oder aus dem Aufbaulehrgang erhalten ein Dekret der Polizei Wien f\u00fcr ihr Engagement um die Sicherheit der Sch\u00fclerinnen und Sch\u00fcler. Zusatzzertifikat \u201eVeganer Koch\u201c Unsere Fachsch\u00fclerInnen k\u00f6nnen die Zusatzqualifikation \u201eVeganer Koch\u201c erwerben. Erste Hilfe Zertifikat Kurse k\u00f6nnen vom Klassenvorstand bzw. KlassenlehrerInnen organisiert werden. [&hellip;]<\/p>\n","protected":false},"author":17,"featured_media":0,"parent":0,"menu_order":0,"comment_status":"closed","ping_status":"closed","template":"","meta":{"footnotes":""},"class_list":["post-1590","page","type-page","status-publish","hentry"],"acf":[],"yoast_head":"<!-- This site is optimized with the Yoast SEO plugin v26.8 - https:\/\/yoast.com\/product\/yoast-seo-wordpress\/ -->\n<title>Zusatzzertifikate - HLW Rodaun<\/title>\n<meta name=\"robots\" content=\"index, follow, max-snippet:-1, max-image-preview:large, max-video-preview:-1\" \/>\n<link rel=\"canonical\" href=\"https:\/\/www.stachristiana.at\/hlw-rodaun\/zusatzzertifikate\" \/>\n<meta property=\"og:locale\" content=\"de_DE\" \/>\n<meta property=\"og:type\" content=\"article\" \/>\n<meta property=\"og:title\" content=\"Zusatzzertifikate - HLW Rodaun\" \/>\n<meta property=\"og:description\" content=\"Urkunde der Polizei Wien f\u00fcr Sch\u00fclerlotsen Unsere ehrenamtlichen Sch\u00fclerlotsen aus dem Schulzweig Sozialmanagement oder aus dem Aufbaulehrgang erhalten ein Dekret der Polizei Wien f\u00fcr ihr Engagement um die Sicherheit der Sch\u00fclerinnen und Sch\u00fcler. Zusatzzertifikat \u201eVeganer Koch\u201c Unsere Fachsch\u00fclerInnen k\u00f6nnen die Zusatzqualifikation \u201eVeganer Koch\u201c erwerben. Erste Hilfe Zertifikat Kurse k\u00f6nnen vom Klassenvorstand bzw. KlassenlehrerInnen organisiert werden. [&hellip;]\" \/>\n<meta property=\"og:url\" content=\"https:\/\/www.stachristiana.at\/hlw-rodaun\/zusatzzertifikate\" \/>\n<meta property=\"og:site_name\" content=\"HLW Rodaun\" \/>\n<meta property=\"og:image\" content=\"https:\/\/www.stachristiana.at\/app\/uploads\/sites\/2\/2022\/05\/logo-sta-christiana.png\" \/>\n\t<meta property=\"og:image:width\" content=\"1200\" \/>\n\t<meta property=\"og:image:height\" content=\"491\" \/>\n\t<meta property=\"og:image:type\" content=\"image\/png\" \/>\n<meta name=\"twitter:card\" content=\"summary_large_image\" \/>\n<meta name=\"twitter:label1\" content=\"Gesch\u00e4tzte Lesezeit\" \/>\n\t<meta name=\"twitter:data1\" content=\"1\u00a0Minute\" \/>\n<script type=\"application\/ld+json\" class=\"yoast-schema-graph\">{\"@context\":\"https:\/\/schema.org\",\"@graph\":[{\"@type\":\"WebPage\",\"@id\":\"https:\/\/www.stachristiana.at\/hlw-rodaun\/zusatzzertifikate\",\"url\":\"https:\/\/www.stachristiana.at\/hlw-rodaun\/zusatzzertifikate\",\"name\":\"Zusatzzertifikate - HLW Rodaun\",\"isPartOf\":{\"@id\":\"https:\/\/www.stachristiana.at\/hlw-rodaun\/#website\"},\"datePublished\":\"2024-10-17T05:23:26+00:00\",\"breadcrumb\":{\"@id\":\"https:\/\/www.stachristiana.at\/hlw-rodaun\/zusatzzertifikate#breadcrumb\"},\"inLanguage\":\"de\",\"potentialAction\":[{\"@type\":\"ReadAction\",\"target\":[\"https:\/\/www.stachristiana.at\/hlw-rodaun\/zusatzzertifikate\"]}]},{\"@type\":\"BreadcrumbList\",\"@id\":\"https:\/\/www.stachristiana.at\/hlw-rodaun\/zusatzzertifikate#breadcrumb\",\"itemListElement\":[{\"@type\":\"ListItem\",\"position\":1,\"name\":\"Start\",\"item\":\"https:\/\/www.stachristiana.at\/\"},{\"@type\":\"ListItem\",\"position\":2,\"name\":\"Zusatzzertifikate\"}]},{\"@type\":\"WebSite\",\"@id\":\"https:\/\/www.stachristiana.at\/hlw-rodaun\/#website\",\"url\":\"https:\/\/www.stachristiana.at\/hlw-rodaun\/\",\"name\":\"Sta. Christiana - HLW Rodaun\",\"description\":\"H\u00f6here Lehranstalt, Fachschule und Aufbaulehrgang f\u00fcr wirtschaftliche Berufe\",\"publisher\":{\"@id\":\"https:\/\/www.stachristiana.at\/hlw-rodaun\/#organization\"},\"alternateName\":\"Sta. Christiana\",\"potentialAction\":[{\"@type\":\"SearchAction\",\"target\":{\"@type\":\"EntryPoint\",\"urlTemplate\":\"https:\/\/www.stachristiana.at\/hlw-rodaun\/?s={search_term_string}\"},\"query-input\":{\"@type\":\"PropertyValueSpecification\",\"valueRequired\":true,\"valueName\":\"search_term_string\"}}],\"inLanguage\":\"de\"},{\"@type\":\"Organization\",\"@id\":\"https:\/\/www.stachristiana.at\/hlw-rodaun\/#organization\",\"name\":\"Sta. Christiana - Schulen zum Leben\",\"alternateName\":\"Sta. Christiana\",\"url\":\"https:\/\/www.stachristiana.at\/hlw-rodaun\/\",\"logo\":{\"@type\":\"ImageObject\",\"inLanguage\":\"de\",\"@id\":\"https:\/\/www.stachristiana.at\/hlw-rodaun\/#\/schema\/logo\/image\/\",\"url\":\"https:\/\/www.stachristiana.at\/app\/uploads\/sites\/2\/2022\/05\/logo-sta-christiana.png\",\"contentUrl\":\"https:\/\/www.stachristiana.at\/app\/uploads\/sites\/2\/2022\/05\/logo-sta-christiana.png\",\"width\":1200,\"height\":491,\"caption\":\"Sta. Christiana - Schulen zum Leben\"},\"image\":{\"@id\":\"https:\/\/www.stachristiana.at\/hlw-rodaun\/#\/schema\/logo\/image\/\"}}]}<\/script>\n<!-- \/ Yoast SEO plugin. -->","yoast_head_json":{"title":"Zusatzzertifikate - HLW Rodaun","robots":{"index":"index","follow":"follow","max-snippet":"max-snippet:-1","max-image-preview":"max-image-preview:large","max-video-preview":"max-video-preview:-1"},"canonical":"https:\/\/www.stachristiana.at\/hlw-rodaun\/zusatzzertifikate","og_locale":"de_DE","og_type":"article","og_title":"Zusatzzertifikate - HLW Rodaun","og_description":"Urkunde der Polizei Wien f\u00fcr Sch\u00fclerlotsen Unsere ehrenamtlichen Sch\u00fclerlotsen aus dem Schulzweig Sozialmanagement oder aus dem Aufbaulehrgang erhalten ein Dekret der Polizei Wien f\u00fcr ihr Engagement um die Sicherheit der Sch\u00fclerinnen und Sch\u00fcler. Zusatzzertifikat \u201eVeganer Koch\u201c Unsere Fachsch\u00fclerInnen k\u00f6nnen die Zusatzqualifikation \u201eVeganer Koch\u201c erwerben. Erste Hilfe Zertifikat Kurse k\u00f6nnen vom Klassenvorstand bzw. KlassenlehrerInnen organisiert werden. [&hellip;]","og_url":"https:\/\/www.stachristiana.at\/hlw-rodaun\/zusatzzertifikate","og_site_name":"HLW Rodaun","og_image":[{"width":1200,"height":491,"url":"https:\/\/www.stachristiana.at\/app\/uploads\/sites\/2\/2022\/05\/logo-sta-christiana.png","type":"image\/png"}],"twitter_card":"summary_large_image","twitter_misc":{"Gesch\u00e4tzte Lesezeit":"1\u00a0Minute"},"schema":{"@context":"https:\/\/schema.org","@graph":[{"@type":"WebPage","@id":"https:\/\/www.stachristiana.at\/hlw-rodaun\/zusatzzertifikate","url":"https:\/\/www.stachristiana.at\/hlw-rodaun\/zusatzzertifikate","name":"Zusatzzertifikate - HLW Rodaun","isPartOf":{"@id":"https:\/\/www.stachristiana.at\/hlw-rodaun\/#website"},"datePublished":"2024-10-17T05:23:26+00:00","breadcrumb":{"@id":"https:\/\/www.stachristiana.at\/hlw-rodaun\/zusatzzertifikate#breadcrumb"},"inLanguage":"de","potentialAction":[{"@type":"ReadAction","target":["https:\/\/www.stachristiana.at\/hlw-rodaun\/zusatzzertifikate"]}]},{"@type":"BreadcrumbList","@id":"https:\/\/www.stachristiana.at\/hlw-rodaun\/zusatzzertifikate#breadcrumb","itemListElement":[{"@type":"ListItem","position":1,"name":"Start","item":"https:\/\/www.stachristiana.at\/"},{"@type":"ListItem","position":2,"name":"Zusatzzertifikate"}]},{"@type":"WebSite","@id":"https:\/\/www.stachristiana.at\/hlw-rodaun\/#website","url":"https:\/\/www.stachristiana.at\/hlw-rodaun\/","name":"Sta. Christiana - HLW Rodaun","description":"H\u00f6here Lehranstalt, Fachschule und Aufbaulehrgang f\u00fcr wirtschaftliche Berufe","publisher":{"@id":"https:\/\/www.stachristiana.at\/hlw-rodaun\/#organization"},"alternateName":"Sta. Christiana","potentialAction":[{"@type":"SearchAction","target":{"@type":"EntryPoint","urlTemplate":"https:\/\/www.stachristiana.at\/hlw-rodaun\/?s={search_term_string}"},"query-input":{"@type":"PropertyValueSpecification","valueRequired":true,"valueName":"search_term_string"}}],"inLanguage":"de"},{"@type":"Organization","@id":"https:\/\/www.stachristiana.at\/hlw-rodaun\/#organization","name":"Sta. Christiana - Schulen zum Leben","alternateName":"Sta. Christiana","url":"https:\/\/www.stachristiana.at\/hlw-rodaun\/","logo":{"@type":"ImageObject","inLanguage":"de","@id":"https:\/\/www.stachristiana.at\/hlw-rodaun\/#\/schema\/logo\/image\/","url":"https:\/\/www.stachristiana.at\/app\/uploads\/sites\/2\/2022\/05\/logo-sta-christiana.png","contentUrl":"https:\/\/www.stachristiana.at\/app\/uploads\/sites\/2\/2022\/05\/logo-sta-christiana.png","width":1200,"height":491,"caption":"Sta. Christiana - Schulen zum Leben"},"image":{"@id":"https:\/\/www.stachristiana.at\/hlw-rodaun\/#\/schema\/logo\/image\/"}}]}},"_links":{"self":[{"href":"https:\/\/www.stachristiana.at\/hlw-rodaun\/wp-json\/wp\/v2\/pages\/1590","targetHints":{"allow":["GET"]}}],"collection":[{"href":"https:\/\/www.stachristiana.at\/hlw-rodaun\/wp-json\/wp\/v2\/pages"}],"about":[{"href":"https:\/\/www.stachristiana.at\/hlw-rodaun\/wp-json\/wp\/v2\/types\/page"}],"author":[{"embeddable":true,"href":"https:\/\/www.stachristiana.at\/hlw-rodaun\/wp-json\/wp\/v2\/users\/17"}],"replies":[{"embeddable":true,"href":"https:\/\/www.stachristiana.at\/hlw-rodaun\/wp-json\/wp\/v2\/comments?post=1590"}],"version-history":[{"count":1,"href":"https:\/\/www.stachristiana.at\/hlw-rodaun\/wp-json\/wp\/v2\/pages\/1590\/revisions"}],"predecessor-version":[{"id":1591,"href":"https:\/\/www.stachristiana.at\/hlw-rodaun\/wp-json\/wp\/v2\/pages\/1590\/revisions\/1591"}],"wp:attachment":[{"href":"https:\/\/www.stachristiana.at\/hlw-rodaun\/wp-json\/wp\/v2\/media?parent=1590"}],"curies":[{"name":"wp","href":"https:\/\/api.w.org\/{rel}","templated":true}]}}