{"id":1564,"date":"2024-09-23T10:55:39","date_gmt":"2024-09-23T08:55:39","guid":{"rendered":"https:\/\/www.stachristiana.at\/hlw-rodaun\/?page_id=1564"},"modified":"2024-09-23T10:55:39","modified_gmt":"2024-09-23T08:55:39","slug":"buturande","status":"publish","type":"page","link":"https:\/\/www.stachristiana.at\/hlw-rodaun\/buturande","title":{"rendered":"Buturande"},"content":{"rendered":"\n<p><strong>Schule Sta. Christiana in Buturande im Norden der Demokratischen Republik Kongo<\/strong><\/p>\n\n\n\n<p>Bereits seit Jahren unterst\u00fctzt unsere Schule mit Spendenprojekten eine Sta Christiana Schule in Buturande, einer Gegend, die immer wieder von politischen Unruhen bedroht ist. Die Schule, die von der Kongregation geleitet wird, versucht ein Ort sein, wo Kindern Sicherheit finden k\u00f6nnen und eine qualitativ hochwertige Bildung vermittelt wird.<\/p>\n\n\n\n<p>Die Schule Sta. Christiana in Buturande steht vor einer gro\u00dfen Herausforderung hinsichtlich der personellen und finanziellen Ressourcen aufgrund von Armut, Krieg und fehlendem Frieden. Diejenigen, die \u00fcber finanzielle Mittel verf\u00fcgen, fliehen aus dieser Region und suchen Zuflucht in den St\u00e4dten. Es sind vor allem die Kinder der Armen, die in diesem gef\u00e4hrlichen Zustand schulische Bildung erfahren.<\/p>\n\n\n\n<p>\u201e<em>Wir sind so dankbar f\u00fcr eure gro\u00dfartige Unterst\u00fctzung. Seit der Gr\u00fcndung unserer Schule habt ihr uns geholfen. Eure Spenden kommen vor allem den armen und verwaisten Kindern zugute. Sie helfen uns auch, die Lehrer p\u00fcnktlich zu bezahlen und uns medizinisch um kranke Kinder zu k\u00fcmmern<\/em>.\u201c <\/p>\n\n\n\n<p><em>Sr. C\u00e9cile im Namen aller Schwestern<\/em><\/p>\n\n\n\n<div id=\"gallery-block_f1fe4638bdf34f519035dcf0c7c17c0a\" class=\"gallery\">\n\t\t\n\t\t<a href=\"https:\/\/www.stachristiana.at\/app\/uploads\/sites\/2\/2024\/09\/IMG-20240902-WA0079.jpg\" class=\"gallery-item\" data-caption=\"&lt;strong&gt;IMG-20240902-WA0079&lt;\/strong&gt;\" data-fancybox=\"gallery-block_f1fe4638bdf34f519035dcf0c7c17c0a\" data-width=\"2560\" data-height=\"1706\"><img loading=\"lazy\" decoding=\"async\" width=\"400\" height=\"267\" src=\"https:\/\/www.stachristiana.at\/app\/uploads\/sites\/2\/2024\/09\/IMG-20240902-WA0079-400x267.jpg\" class=\"attachment-medium size-medium\" alt=\"\" srcset=\"https:\/\/www.stachristiana.at\/app\/uploads\/sites\/2\/2024\/09\/IMG-20240902-WA0079-400x267.jpg 400w, https:\/\/www.stachristiana.at\/app\/uploads\/sites\/2\/2024\/09\/IMG-20240902-WA0079-1024x682.jpg 1024w, https:\/\/www.stachristiana.at\/app\/uploads\/sites\/2\/2024\/09\/IMG-20240902-WA0079-768x512.jpg 768w, https:\/\/www.stachristiana.at\/app\/uploads\/sites\/2\/2024\/09\/IMG-20240902-WA0079-1536x1024.jpg 1536w, https:\/\/www.stachristiana.at\/app\/uploads\/sites\/2\/2024\/09\/IMG-20240902-WA0079-2048x1365.jpg 2048w, https:\/\/www.stachristiana.at\/app\/uploads\/sites\/2\/2024\/09\/IMG-20240902-WA0079-690x460.jpg 690w, https:\/\/www.stachristiana.at\/app\/uploads\/sites\/2\/2024\/09\/IMG-20240902-WA0079-113x75.jpg 113w\" sizes=\"auto, (max-width: 400px) 100vw, 400px\" \/><\/a>\n\n\t\t\n\t\t<a href=\"https:\/\/www.stachristiana.at\/app\/uploads\/sites\/2\/2024\/09\/IMG-20240902-WA0083.jpg\" class=\"gallery-item\" data-caption=\"&lt;strong&gt;IMG-20240902-WA0083&lt;\/strong&gt;\" data-fancybox=\"gallery-block_f1fe4638bdf34f519035dcf0c7c17c0a\" data-width=\"2560\" data-height=\"1706\"><img loading=\"lazy\" decoding=\"async\" width=\"400\" height=\"267\" src=\"https:\/\/www.stachristiana.at\/app\/uploads\/sites\/2\/2024\/09\/IMG-20240902-WA0083-400x267.jpg\" class=\"attachment-medium size-medium\" alt=\"\" srcset=\"https:\/\/www.stachristiana.at\/app\/uploads\/sites\/2\/2024\/09\/IMG-20240902-WA0083-400x267.jpg 400w, https:\/\/www.stachristiana.at\/app\/uploads\/sites\/2\/2024\/09\/IMG-20240902-WA0083-1024x682.jpg 1024w, https:\/\/www.stachristiana.at\/app\/uploads\/sites\/2\/2024\/09\/IMG-20240902-WA0083-768x512.jpg 768w, https:\/\/www.stachristiana.at\/app\/uploads\/sites\/2\/2024\/09\/IMG-20240902-WA0083-1536x1024.jpg 1536w, https:\/\/www.stachristiana.at\/app\/uploads\/sites\/2\/2024\/09\/IMG-20240902-WA0083-2048x1365.jpg 2048w, https:\/\/www.stachristiana.at\/app\/uploads\/sites\/2\/2024\/09\/IMG-20240902-WA0083-690x460.jpg 690w, https:\/\/www.stachristiana.at\/app\/uploads\/sites\/2\/2024\/09\/IMG-20240902-WA0083-113x75.jpg 113w\" sizes=\"auto, (max-width: 400px) 100vw, 400px\" \/><\/a>\n\n\t<\/div>\n\n\n\n\n<div data-wp-interactive=\"core\/file\" class=\"wp-block-file\"><object data-wp-bind--hidden=\"!state.hasPdfPreview\" hidden class=\"wp-block-file__embed\" data=\"https:\/\/www.stachristiana.at\/app\/uploads\/sites\/2\/2024\/09\/Brief_Buturande.pdf\" type=\"application\/pdf\" style=\"width:100%;height:600px\" aria-label=\"Einbettung von Brief_Buturande.\"><\/object><a id=\"wp-block-file--media-0be5e527-4335-406a-8f73-7c8605b83371\" href=\"https:\/\/www.stachristiana.at\/app\/uploads\/sites\/2\/2024\/09\/Brief_Buturande.pdf\">Brief_Buturande<\/a><a href=\"https:\/\/www.stachristiana.at\/app\/uploads\/sites\/2\/2024\/09\/Brief_Buturande.pdf\" class=\"wp-block-file__button wp-element-button\" download aria-describedby=\"wp-block-file--media-0be5e527-4335-406a-8f73-7c8605b83371\">Herunterladen<\/a><\/div>\n","protected":false},"excerpt":{"rendered":"<p>Schule Sta. Christiana in Buturande im Norden der Demokratischen Republik Kongo Bereits seit Jahren unterst\u00fctzt unsere Schule mit Spendenprojekten eine Sta Christiana Schule in Buturande, einer Gegend, die immer wieder von politischen Unruhen bedroht ist. Die Schule, die von der Kongregation geleitet wird, versucht ein Ort sein, wo Kindern Sicherheit finden k\u00f6nnen und eine qualitativ [&hellip;]<\/p>\n","protected":false},"author":17,"featured_media":0,"parent":0,"menu_order":0,"comment_status":"closed","ping_status":"closed","template":"","meta":{"footnotes":""},"class_list":["post-1564","page","type-page","status-publish","hentry"],"acf":[],"yoast_head":"<!-- This site is optimized with the Yoast SEO plugin v26.8 - https:\/\/yoast.com\/product\/yoast-seo-wordpress\/ -->\n<title>Buturande - HLW Rodaun<\/title>\n<meta name=\"robots\" content=\"index, follow, max-snippet:-1, max-image-preview:large, max-video-preview:-1\" \/>\n<link rel=\"canonical\" href=\"https:\/\/www.stachristiana.at\/hlw-rodaun\/buturande\" \/>\n<meta property=\"og:locale\" content=\"de_DE\" \/>\n<meta property=\"og:type\" content=\"article\" \/>\n<meta property=\"og:title\" content=\"Buturande - HLW Rodaun\" \/>\n<meta property=\"og:description\" content=\"Schule Sta. Christiana in Buturande im Norden der Demokratischen Republik Kongo Bereits seit Jahren unterst\u00fctzt unsere Schule mit Spendenprojekten eine Sta Christiana Schule in Buturande, einer Gegend, die immer wieder von politischen Unruhen bedroht ist. Die Schule, die von der Kongregation geleitet wird, versucht ein Ort sein, wo Kindern Sicherheit finden k\u00f6nnen und eine qualitativ [&hellip;]\" \/>\n<meta property=\"og:url\" content=\"https:\/\/www.stachristiana.at\/hlw-rodaun\/buturande\" \/>\n<meta property=\"og:site_name\" content=\"HLW Rodaun\" \/>\n<meta property=\"og:image\" content=\"https:\/\/www.stachristiana.at\/app\/uploads\/sites\/2\/2022\/05\/logo-sta-christiana.png\" \/>\n\t<meta property=\"og:image:width\" content=\"1200\" \/>\n\t<meta property=\"og:image:height\" content=\"491\" \/>\n\t<meta property=\"og:image:type\" content=\"image\/png\" \/>\n<meta name=\"twitter:card\" content=\"summary_large_image\" \/>\n<meta name=\"twitter:label1\" content=\"Gesch\u00e4tzte Lesezeit\" \/>\n\t<meta name=\"twitter:data1\" content=\"1\u00a0Minute\" \/>\n<script type=\"application\/ld+json\" class=\"yoast-schema-graph\">{\"@context\":\"https:\/\/schema.org\",\"@graph\":[{\"@type\":\"WebPage\",\"@id\":\"https:\/\/www.stachristiana.at\/hlw-rodaun\/buturande\",\"url\":\"https:\/\/www.stachristiana.at\/hlw-rodaun\/buturande\",\"name\":\"Buturande - HLW Rodaun\",\"isPartOf\":{\"@id\":\"https:\/\/www.stachristiana.at\/hlw-rodaun\/#website\"},\"datePublished\":\"2024-09-23T08:55:39+00:00\",\"breadcrumb\":{\"@id\":\"https:\/\/www.stachristiana.at\/hlw-rodaun\/buturande#breadcrumb\"},\"inLanguage\":\"de\",\"potentialAction\":[{\"@type\":\"ReadAction\",\"target\":[\"https:\/\/www.stachristiana.at\/hlw-rodaun\/buturande\"]}]},{\"@type\":\"BreadcrumbList\",\"@id\":\"https:\/\/www.stachristiana.at\/hlw-rodaun\/buturande#breadcrumb\",\"itemListElement\":[{\"@type\":\"ListItem\",\"position\":1,\"name\":\"Start\",\"item\":\"https:\/\/www.stachristiana.at\/\"},{\"@type\":\"ListItem\",\"position\":2,\"name\":\"Buturande\"}]},{\"@type\":\"WebSite\",\"@id\":\"https:\/\/www.stachristiana.at\/hlw-rodaun\/#website\",\"url\":\"https:\/\/www.stachristiana.at\/hlw-rodaun\/\",\"name\":\"Sta. Christiana - HLW Rodaun\",\"description\":\"H\u00f6here Lehranstalt, Fachschule und Aufbaulehrgang f\u00fcr wirtschaftliche Berufe\",\"publisher\":{\"@id\":\"https:\/\/www.stachristiana.at\/hlw-rodaun\/#organization\"},\"alternateName\":\"Sta. Christiana\",\"potentialAction\":[{\"@type\":\"SearchAction\",\"target\":{\"@type\":\"EntryPoint\",\"urlTemplate\":\"https:\/\/www.stachristiana.at\/hlw-rodaun\/?s={search_term_string}\"},\"query-input\":{\"@type\":\"PropertyValueSpecification\",\"valueRequired\":true,\"valueName\":\"search_term_string\"}}],\"inLanguage\":\"de\"},{\"@type\":\"Organization\",\"@id\":\"https:\/\/www.stachristiana.at\/hlw-rodaun\/#organization\",\"name\":\"Sta. Christiana - Schulen zum Leben\",\"alternateName\":\"Sta. Christiana\",\"url\":\"https:\/\/www.stachristiana.at\/hlw-rodaun\/\",\"logo\":{\"@type\":\"ImageObject\",\"inLanguage\":\"de\",\"@id\":\"https:\/\/www.stachristiana.at\/hlw-rodaun\/#\/schema\/logo\/image\/\",\"url\":\"https:\/\/www.stachristiana.at\/app\/uploads\/sites\/2\/2022\/05\/logo-sta-christiana.png\",\"contentUrl\":\"https:\/\/www.stachristiana.at\/app\/uploads\/sites\/2\/2022\/05\/logo-sta-christiana.png\",\"width\":1200,\"height\":491,\"caption\":\"Sta. Christiana - Schulen zum Leben\"},\"image\":{\"@id\":\"https:\/\/www.stachristiana.at\/hlw-rodaun\/#\/schema\/logo\/image\/\"}}]}<\/script>\n<!-- \/ Yoast SEO plugin. -->","yoast_head_json":{"title":"Buturande - HLW Rodaun","robots":{"index":"index","follow":"follow","max-snippet":"max-snippet:-1","max-image-preview":"max-image-preview:large","max-video-preview":"max-video-preview:-1"},"canonical":"https:\/\/www.stachristiana.at\/hlw-rodaun\/buturande","og_locale":"de_DE","og_type":"article","og_title":"Buturande - HLW Rodaun","og_description":"Schule Sta. Christiana in Buturande im Norden der Demokratischen Republik Kongo Bereits seit Jahren unterst\u00fctzt unsere Schule mit Spendenprojekten eine Sta Christiana Schule in Buturande, einer Gegend, die immer wieder von politischen Unruhen bedroht ist. Die Schule, die von der Kongregation geleitet wird, versucht ein Ort sein, wo Kindern Sicherheit finden k\u00f6nnen und eine qualitativ [&hellip;]","og_url":"https:\/\/www.stachristiana.at\/hlw-rodaun\/buturande","og_site_name":"HLW Rodaun","og_image":[{"width":1200,"height":491,"url":"https:\/\/www.stachristiana.at\/app\/uploads\/sites\/2\/2022\/05\/logo-sta-christiana.png","type":"image\/png"}],"twitter_card":"summary_large_image","twitter_misc":{"Gesch\u00e4tzte Lesezeit":"1\u00a0Minute"},"schema":{"@context":"https:\/\/schema.org","@graph":[{"@type":"WebPage","@id":"https:\/\/www.stachristiana.at\/hlw-rodaun\/buturande","url":"https:\/\/www.stachristiana.at\/hlw-rodaun\/buturande","name":"Buturande - HLW Rodaun","isPartOf":{"@id":"https:\/\/www.stachristiana.at\/hlw-rodaun\/#website"},"datePublished":"2024-09-23T08:55:39+00:00","breadcrumb":{"@id":"https:\/\/www.stachristiana.at\/hlw-rodaun\/buturande#breadcrumb"},"inLanguage":"de","potentialAction":[{"@type":"ReadAction","target":["https:\/\/www.stachristiana.at\/hlw-rodaun\/buturande"]}]},{"@type":"BreadcrumbList","@id":"https:\/\/www.stachristiana.at\/hlw-rodaun\/buturande#breadcrumb","itemListElement":[{"@type":"ListItem","position":1,"name":"Start","item":"https:\/\/www.stachristiana.at\/"},{"@type":"ListItem","position":2,"name":"Buturande"}]},{"@type":"WebSite","@id":"https:\/\/www.stachristiana.at\/hlw-rodaun\/#website","url":"https:\/\/www.stachristiana.at\/hlw-rodaun\/","name":"Sta. Christiana - HLW Rodaun","description":"H\u00f6here Lehranstalt, Fachschule und Aufbaulehrgang f\u00fcr wirtschaftliche Berufe","publisher":{"@id":"https:\/\/www.stachristiana.at\/hlw-rodaun\/#organization"},"alternateName":"Sta. Christiana","potentialAction":[{"@type":"SearchAction","target":{"@type":"EntryPoint","urlTemplate":"https:\/\/www.stachristiana.at\/hlw-rodaun\/?s={search_term_string}"},"query-input":{"@type":"PropertyValueSpecification","valueRequired":true,"valueName":"search_term_string"}}],"inLanguage":"de"},{"@type":"Organization","@id":"https:\/\/www.stachristiana.at\/hlw-rodaun\/#organization","name":"Sta. Christiana - Schulen zum Leben","alternateName":"Sta. Christiana","url":"https:\/\/www.stachristiana.at\/hlw-rodaun\/","logo":{"@type":"ImageObject","inLanguage":"de","@id":"https:\/\/www.stachristiana.at\/hlw-rodaun\/#\/schema\/logo\/image\/","url":"https:\/\/www.stachristiana.at\/app\/uploads\/sites\/2\/2022\/05\/logo-sta-christiana.png","contentUrl":"https:\/\/www.stachristiana.at\/app\/uploads\/sites\/2\/2022\/05\/logo-sta-christiana.png","width":1200,"height":491,"caption":"Sta. Christiana - Schulen zum Leben"},"image":{"@id":"https:\/\/www.stachristiana.at\/hlw-rodaun\/#\/schema\/logo\/image\/"}}]}},"_links":{"self":[{"href":"https:\/\/www.stachristiana.at\/hlw-rodaun\/wp-json\/wp\/v2\/pages\/1564","targetHints":{"allow":["GET"]}}],"collection":[{"href":"https:\/\/www.stachristiana.at\/hlw-rodaun\/wp-json\/wp\/v2\/pages"}],"about":[{"href":"https:\/\/www.stachristiana.at\/hlw-rodaun\/wp-json\/wp\/v2\/types\/page"}],"author":[{"embeddable":true,"href":"https:\/\/www.stachristiana.at\/hlw-rodaun\/wp-json\/wp\/v2\/users\/17"}],"replies":[{"embeddable":true,"href":"https:\/\/www.stachristiana.at\/hlw-rodaun\/wp-json\/wp\/v2\/comments?post=1564"}],"version-history":[{"count":2,"href":"https:\/\/www.stachristiana.at\/hlw-rodaun\/wp-json\/wp\/v2\/pages\/1564\/revisions"}],"predecessor-version":[{"id":1569,"href":"https:\/\/www.stachristiana.at\/hlw-rodaun\/wp-json\/wp\/v2\/pages\/1564\/revisions\/1569"}],"wp:attachment":[{"href":"https:\/\/www.stachristiana.at\/hlw-rodaun\/wp-json\/wp\/v2\/media?parent=1564"}],"curies":[{"name":"wp","href":"https:\/\/api.w.org\/{rel}","templated":true}]}}