{"id":940,"date":"2022-12-21T11:28:28","date_gmt":"2022-12-21T10:28:28","guid":{"rendered":"http:\/\/www.sanctachristiana.at\/hlw-bafep-frohsdorf\/?page_id=940"},"modified":"2026-04-13T15:10:29","modified_gmt":"2026-04-13T13:10:29","slug":"berufsreifepruefung","status":"publish","type":"page","link":"https:\/\/www.stachristiana.at\/hlw-bafep-frohsdorf\/berufsreifepruefung","title":{"rendered":"Berufsreifepr\u00fcfung"},"content":{"rendered":"\n<h2 class=\"wp-block-heading\">Kommission<\/h2>\n\n\n\n<div id=\"persons-block_3d99293fc988f75da77d6a16c132a31c\" class=\"persons-list\">\n\t\t\t\t<div class=\"persons-list-item person-management\">\n\t\t\t<figure class=\"person-photo\"><img loading=\"lazy\" decoding=\"async\" width=\"200\" height=\"277\" src=\"https:\/\/www.stachristiana.at\/app\/uploads\/sites\/6\/2022\/09\/DSC_7648_PerfectlyClear.jpg\" class=\"attachment-full size-full wp-post-image\" alt=\"\" srcset=\"https:\/\/www.stachristiana.at\/app\/uploads\/sites\/6\/2022\/09\/DSC_7648_PerfectlyClear.jpg 200w, https:\/\/www.stachristiana.at\/app\/uploads\/sites\/6\/2022\/09\/DSC_7648_PerfectlyClear-54x75.jpg 54w\" sizes=\"auto, (max-width: 200px) 100vw, 200px\" \/><\/figure>\n\t\t\t<div class=\"person-data\">\n\t\t\t\t<p class=\"person-position\">Direktor<\/p>\n\t\t\t\t<h2 class=\"person-name\">Kucera, Dir. HR MMag. Dr. Alexander<\/h2>\n\t\t\t\t\t\t\t\t<a href=\"mailto:alexander.kucera@stachristiana.at\" class=\"person-email\" title=\"Email an alexander.kucera@stachristiana.at\">\n\t\t\t\t\t<i class=\"fa fa-envelope\" aria-hidden=\"true\"><\/i>\n\t\t\t\t\t<span class=\"link-text\">alexander.kucera@stachristiana.at<\/span>\n\t\t\t\t<\/a>\n\t\t\t\t\t\t\t\t\n\t\t\t\t<a href=\"tel:+4326274523533\" class=\"person-phone\">\n\t\t\t\t\t<i class=\"fa fa-phone-square\" aria-hidden=\"true\"><\/i>\n\t\t\t\t\t<span class=\"link-text\">02627 452 35 33<\/span>\n\t\t\t\t<\/a>\n\t\t\t<\/div>\n\t\t<\/div>\n\n\t\t\t\n\t\t<div class=\"persons-list-item person-teacher\">\n\t\t\t<figure class=\"person-photo\"><img loading=\"lazy\" decoding=\"async\" width=\"200\" height=\"277\" src=\"https:\/\/www.stachristiana.at\/app\/uploads\/sites\/6\/2022\/09\/DSC_7682_PerfectlyClear.jpg\" class=\"attachment-full size-full wp-post-image\" alt=\"\" srcset=\"https:\/\/www.stachristiana.at\/app\/uploads\/sites\/6\/2022\/09\/DSC_7682_PerfectlyClear.jpg 200w, https:\/\/www.stachristiana.at\/app\/uploads\/sites\/6\/2022\/09\/DSC_7682_PerfectlyClear-54x75.jpg 54w\" sizes=\"auto, (max-width: 200px) 100vw, 200px\" \/><\/figure>\n\t\t\t<div class=\"person-data\">\n\t\t\t\t<h2 class=\"person-name\">P\u00fcrbauer, Mag. Stephanie<\/h2>\n\t\t\t\t<p class=\"person-position\">Chemie, Italienisch\r\n<\/p>\n\t\t\t\t<p class=\"person-descr\">Schriftf\u00fchrung Berufsreifepr\u00fcfung<\/p>\t\t\t\t<a href=\"mailto:stephanie.puerbauer@hlw-bafep-frohsdorf.ac.at\" class=\"person-email\" title=\"Email an stephanie.puerbauer@hlw-bafep-frohsdorf.ac.at\">\n\t\t\t\t\t<i class=\"fa fa-envelope\" aria-hidden=\"true\"><\/i>\n\t\t\t\t<\/a>\n\t\t\t\t\t\t\t<\/div>\n\t\t<\/div>\n\t\t<\/div>\n\n\n\n<p><\/p>\n\n\n\n<p><strong>Kontakt<\/strong>:&nbsp;<a href=\"mailto:matura@stachristiana.at\">matura@stachristiana.at<\/a><\/p>\n\n\n\n<p class=\"has-text-align-left\"><strong>Sprechstunde der Koordinatorin<\/strong>: <a href=\"https:\/\/melpomene.webuntis.com\/WebUntis\/monitor?school=hlwfrohsdorf&amp;simple=1&amp;type=1&amp;name=A_BRP&amp;monitorType=ttc\">siehe unter &#8222;Sprechstunden &#8211; Berufsreifepr\u00fcfung&#8220; &#8211; Mag. Stephanie P\u00fcrbauer<\/a><\/p>\n\n\n\n<div id=\"linklist-block_f78c4ce44ea5a818c5f8e3a239b1ccf5\" class=\"linklist\">\n\t\t\n\t\t<a href=\"https:\/\/www.stachristiana.at\/app\/uploads\/sites\/6\/2025\/06\/Termine_BRP_2025_2026.pdf\" target=\"_blank\" class=\"linklist-item linklist-item-hellblau\">\n\t\t\tTermine im Schuljahr 2025\/2026\t\t<\/a>\n\n\t\t\n\t\t<a href=\"https:\/\/melpomene.webuntis.com\/WebUntis\/monitor?school=hlwfrohsdorf&#038;simple=1&#038;type=1&#038;name=A_BRP&#038;monitorType=ttc\" target=\"_blank\" class=\"linklist-item linklist-item-hellblau\">\n\t\t\tSprechstunden der Pr\u00fcfer:innen\u00a0(Stand 10\/2025)\t\t<\/a>\n\n\t<\/div>\n\n\n\n<p><\/p>\n\n\n\n<h2 class=\"wp-block-heading\">Ansuchen um Zulassung<\/h2>\n\n\n\n<p>Das Formular &#8222;Ansuchen um Zulassung zur Berufsreifepr\u00fcfung&#8220; ist im Sekretariat der Schule erh\u00e4ltlich.<\/p>\n\n\n\n<p>Dieses Formular kann bei pers\u00f6nlicher Anmeldung direkt bei der Anmeldung ausgef\u00fcllt werden.<\/p>\n\n\n\n<p>Dieses Formblatt ist ausschlie\u00dflich f\u00fcr die Anmeldung an der Pr\u00fcfungskommission und noch nicht die Anmeldung zu einer Teilpr\u00fcfung!<\/p>\n\n\n\n<p>Beilagen<\/p>\n\n\n\n<ul class=\"wp-block-list\">\n<li>Zeugnis, das zur Berufsreifepr\u00fcfung berechtigt<\/li>\n\n\n\n<li>Geburtsurkunde<\/li>\n\n\n\n<li>eventuell Heiratsurkunde (Namenswechsel)<\/li>\n\n\n\n<li>eventuell Nachweis des Berufsfeldes Abgaben<\/li>\n<\/ul>\n\n\n\n<p>Die Externistenpr\u00fcfungskommission ist verpflichtet, Geb\u00fchren (=Stempelgeb\u00fchren, ehemals Stempelmarken) einzuheben und diese an die Republik \u00d6sterreich weiterzuleiten.<\/p>\n\n\n\n<figure class=\"wp-block-image size-large\"><img loading=\"lazy\" decoding=\"async\" width=\"768\" height=\"1024\" src=\"https:\/\/www.stachristiana.at\/app\/uploads\/sites\/6\/2023\/01\/20220520_123858-768x1024.jpg\" alt=\"\" class=\"wp-image-1182\" srcset=\"https:\/\/www.stachristiana.at\/app\/uploads\/sites\/6\/2023\/01\/20220520_123858-768x1024.jpg 768w, https:\/\/www.stachristiana.at\/app\/uploads\/sites\/6\/2023\/01\/20220520_123858-300x400.jpg 300w, https:\/\/www.stachristiana.at\/app\/uploads\/sites\/6\/2023\/01\/20220520_123858-345x460.jpg 345w, https:\/\/www.stachristiana.at\/app\/uploads\/sites\/6\/2023\/01\/20220520_123858-56x75.jpg 56w, https:\/\/www.stachristiana.at\/app\/uploads\/sites\/6\/2023\/01\/20220520_123858.jpg 900w\" sizes=\"auto, (max-width: 768px) 100vw, 768px\" \/><\/figure>\n\n\n\n<p><\/p>\n\n\n\n<h2 class=\"wp-block-heading\">Zusammensetzung der Geb\u00fchren f\u00fcr diverse Ansuchen<\/h2>\n\n\n\n<p><strong>Geb\u00fchren<\/strong><\/p>\n\n\n\n<p>\u20ac 21.-&nbsp;f\u00fcr jede schriftliche Eingabe Ansuchen zur \/ um &#8230;.<br>\u20ac 6.-&nbsp;f\u00fcr jede Beilage, wie Dokumente, Zeugnisse, Begleitschreiben zu einem Ansuchen, Best\u00e4tigungen, &#8230;<\/p>\n\n\n\n<p>Die Externistenpr\u00fcfungskommission an der HLW Sta. Christiana Frohsdorf ist an einer mit \u00d6ffentlichkeitsrecht ausgestatteten Privatschule, Schulerhalter ist der Schulverein Institut Sta. Christiana, eingerichtet. Der Schulerhalter hat eine Abgeltung des Verwaltungsaufwandes, die bei einer Anmeldung an der Pr\u00fcfungskommission zu entrichten ist, festgesetzt.<\/p>\n\n\n\n<p>\u20ac 117,- Abgeltung des Verwaltungsaufwandes f\u00fcr die allgemeine Zulassung zur Berufsreifepr\u00fcfung<\/p>\n\n\n\n<p><strong>Einreichung<\/strong><\/p>\n\n\n\n<p>Pers\u00f6nliche Vorsprache im Sekretariat nach telefonischer Terminvereinbarung: Originaldokumente werden dem Pr\u00fcfungswerber wieder zur\u00fcckgegeben. Die Geb\u00fchren sind in bar zu hinterlegen.<\/p>\n\n\n\n<p><strong>Anerkennung von Pr\u00fcfungen<\/strong><\/p>\n\n\n\n<p>Im Falle einer bedingten Zulassung ist der Nachweis der fehlenden Pr\u00fcfung bzw. des erfolgreichen Absolvierens der fehlenden Ausbildung sp\u00e4testens beim Antritt zur letzten Teilpr\u00fcfung dem Vorsitzenden der Pr\u00fcfungskommission vorzulegen.<\/p>\n\n\n\n<p>Bei der Anerkennung von Pr\u00fcfungen sind die diesbez\u00fcglichen Pr\u00fcfungsunterlagen zusammen mit den sonstigen Unterlagen f\u00fcr die Berufsreifepr\u00fcfung bei der Externistenpr\u00fcfungskommission zwecks Aufbewahrung vorzulegen.<\/p>\n\n\n\n<p><strong>Termine<\/strong><\/p>\n\n\n\n<p>Der fr\u00fchestm\u00f6gliche Termin der letzten Teilpr\u00fcfung ist erst nach dem vollendeten 19. Lebensjahr gegeben.<\/p>\n\n\n\n<p>Es ist zumindest eine der Teilpr\u00fcfungen an der Externistenpr\u00fcfungskommission abzulegen.<\/p>\n\n\n\n<p><\/p>\n\n\n\n<h2 class=\"wp-block-heading\">Anmeldung zu Teilpr\u00fcfungen<\/h2>\n\n\n\n<div id=\"linklist-block_553f70eae089009759314b34da16e2c5\" class=\"linklist\">\n\t\t\n\t\t<a href=\"https:\/\/www.stachristiana.at\/app\/uploads\/sites\/6\/2026\/04\/Anmeldung_zur_Teilpruefung.pdf\" target=\"_blank\" class=\"linklist-item linklist-item-hellblau\">\n\t\t\tFormular zur Anmeldung zu Teilpr\u00fcfungen zum Ausdrucken\t\t<\/a>\n\n\t<\/div>\n\n\n\n<p><\/p>\n\n\n\n<p><strong>Pr\u00fcfungsgeb\u00fchren<\/strong><\/p>\n\n\n\n<p>Deutsch \u20ac 282.-<br>Mathematik \u20ac 144.-<br>Englisch \u20ac 138.-<br>Fachbereich \u20ac 288.-&nbsp;<br>Kompensationspr\u00fcfung Mathematik (nur bei MAM Zentralmatura) \u20ac 138.-<\/p>\n\n\n\n<p>Letzte M\u00f6glichkeit zur Anmeldung ist 4 Wochen vor Pr\u00fcfungstermin! Die Pr\u00fcfungsgeb\u00fchren m\u00fcssen ebenfalls 4 Wochen vor Pr\u00fcfungstermin \u00fcberwiesen sein!<\/p>\n\n\n\n<p>Kontodaten: IBAN: &nbsp;AT54 3219 5030 0548 1056, BIC: RLNWATWWASP lautend auf &#8222;Schulverein Institut Sta. Christiana&#8220;<\/p>\n\n\n\n<p><\/p>\n\n\n\n<p><strong>Abmeldung von Teilpr\u00fcfungen<\/strong><\/p>\n\n\n\n<p>Eine Abmeldung von einer Teilpr\u00fcfung der Berufsreifepr\u00fcfung muss per Mail erfolgen.&nbsp;<\/p>\n\n\n\n<p>Die&nbsp;Abmeldung von einer Pr\u00fcfung ist nur bis eine Woche vor der Pr\u00fcfung m\u00f6glich, dann ausschlie\u00dflich wegen Krankheit mit \u00e4rztlicher Best\u00e4tigung bis einen Tag vor der Pr\u00fcfung.&nbsp;<\/p>\n\n\n\n<p>Bei Fernbleiben vom Pr\u00fcfungstermin ohne Rechtfertigung wird diese Teilpr\u00fcfung \u201eNicht beurteilt\u201c und f\u00fchrt zu einem Terminverlust!<\/p>\n\n\n\n<p>Es besteht keine M\u00f6glichkeit der Abmeldung von einer Kompensationspr\u00fcfung!&nbsp;<\/p>\n\n\n\n<p>Bezahlte Pr\u00fcfungsgeb\u00fchren werden nicht refundiert, bei korrekter Abmeldung jedoch gutgeschrieben.<\/p>\n\n\n\n<p><\/p>\n\n\n\n<p><strong>Wiederholen von Teilpr\u00fcfungen<\/strong><\/p>\n\n\n\n<p>Bitte zu beachten, dass nicht bestandene oder nicht beurteilte Teilpr\u00fcfungen jeweils nach Ablauf von zwei Monaten h\u00f6chsten drei Mal wiederholt werden d\u00fcrfen.<\/p>\n\n\n\n<p>Wiederholungen der jeweiligen Pr\u00fcfung k\u00f6nnen nur bei jener Pr\u00fcfungskommission abgelegt&nbsp;werden , bei welcher die Teilpr\u00fcfung nicht bestanden oder nicht beurteilt wurde.<\/p>\n\n\n\n<p>Die&nbsp;Ablegung der Pr\u00fcfung \u00fcber den Fachbereich, wenn die Zulassung bei einer Pr\u00fcfungskommission erfolgt, an&nbsp;der der Fachbereich nicht gepr\u00fcft werden kann, ist zwingend an einem anerkannten Lehrgang gem\u00e4\u00df \u00a7 8&nbsp;abzulegen.<\/p>\n\n\n\n<h2 class=\"wp-block-heading\">Berufsreifepr\u00fcfungszeugnis<\/h2>\n\n\n\n<p>Berufsreifepr\u00fcfungszeugnisse k\u00f6nnen ausschlie\u00dflich per E-Mail an&nbsp;<a href=\"mailto:alexander.kucera@stachristiana.at\">alexander.kucera@stachristiana.at<\/a>&nbsp;angefordert werden und werden nach \u00dcberweisung der Geb\u00fchren per Post zugestellt.<\/p>\n\n\n\n<p>Zeugnisse werden nicht am Tag der Pr\u00fcfung ausgestellt. Ansuchen um Ausstellung der Zeugnisse haben per E-Mail zu erfolgen mit Angabe der gew\u00fcnschten Zustelladresse.<\/p>\n\n\n\n<p>Ansuchen werden wegen der Sommerferien nur bis 10.7.2026 und dann erst wieder ab 7.9.2026 bearbeitet.<\/p>\n\n\n\n<p>Die Bearbeitung kann bis zu 4 Wochen dauern.<\/p>\n\n\n\n<p>\u20ac 117.- Abgeltung des Verwaltungsaufwandes inklusive Geb\u00fchren<\/p>\n\n\n\n<h2 class=\"wp-block-heading\">Themenbereiche der m\u00fcndlichen Pr\u00fcfungen\/Pr\u00fcfungsteile (au\u00dfer Deutsch)<\/h2>\n\n\n\n<div id=\"linklist-block_8a2b0fed9e17f8a6bb4c4fc4bdb1708b\" class=\"linklist\">\n\t\t\n\t\t<a href=\"https:\/\/www.stachristiana.at\/app\/uploads\/sites\/6\/2024\/08\/BERUFSREIFEPRUeFUNG-\u2013-Teilbereich-Englisch.pdf\" target=\"_blank\" class=\"linklist-item linklist-item-hellblau\">\n\t\t\tEnglisch\t\t<\/a>\n\n\t\t\n\t\t<a href=\"https:\/\/www.stachristiana.at\/app\/uploads\/sites\/6\/2024\/08\/BRP_RW_BVW_aktualisierte-Themenbereiche-ab-Mai-2025.pdf\" target=\"_blank\" class=\"linklist-item linklist-item-hellblau\">\n\t\t\tRechnungswesen und Betriebswirtschaft\t\t<\/a>\n\n\t\t\n\t\t<a href=\"https:\/\/www.stachristiana.at\/app\/uploads\/sites\/6\/2024\/08\/Themenbereiche_PBuR_2023_2024.pdf\" target=\"_blank\" class=\"linklist-item linklist-item-hellblau\">\n\t\t\tPolitische Bildung und Recht\t\t<\/a>\n\n\t<\/div>\n\n\n\n<p><\/p>\n\n\n\n<h2 class=\"wp-block-heading\">Projektarbeit-Downloads<\/h2>\n\n\n\n<div id=\"linklist-block_a9d3b9a28604be66ca391ae267b5264d\" class=\"linklist\">\n\t\t\n\t\t<a href=\"https:\/\/www.stachristiana.at\/app\/uploads\/sites\/6\/2025\/07\/Vorlage_BRP_GuS_ab-2025_2026.docx\" target=\"_blank\" class=\"linklist-item linklist-item-hellblau\">\n\t\t\tVorlage Projektarbeit im Fachbereich (*.docx)\t\t<\/a>\n\n\t\t\n\t\t<a href=\"https:\/\/www.stachristiana.at\/app\/uploads\/sites\/6\/2025\/07\/Leitfaden_BRP_Facharbeit-GuS_ab-2025_2026.pdf\" target=\"_blank\" class=\"linklist-item linklist-item-hellblau\">\n\t\t\tLeitfaden f\u00fcr die Gestaltung der Projektarbeit GuS\t\t<\/a>\n\n\t\t\n\t\t<a href=\"https:\/\/www.stachristiana.at\/app\/uploads\/sites\/6\/2025\/07\/Leitfaden_BRP_Praesentation-und-Diskussion-aus-GuS_ab-2025_2026.pdf\" target=\"_blank\" class=\"linklist-item linklist-item-hellblau\">\n\t\t\tLeitfaden Pr\u00e4sentation und Diskussion GuS\t\t<\/a>\n\n\t<\/div>\n\n\n\n<p class=\"has-text-align-left\"><strong>Kontakt<\/strong>:&nbsp;<a href=\"mailto:matura@stachristiana.at\">matura@stachristiana.at<\/a><\/p>\n\n\n\n<p class=\"has-text-align-left\"><strong>Sprechstunde der Koordinatorin<\/strong>: <a href=\"https:\/\/melpomene.webuntis.com\/WebUntis\/monitor?school=hlwfrohsdorf&amp;simple=1&amp;type=1&amp;name=A_BRP&amp;monitorType=ttc\">siehe unter &#8222;Sprechstunden &#8211; Berufsreifepr\u00fcfung&#8220; &#8211; Mag. Stephanie P\u00fcrbauer<\/a><\/p>\n","protected":false},"excerpt":{"rendered":"<p>Kommission Kontakt:&nbsp;matura@stachristiana.at Sprechstunde der Koordinatorin: siehe unter &#8222;Sprechstunden &#8211; Berufsreifepr\u00fcfung&#8220; &#8211; Mag. Stephanie P\u00fcrbauer Ansuchen um Zulassung Das Formular &#8222;Ansuchen um Zulassung zur Berufsreifepr\u00fcfung&#8220; ist im Sekretariat der Schule erh\u00e4ltlich. Dieses Formular kann bei pers\u00f6nlicher Anmeldung direkt bei der Anmeldung ausgef\u00fcllt werden. Dieses Formblatt ist ausschlie\u00dflich f\u00fcr die Anmeldung an der Pr\u00fcfungskommission und noch nicht [&hellip;]<\/p>\n","protected":false},"author":16,"featured_media":0,"parent":0,"menu_order":0,"comment_status":"closed","ping_status":"closed","template":"","meta":{"footnotes":""},"class_list":["post-940","page","type-page","status-publish","hentry"],"acf":[],"yoast_head":"<!-- This site is optimized with the Yoast SEO plugin v26.8 - https:\/\/yoast.com\/product\/yoast-seo-wordpress\/ -->\n<title>Berufsreifepr\u00fcfung - HLW, BAfEP &amp; BASOP Frohsdorf<\/title>\n<meta name=\"robots\" content=\"index, follow, max-snippet:-1, max-image-preview:large, max-video-preview:-1\" \/>\n<link rel=\"canonical\" href=\"https:\/\/www.stachristiana.at\/hlw-bafep-frohsdorf\/berufsreifepruefung\" \/>\n<meta property=\"og:locale\" content=\"de_DE\" \/>\n<meta property=\"og:type\" content=\"article\" \/>\n<meta property=\"og:title\" content=\"Berufsreifepr\u00fcfung - HLW, BAfEP &amp; BASOP Frohsdorf\" \/>\n<meta property=\"og:description\" content=\"Kommission Kontakt:&nbsp;matura@stachristiana.at Sprechstunde der Koordinatorin: siehe unter &#8222;Sprechstunden &#8211; Berufsreifepr\u00fcfung&#8220; &#8211; Mag. Stephanie P\u00fcrbauer Ansuchen um Zulassung Das Formular &#8222;Ansuchen um Zulassung zur Berufsreifepr\u00fcfung&#8220; ist im Sekretariat der Schule erh\u00e4ltlich. Dieses Formular kann bei pers\u00f6nlicher Anmeldung direkt bei der Anmeldung ausgef\u00fcllt werden. Dieses Formblatt ist ausschlie\u00dflich f\u00fcr die Anmeldung an der Pr\u00fcfungskommission und noch nicht [&hellip;]\" \/>\n<meta property=\"og:url\" content=\"https:\/\/www.stachristiana.at\/hlw-bafep-frohsdorf\/berufsreifepruefung\" \/>\n<meta property=\"og:site_name\" content=\"HLW, BAfEP &amp; BASOP Frohsdorf\" \/>\n<meta property=\"article:modified_time\" content=\"2026-04-13T13:10:29+00:00\" \/>\n<meta property=\"og:image\" content=\"https:\/\/www.stachristiana.at\/app\/uploads\/sites\/6\/2023\/01\/20220520_123858-768x1024.jpg\" \/>\n<meta name=\"twitter:card\" content=\"summary_large_image\" \/>\n<meta name=\"twitter:label1\" content=\"Gesch\u00e4tzte Lesezeit\" \/>\n\t<meta name=\"twitter:data1\" content=\"4\u00a0Minuten\" \/>\n<script type=\"application\/ld+json\" class=\"yoast-schema-graph\">{\"@context\":\"https:\/\/schema.org\",\"@graph\":[{\"@type\":\"WebPage\",\"@id\":\"https:\/\/www.stachristiana.at\/hlw-bafep-frohsdorf\/berufsreifepruefung\",\"url\":\"https:\/\/www.stachristiana.at\/hlw-bafep-frohsdorf\/berufsreifepruefung\",\"name\":\"Berufsreifepr\u00fcfung - HLW, BAfEP &amp; BASOP Frohsdorf\",\"isPartOf\":{\"@id\":\"https:\/\/www.stachristiana.at\/hlw-bafep-frohsdorf\/#website\"},\"primaryImageOfPage\":{\"@id\":\"https:\/\/www.stachristiana.at\/hlw-bafep-frohsdorf\/berufsreifepruefung#primaryimage\"},\"image\":{\"@id\":\"https:\/\/www.stachristiana.at\/hlw-bafep-frohsdorf\/berufsreifepruefung#primaryimage\"},\"thumbnailUrl\":\"https:\/\/www.stachristiana.at\/app\/uploads\/sites\/6\/2023\/01\/20220520_123858-768x1024.jpg\",\"datePublished\":\"2022-12-21T10:28:28+00:00\",\"dateModified\":\"2026-04-13T13:10:29+00:00\",\"breadcrumb\":{\"@id\":\"https:\/\/www.stachristiana.at\/hlw-bafep-frohsdorf\/berufsreifepruefung#breadcrumb\"},\"inLanguage\":\"de\",\"potentialAction\":[{\"@type\":\"ReadAction\",\"target\":[\"https:\/\/www.stachristiana.at\/hlw-bafep-frohsdorf\/berufsreifepruefung\"]}]},{\"@type\":\"ImageObject\",\"inLanguage\":\"de\",\"@id\":\"https:\/\/www.stachristiana.at\/hlw-bafep-frohsdorf\/berufsreifepruefung#primaryimage\",\"url\":\"https:\/\/www.stachristiana.at\/app\/uploads\/sites\/6\/2023\/01\/20220520_123858-768x1024.jpg\",\"contentUrl\":\"https:\/\/www.stachristiana.at\/app\/uploads\/sites\/6\/2023\/01\/20220520_123858-768x1024.jpg\"},{\"@type\":\"BreadcrumbList\",\"@id\":\"https:\/\/www.stachristiana.at\/hlw-bafep-frohsdorf\/berufsreifepruefung#breadcrumb\",\"itemListElement\":[{\"@type\":\"ListItem\",\"position\":1,\"name\":\"Start\",\"item\":\"https:\/\/www.stachristiana.at\/\"},{\"@type\":\"ListItem\",\"position\":2,\"name\":\"Berufsreifepr\u00fcfung\"}]},{\"@type\":\"WebSite\",\"@id\":\"https:\/\/www.stachristiana.at\/hlw-bafep-frohsdorf\/#website\",\"url\":\"https:\/\/www.stachristiana.at\/hlw-bafep-frohsdorf\/\",\"name\":\"Sta. Christiana - HLW - BAfEP Frohsdorf\",\"description\":\"H\u00f6here Lehranstalt, Fachschule und Aufbaulehrgang f\u00fcr wirtschaftliche Berufe und Bildungsanstalt und Kolleg f\u00fcr Elementarp\u00e4dagogik\",\"publisher\":{\"@id\":\"https:\/\/www.stachristiana.at\/hlw-bafep-frohsdorf\/#organization\"},\"alternateName\":\"Sta. Christiana\",\"potentialAction\":[{\"@type\":\"SearchAction\",\"target\":{\"@type\":\"EntryPoint\",\"urlTemplate\":\"https:\/\/www.stachristiana.at\/hlw-bafep-frohsdorf\/?s={search_term_string}\"},\"query-input\":{\"@type\":\"PropertyValueSpecification\",\"valueRequired\":true,\"valueName\":\"search_term_string\"}}],\"inLanguage\":\"de\"},{\"@type\":\"Organization\",\"@id\":\"https:\/\/www.stachristiana.at\/hlw-bafep-frohsdorf\/#organization\",\"name\":\"Sta. Christiana - HLW und BAfEP Frohsdorf\",\"alternateName\":\"Sta. Christiana\",\"url\":\"https:\/\/www.stachristiana.at\/hlw-bafep-frohsdorf\/\",\"logo\":{\"@type\":\"ImageObject\",\"inLanguage\":\"de\",\"@id\":\"https:\/\/www.stachristiana.at\/hlw-bafep-frohsdorf\/#\/schema\/logo\/image\/\",\"url\":\"https:\/\/www.stachristiana.at\/app\/uploads\/sites\/6\/2022\/05\/logo-sta-christiana.png\",\"contentUrl\":\"https:\/\/www.stachristiana.at\/app\/uploads\/sites\/6\/2022\/05\/logo-sta-christiana.png\",\"width\":1200,\"height\":491,\"caption\":\"Sta. Christiana - HLW und BAfEP Frohsdorf\"},\"image\":{\"@id\":\"https:\/\/www.stachristiana.at\/hlw-bafep-frohsdorf\/#\/schema\/logo\/image\/\"}}]}<\/script>\n<!-- \/ Yoast SEO plugin. -->","yoast_head_json":{"title":"Berufsreifepr\u00fcfung - HLW, BAfEP &amp; BASOP Frohsdorf","robots":{"index":"index","follow":"follow","max-snippet":"max-snippet:-1","max-image-preview":"max-image-preview:large","max-video-preview":"max-video-preview:-1"},"canonical":"https:\/\/www.stachristiana.at\/hlw-bafep-frohsdorf\/berufsreifepruefung","og_locale":"de_DE","og_type":"article","og_title":"Berufsreifepr\u00fcfung - HLW, BAfEP &amp; BASOP Frohsdorf","og_description":"Kommission Kontakt:&nbsp;matura@stachristiana.at Sprechstunde der Koordinatorin: siehe unter &#8222;Sprechstunden &#8211; Berufsreifepr\u00fcfung&#8220; &#8211; Mag. Stephanie P\u00fcrbauer Ansuchen um Zulassung Das Formular &#8222;Ansuchen um Zulassung zur Berufsreifepr\u00fcfung&#8220; ist im Sekretariat der Schule erh\u00e4ltlich. Dieses Formular kann bei pers\u00f6nlicher Anmeldung direkt bei der Anmeldung ausgef\u00fcllt werden. Dieses Formblatt ist ausschlie\u00dflich f\u00fcr die Anmeldung an der Pr\u00fcfungskommission und noch nicht [&hellip;]","og_url":"https:\/\/www.stachristiana.at\/hlw-bafep-frohsdorf\/berufsreifepruefung","og_site_name":"HLW, BAfEP &amp; BASOP Frohsdorf","article_modified_time":"2026-04-13T13:10:29+00:00","og_image":[{"url":"https:\/\/www.stachristiana.at\/app\/uploads\/sites\/6\/2023\/01\/20220520_123858-768x1024.jpg","type":"","width":"","height":""}],"twitter_card":"summary_large_image","twitter_misc":{"Gesch\u00e4tzte Lesezeit":"4\u00a0Minuten"},"schema":{"@context":"https:\/\/schema.org","@graph":[{"@type":"WebPage","@id":"https:\/\/www.stachristiana.at\/hlw-bafep-frohsdorf\/berufsreifepruefung","url":"https:\/\/www.stachristiana.at\/hlw-bafep-frohsdorf\/berufsreifepruefung","name":"Berufsreifepr\u00fcfung - HLW, BAfEP &amp; BASOP Frohsdorf","isPartOf":{"@id":"https:\/\/www.stachristiana.at\/hlw-bafep-frohsdorf\/#website"},"primaryImageOfPage":{"@id":"https:\/\/www.stachristiana.at\/hlw-bafep-frohsdorf\/berufsreifepruefung#primaryimage"},"image":{"@id":"https:\/\/www.stachristiana.at\/hlw-bafep-frohsdorf\/berufsreifepruefung#primaryimage"},"thumbnailUrl":"https:\/\/www.stachristiana.at\/app\/uploads\/sites\/6\/2023\/01\/20220520_123858-768x1024.jpg","datePublished":"2022-12-21T10:28:28+00:00","dateModified":"2026-04-13T13:10:29+00:00","breadcrumb":{"@id":"https:\/\/www.stachristiana.at\/hlw-bafep-frohsdorf\/berufsreifepruefung#breadcrumb"},"inLanguage":"de","potentialAction":[{"@type":"ReadAction","target":["https:\/\/www.stachristiana.at\/hlw-bafep-frohsdorf\/berufsreifepruefung"]}]},{"@type":"ImageObject","inLanguage":"de","@id":"https:\/\/www.stachristiana.at\/hlw-bafep-frohsdorf\/berufsreifepruefung#primaryimage","url":"https:\/\/www.stachristiana.at\/app\/uploads\/sites\/6\/2023\/01\/20220520_123858-768x1024.jpg","contentUrl":"https:\/\/www.stachristiana.at\/app\/uploads\/sites\/6\/2023\/01\/20220520_123858-768x1024.jpg"},{"@type":"BreadcrumbList","@id":"https:\/\/www.stachristiana.at\/hlw-bafep-frohsdorf\/berufsreifepruefung#breadcrumb","itemListElement":[{"@type":"ListItem","position":1,"name":"Start","item":"https:\/\/www.stachristiana.at\/"},{"@type":"ListItem","position":2,"name":"Berufsreifepr\u00fcfung"}]},{"@type":"WebSite","@id":"https:\/\/www.stachristiana.at\/hlw-bafep-frohsdorf\/#website","url":"https:\/\/www.stachristiana.at\/hlw-bafep-frohsdorf\/","name":"Sta. Christiana - HLW - BAfEP Frohsdorf","description":"H\u00f6here Lehranstalt, Fachschule und Aufbaulehrgang f\u00fcr wirtschaftliche Berufe und Bildungsanstalt und Kolleg f\u00fcr Elementarp\u00e4dagogik","publisher":{"@id":"https:\/\/www.stachristiana.at\/hlw-bafep-frohsdorf\/#organization"},"alternateName":"Sta. Christiana","potentialAction":[{"@type":"SearchAction","target":{"@type":"EntryPoint","urlTemplate":"https:\/\/www.stachristiana.at\/hlw-bafep-frohsdorf\/?s={search_term_string}"},"query-input":{"@type":"PropertyValueSpecification","valueRequired":true,"valueName":"search_term_string"}}],"inLanguage":"de"},{"@type":"Organization","@id":"https:\/\/www.stachristiana.at\/hlw-bafep-frohsdorf\/#organization","name":"Sta. Christiana - HLW und BAfEP Frohsdorf","alternateName":"Sta. Christiana","url":"https:\/\/www.stachristiana.at\/hlw-bafep-frohsdorf\/","logo":{"@type":"ImageObject","inLanguage":"de","@id":"https:\/\/www.stachristiana.at\/hlw-bafep-frohsdorf\/#\/schema\/logo\/image\/","url":"https:\/\/www.stachristiana.at\/app\/uploads\/sites\/6\/2022\/05\/logo-sta-christiana.png","contentUrl":"https:\/\/www.stachristiana.at\/app\/uploads\/sites\/6\/2022\/05\/logo-sta-christiana.png","width":1200,"height":491,"caption":"Sta. Christiana - HLW und BAfEP Frohsdorf"},"image":{"@id":"https:\/\/www.stachristiana.at\/hlw-bafep-frohsdorf\/#\/schema\/logo\/image\/"}}]}},"_links":{"self":[{"href":"https:\/\/www.stachristiana.at\/hlw-bafep-frohsdorf\/wp-json\/wp\/v2\/pages\/940","targetHints":{"allow":["GET"]}}],"collection":[{"href":"https:\/\/www.stachristiana.at\/hlw-bafep-frohsdorf\/wp-json\/wp\/v2\/pages"}],"about":[{"href":"https:\/\/www.stachristiana.at\/hlw-bafep-frohsdorf\/wp-json\/wp\/v2\/types\/page"}],"author":[{"embeddable":true,"href":"https:\/\/www.stachristiana.at\/hlw-bafep-frohsdorf\/wp-json\/wp\/v2\/users\/16"}],"replies":[{"embeddable":true,"href":"https:\/\/www.stachristiana.at\/hlw-bafep-frohsdorf\/wp-json\/wp\/v2\/comments?post=940"}],"version-history":[{"count":106,"href":"https:\/\/www.stachristiana.at\/hlw-bafep-frohsdorf\/wp-json\/wp\/v2\/pages\/940\/revisions"}],"predecessor-version":[{"id":3281,"href":"https:\/\/www.stachristiana.at\/hlw-bafep-frohsdorf\/wp-json\/wp\/v2\/pages\/940\/revisions\/3281"}],"wp:attachment":[{"href":"https:\/\/www.stachristiana.at\/hlw-bafep-frohsdorf\/wp-json\/wp\/v2\/media?parent=940"}],"curies":[{"name":"wp","href":"https:\/\/api.w.org\/{rel}","templated":true}]}}