{"id":685,"date":"2022-09-27T16:07:26","date_gmt":"2022-09-27T14:07:26","guid":{"rendered":"http:\/\/www.sanctachristiana.at\/hlw-bafep-frohsdorf\/?page_id=685"},"modified":"2023-04-25T10:10:22","modified_gmt":"2023-04-25T08:10:22","slug":"person-im-zentrum","status":"publish","type":"page","link":"https:\/\/www.stachristiana.at\/hlw-bafep-frohsdorf\/wofuer-wir-stehen\/person-im-zentrum","title":{"rendered":"Person im Zentrum"},"content":{"rendered":"\n<p><strong>Bei uns in Sta. Christiana Frohsdorf begegnen&nbsp;Sch\u00fclerInnen und Lehrerinnen einander &#8222;auf selber Augenh\u00f6he&#8220; &#8211; wenn auch mit unterschiedlichen Rechten und Pflichten, so doch immer mit tiefem Respekt der Pers\u00f6nlichkeit eines jeden einzelnen.<\/strong><\/p>\n\n\n\n<p><em>&#8222;Als Mitarbeiter\/innen im Schulverein Institut Sta. Christiana sind wir gesendet,&nbsp;Gottes barmherzige Liebe sp\u00fcrbar und erfahrbar zu machen durch entschiedene und wahrhaftige Zuwendung, die den ganzen Menschen zu entfalten hilft mit besonderer Aufmerksamkeit f\u00fcr die Armen und Schwachen, in gegenseitiger Annahme mit unseren M\u00f6glichkeiten und Grenzen, und indem wir eine Atmosph\u00e4re schaffen der Einfachheit, des Vertrauens, der Offenheit und der gegenseitigen Achtung.&#8220;<\/em><\/p>\n\n\n\n<p>Diese Worte unterzeichnet jede Professorin und jeder Professor, wenn er in die Schule neu aufgenommen wird. Damit wird eine Verbindung zu den \u00fcber 160 Jahre erprobten Grundhaltungen der Gr\u00fcnderinnen der Schulen, den Ordensschwestern von Sta. Christiana hergestellt und&nbsp;jede Professorin und jeder Professor wei\u00df sich damit mit dem Orden der Gr\u00fcnderinnen verbunden.<br>&nbsp;<\/p>\n\n\n\n<figure class=\"wp-block-image size-full is-resized\"><img loading=\"lazy\" decoding=\"async\" src=\"https:\/\/www.stachristiana.at\/app\/uploads\/sites\/6\/2022\/09\/schueler-in-stall-mit-pferd.jpg\" alt=\"Sch\u00fcler in antiker Kleidung im Pferdestall\" class=\"wp-image-687\" width=\"675\" height=\"300\" title=\"Sch\u00fcler in antiker Kleidung im Pferdestall\" srcset=\"https:\/\/www.stachristiana.at\/app\/uploads\/sites\/6\/2022\/09\/schueler-in-stall-mit-pferd.jpg 900w, https:\/\/www.stachristiana.at\/app\/uploads\/sites\/6\/2022\/09\/schueler-in-stall-mit-pferd-400x178.jpg 400w, https:\/\/www.stachristiana.at\/app\/uploads\/sites\/6\/2022\/09\/schueler-in-stall-mit-pferd-768x341.jpg 768w, https:\/\/www.stachristiana.at\/app\/uploads\/sites\/6\/2022\/09\/schueler-in-stall-mit-pferd-890x396.jpg 890w, https:\/\/www.stachristiana.at\/app\/uploads\/sites\/6\/2022\/09\/schueler-in-stall-mit-pferd-169x75.jpg 169w\" sizes=\"auto, (max-width: 675px) 100vw, 675px\" \/><figcaption class=\"wp-element-caption\">Aufnahmen zu einem historischen Videoprojekt<\/figcaption><\/figure>\n\n\n\n<p>&nbsp;<br>Unser gr\u00f6\u00dftes Anliegen ist, dass sich die Sch\u00fcler*innen bei uns geborgen und wohl f\u00fchlen.&nbsp;Unsere p\u00e4dagogische Position zielt auf das Wesen des Menschen und somit auf ganzheitliches Lernen ab.&nbsp;Wir sind bestrebt, die Verbundenheit von Theorie und Praxis erlebbar zu machen.&nbsp;Wir f\u00fchlen uns verpflichtet, mit hoher Wertsch\u00e4tzung, Respekt und Achtung miteinander umzugehen.&nbsp;Wir wollen Engagement, Initiativen und Eigenverantwortung f\u00f6rdern.<br>&nbsp;<\/p>\n\n\n\n<p>Wir bem\u00fchen uns, dass sich unsere Sch\u00fcler*innen\u2026<\/p>\n\n\n\n<ul class=\"wp-block-list\">\n<li>nach ihren individuellen Begabungen und F\u00e4higkeiten entfalten.&nbsp;<\/li>\n\n\n\n<li>umfassend und ganzheitlich entwickeln \u2013 in \u201eHerz, Hirn und Hand&#8220;.<\/li>\n\n\n\n<li>wertgesch\u00e4tzt erleben in einem famili\u00e4ren Lern- und Lebensklima.<\/li>\n\n\n\n<li>liebenswert und liebesf\u00e4hig erfahren in einem human und christlich gepr\u00e4gten Umfeld.<\/li>\n<\/ul>\n\n\n\n<p><\/p>\n\n\n\n<p><br>Die Erf\u00fcllung unserer Erziehungsaufgaben verlangt, dass wir uns\u2026<\/p>\n\n\n\n<ul class=\"wp-block-list\">\n<li>\u00fcber die normale Arbeitszeit und ihre Berufsaufgaben hinaus engagieren und uns nicht nur fachlich, sondern auch im pers\u00f6nlichen Bereich weiterbilden.&nbsp;<\/li>\n\n\n\n<li>um die F\u00f6rderung besonderer Begabungen und um die pers\u00f6nliche Betreuung einzelner, besonders der Bed\u00fcrftigeren, annehmen. &nbsp;<\/li>\n<\/ul>\n\n\n\n<p>Nach: Richtlinien des Schulvereins Institut Sta. Christiana 1987<br>&nbsp;<\/p>\n\n\n\n<figure class=\"wp-block-image size-full is-resized\"><img loading=\"lazy\" decoding=\"async\" src=\"https:\/\/www.stachristiana.at\/app\/uploads\/sites\/6\/2022\/09\/schuelerinnen-mit-folder.jpg\" alt=\"\" class=\"wp-image-686\" width=\"675\" height=\"300\" title=\"Zwei M\u00e4dchen zeigen den Schulfolder\" srcset=\"https:\/\/www.stachristiana.at\/app\/uploads\/sites\/6\/2022\/09\/schuelerinnen-mit-folder.jpg 900w, https:\/\/www.stachristiana.at\/app\/uploads\/sites\/6\/2022\/09\/schuelerinnen-mit-folder-400x178.jpg 400w, https:\/\/www.stachristiana.at\/app\/uploads\/sites\/6\/2022\/09\/schuelerinnen-mit-folder-768x341.jpg 768w, https:\/\/www.stachristiana.at\/app\/uploads\/sites\/6\/2022\/09\/schuelerinnen-mit-folder-890x396.jpg 890w, https:\/\/www.stachristiana.at\/app\/uploads\/sites\/6\/2022\/09\/schuelerinnen-mit-folder-169x75.jpg 169w\" sizes=\"auto, (max-width: 675px) 100vw, 675px\" \/><\/figure>\n\n\n\n<p>\u00a0<br>Als von einem katholischen Schwesternorden vor \u00fcber 160 Jahren gegr\u00fcndete Schule sind wir eine konfessionelle Privatschule und damit Mitglied der Gemeinschaft der katholischen Privatschulen mit einem\u00a0<strong><a href=\"https:\/\/www.stachristiana.at\/hlw-bafep-frohsdorf\/unser-leitbild-als-katholische-privatschule\">Leitbild<\/a><\/strong>.<\/p>\n\n\n\n<p>Als Berufsbildende mittlere und h\u00f6here Schule sind wir Teil des humanberuflichen Schulwesens mit einem\u00a0<strong><a href=\"https:\/\/www.stachristiana.at\/hlw-bafep-frohsdorf\/unser-leitbild-als-humanberufliche-schule\">Leitbild<\/a><\/strong>.<\/p>\n\n\n\n<p>Als Bildungsanstalt f\u00fcr Elementarp\u00e4dagogik\u00a0bilden wir Sch\u00fclerinnen und Sch\u00fcler bzw. Studierenden f\u00fcr die Bildungs- und Erziehungsaufgaben in au\u00dferschulischen und au\u00dferfamili\u00e4ren Einrichtungen aus. Wir haben auch hier ein eigenes\u00a0<strong><a href=\"https:\/\/www.stachristiana.at\/hlw-bafep-frohsdorf\/unser-leitbild-als-bildungsanstalt-und-kolleg-fuer-elementarpaedagogik\">Leitbild<\/a><\/strong>.<\/p>\n\n\n\n<p><em>&#8222;Lieben Sie Ihre Sch\u00fcler! Dann werden Sie tausend Mittel finden, aus ihnen gute Sch\u00fcler zu machen. Wenn Sie ihr Herz gewonnen haben, dann werden Sie tausend Wege finden, das Gute in ihnen zu erwecken \/\u2026\/. Es ist ein gutes Zeichen, wenn eine Lehrerin ihre Kinder lobt, und wenn die Kinder ihrerseits ihre Lehrerin loben. Mit dieser gegenseitigen Zuneigung geht alles gut.&#8220;<\/em><\/p>\n\n\n\n<p>aus: Grosdidier, Marcel de Matons (1956): Die Feste und sanfte Leitung von Frau von M\u00e9janes. In: ders. : Eine Seele in Lothringen. Madame de M\u00e9janes. Gr\u00fcnderin der Schwestern von Sancta Christiana.1. Aufl. Metz<\/p>\n","protected":false},"excerpt":{"rendered":"<p>Bei uns in Sta. Christiana Frohsdorf begegnen&nbsp;Sch\u00fclerInnen und Lehrerinnen einander &#8222;auf selber Augenh\u00f6he&#8220; &#8211; wenn auch mit unterschiedlichen Rechten und Pflichten, so doch immer mit tiefem Respekt der Pers\u00f6nlichkeit eines jeden einzelnen. &#8222;Als Mitarbeiter\/innen im Schulverein Institut Sta. Christiana sind wir gesendet,&nbsp;Gottes barmherzige Liebe sp\u00fcrbar und erfahrbar zu machen durch entschiedene und wahrhaftige Zuwendung, die [&hellip;]<\/p>\n","protected":false},"author":5,"featured_media":0,"parent":70,"menu_order":3,"comment_status":"closed","ping_status":"closed","template":"","meta":{"footnotes":""},"class_list":["post-685","page","type-page","status-publish","hentry"],"acf":[],"yoast_head":"<!-- This site is optimized with the Yoast SEO plugin v26.8 - https:\/\/yoast.com\/product\/yoast-seo-wordpress\/ -->\n<title>Person im Zentrum - HLW, BAfEP &amp; BASOP Frohsdorf<\/title>\n<meta name=\"robots\" content=\"index, follow, max-snippet:-1, max-image-preview:large, max-video-preview:-1\" \/>\n<link rel=\"canonical\" href=\"https:\/\/www.stachristiana.at\/hlw-bafep-frohsdorf\/wofuer-wir-stehen\/person-im-zentrum\" \/>\n<meta property=\"og:locale\" content=\"de_DE\" \/>\n<meta property=\"og:type\" content=\"article\" \/>\n<meta property=\"og:title\" content=\"Person im Zentrum - HLW, BAfEP &amp; BASOP Frohsdorf\" \/>\n<meta property=\"og:description\" content=\"Bei uns in Sta. Christiana Frohsdorf begegnen&nbsp;Sch\u00fclerInnen und Lehrerinnen einander &#8222;auf selber Augenh\u00f6he&#8220; &#8211; wenn auch mit unterschiedlichen Rechten und Pflichten, so doch immer mit tiefem Respekt der Pers\u00f6nlichkeit eines jeden einzelnen. &#8222;Als Mitarbeiter\/innen im Schulverein Institut Sta. Christiana sind wir gesendet,&nbsp;Gottes barmherzige Liebe sp\u00fcrbar und erfahrbar zu machen durch entschiedene und wahrhaftige Zuwendung, die [&hellip;]\" \/>\n<meta property=\"og:url\" content=\"https:\/\/www.stachristiana.at\/hlw-bafep-frohsdorf\/wofuer-wir-stehen\/person-im-zentrum\" \/>\n<meta property=\"og:site_name\" content=\"HLW, BAfEP &amp; BASOP Frohsdorf\" \/>\n<meta property=\"article:modified_time\" content=\"2023-04-25T08:10:22+00:00\" \/>\n<meta property=\"og:image\" content=\"https:\/\/www.stachristiana.at\/app\/uploads\/sites\/6\/2022\/09\/schueler-in-stall-mit-pferd.jpg\" \/>\n<meta name=\"twitter:card\" content=\"summary_large_image\" \/>\n<meta name=\"twitter:label1\" content=\"Gesch\u00e4tzte Lesezeit\" \/>\n\t<meta name=\"twitter:data1\" content=\"4\u00a0Minuten\" \/>\n<script type=\"application\/ld+json\" class=\"yoast-schema-graph\">{\"@context\":\"https:\/\/schema.org\",\"@graph\":[{\"@type\":\"WebPage\",\"@id\":\"https:\/\/www.stachristiana.at\/hlw-bafep-frohsdorf\/wofuer-wir-stehen\/person-im-zentrum\",\"url\":\"https:\/\/www.stachristiana.at\/hlw-bafep-frohsdorf\/wofuer-wir-stehen\/person-im-zentrum\",\"name\":\"Person im Zentrum - HLW, BAfEP &amp; BASOP Frohsdorf\",\"isPartOf\":{\"@id\":\"https:\/\/www.stachristiana.at\/hlw-bafep-frohsdorf\/#website\"},\"primaryImageOfPage\":{\"@id\":\"https:\/\/www.stachristiana.at\/hlw-bafep-frohsdorf\/wofuer-wir-stehen\/person-im-zentrum#primaryimage\"},\"image\":{\"@id\":\"https:\/\/www.stachristiana.at\/hlw-bafep-frohsdorf\/wofuer-wir-stehen\/person-im-zentrum#primaryimage\"},\"thumbnailUrl\":\"https:\/\/www.stachristiana.at\/app\/uploads\/sites\/6\/2022\/09\/schueler-in-stall-mit-pferd.jpg\",\"datePublished\":\"2022-09-27T14:07:26+00:00\",\"dateModified\":\"2023-04-25T08:10:22+00:00\",\"breadcrumb\":{\"@id\":\"https:\/\/www.stachristiana.at\/hlw-bafep-frohsdorf\/wofuer-wir-stehen\/person-im-zentrum#breadcrumb\"},\"inLanguage\":\"de\",\"potentialAction\":[{\"@type\":\"ReadAction\",\"target\":[\"https:\/\/www.stachristiana.at\/hlw-bafep-frohsdorf\/wofuer-wir-stehen\/person-im-zentrum\"]}]},{\"@type\":\"ImageObject\",\"inLanguage\":\"de\",\"@id\":\"https:\/\/www.stachristiana.at\/hlw-bafep-frohsdorf\/wofuer-wir-stehen\/person-im-zentrum#primaryimage\",\"url\":\"https:\/\/www.stachristiana.at\/app\/uploads\/sites\/6\/2022\/09\/schueler-in-stall-mit-pferd.jpg\",\"contentUrl\":\"https:\/\/www.stachristiana.at\/app\/uploads\/sites\/6\/2022\/09\/schueler-in-stall-mit-pferd.jpg\"},{\"@type\":\"BreadcrumbList\",\"@id\":\"https:\/\/www.stachristiana.at\/hlw-bafep-frohsdorf\/wofuer-wir-stehen\/person-im-zentrum#breadcrumb\",\"itemListElement\":[{\"@type\":\"ListItem\",\"position\":1,\"name\":\"Start\",\"item\":\"https:\/\/www.stachristiana.at\/\"},{\"@type\":\"ListItem\",\"position\":2,\"name\":\"Wof\u00fcr wir stehen\",\"item\":\"https:\/\/www.stachristiana.at\/hlw-bafep-frohsdorf\/wofuer-wir-stehen\"},{\"@type\":\"ListItem\",\"position\":3,\"name\":\"Person im Zentrum\"}]},{\"@type\":\"WebSite\",\"@id\":\"https:\/\/www.stachristiana.at\/hlw-bafep-frohsdorf\/#website\",\"url\":\"https:\/\/www.stachristiana.at\/hlw-bafep-frohsdorf\/\",\"name\":\"Sta. Christiana - HLW - BAfEP Frohsdorf\",\"description\":\"H\u00f6here Lehranstalt, Fachschule und Aufbaulehrgang f\u00fcr wirtschaftliche Berufe und Bildungsanstalt und Kolleg f\u00fcr Elementarp\u00e4dagogik\",\"publisher\":{\"@id\":\"https:\/\/www.stachristiana.at\/hlw-bafep-frohsdorf\/#organization\"},\"alternateName\":\"Sta. Christiana\",\"potentialAction\":[{\"@type\":\"SearchAction\",\"target\":{\"@type\":\"EntryPoint\",\"urlTemplate\":\"https:\/\/www.stachristiana.at\/hlw-bafep-frohsdorf\/?s={search_term_string}\"},\"query-input\":{\"@type\":\"PropertyValueSpecification\",\"valueRequired\":true,\"valueName\":\"search_term_string\"}}],\"inLanguage\":\"de\"},{\"@type\":\"Organization\",\"@id\":\"https:\/\/www.stachristiana.at\/hlw-bafep-frohsdorf\/#organization\",\"name\":\"Sta. Christiana - HLW und BAfEP Frohsdorf\",\"alternateName\":\"Sta. Christiana\",\"url\":\"https:\/\/www.stachristiana.at\/hlw-bafep-frohsdorf\/\",\"logo\":{\"@type\":\"ImageObject\",\"inLanguage\":\"de\",\"@id\":\"https:\/\/www.stachristiana.at\/hlw-bafep-frohsdorf\/#\/schema\/logo\/image\/\",\"url\":\"https:\/\/www.stachristiana.at\/app\/uploads\/sites\/6\/2022\/05\/logo-sta-christiana.png\",\"contentUrl\":\"https:\/\/www.stachristiana.at\/app\/uploads\/sites\/6\/2022\/05\/logo-sta-christiana.png\",\"width\":1200,\"height\":491,\"caption\":\"Sta. Christiana - HLW und BAfEP Frohsdorf\"},\"image\":{\"@id\":\"https:\/\/www.stachristiana.at\/hlw-bafep-frohsdorf\/#\/schema\/logo\/image\/\"}}]}<\/script>\n<!-- \/ Yoast SEO plugin. -->","yoast_head_json":{"title":"Person im Zentrum - HLW, BAfEP &amp; BASOP Frohsdorf","robots":{"index":"index","follow":"follow","max-snippet":"max-snippet:-1","max-image-preview":"max-image-preview:large","max-video-preview":"max-video-preview:-1"},"canonical":"https:\/\/www.stachristiana.at\/hlw-bafep-frohsdorf\/wofuer-wir-stehen\/person-im-zentrum","og_locale":"de_DE","og_type":"article","og_title":"Person im Zentrum - HLW, BAfEP &amp; BASOP Frohsdorf","og_description":"Bei uns in Sta. Christiana Frohsdorf begegnen&nbsp;Sch\u00fclerInnen und Lehrerinnen einander &#8222;auf selber Augenh\u00f6he&#8220; &#8211; wenn auch mit unterschiedlichen Rechten und Pflichten, so doch immer mit tiefem Respekt der Pers\u00f6nlichkeit eines jeden einzelnen. &#8222;Als Mitarbeiter\/innen im Schulverein Institut Sta. Christiana sind wir gesendet,&nbsp;Gottes barmherzige Liebe sp\u00fcrbar und erfahrbar zu machen durch entschiedene und wahrhaftige Zuwendung, die [&hellip;]","og_url":"https:\/\/www.stachristiana.at\/hlw-bafep-frohsdorf\/wofuer-wir-stehen\/person-im-zentrum","og_site_name":"HLW, BAfEP &amp; BASOP Frohsdorf","article_modified_time":"2023-04-25T08:10:22+00:00","og_image":[{"url":"https:\/\/www.stachristiana.at\/app\/uploads\/sites\/6\/2022\/09\/schueler-in-stall-mit-pferd.jpg","type":"","width":"","height":""}],"twitter_card":"summary_large_image","twitter_misc":{"Gesch\u00e4tzte Lesezeit":"4\u00a0Minuten"},"schema":{"@context":"https:\/\/schema.org","@graph":[{"@type":"WebPage","@id":"https:\/\/www.stachristiana.at\/hlw-bafep-frohsdorf\/wofuer-wir-stehen\/person-im-zentrum","url":"https:\/\/www.stachristiana.at\/hlw-bafep-frohsdorf\/wofuer-wir-stehen\/person-im-zentrum","name":"Person im Zentrum - HLW, BAfEP &amp; BASOP Frohsdorf","isPartOf":{"@id":"https:\/\/www.stachristiana.at\/hlw-bafep-frohsdorf\/#website"},"primaryImageOfPage":{"@id":"https:\/\/www.stachristiana.at\/hlw-bafep-frohsdorf\/wofuer-wir-stehen\/person-im-zentrum#primaryimage"},"image":{"@id":"https:\/\/www.stachristiana.at\/hlw-bafep-frohsdorf\/wofuer-wir-stehen\/person-im-zentrum#primaryimage"},"thumbnailUrl":"https:\/\/www.stachristiana.at\/app\/uploads\/sites\/6\/2022\/09\/schueler-in-stall-mit-pferd.jpg","datePublished":"2022-09-27T14:07:26+00:00","dateModified":"2023-04-25T08:10:22+00:00","breadcrumb":{"@id":"https:\/\/www.stachristiana.at\/hlw-bafep-frohsdorf\/wofuer-wir-stehen\/person-im-zentrum#breadcrumb"},"inLanguage":"de","potentialAction":[{"@type":"ReadAction","target":["https:\/\/www.stachristiana.at\/hlw-bafep-frohsdorf\/wofuer-wir-stehen\/person-im-zentrum"]}]},{"@type":"ImageObject","inLanguage":"de","@id":"https:\/\/www.stachristiana.at\/hlw-bafep-frohsdorf\/wofuer-wir-stehen\/person-im-zentrum#primaryimage","url":"https:\/\/www.stachristiana.at\/app\/uploads\/sites\/6\/2022\/09\/schueler-in-stall-mit-pferd.jpg","contentUrl":"https:\/\/www.stachristiana.at\/app\/uploads\/sites\/6\/2022\/09\/schueler-in-stall-mit-pferd.jpg"},{"@type":"BreadcrumbList","@id":"https:\/\/www.stachristiana.at\/hlw-bafep-frohsdorf\/wofuer-wir-stehen\/person-im-zentrum#breadcrumb","itemListElement":[{"@type":"ListItem","position":1,"name":"Start","item":"https:\/\/www.stachristiana.at\/"},{"@type":"ListItem","position":2,"name":"Wof\u00fcr wir stehen","item":"https:\/\/www.stachristiana.at\/hlw-bafep-frohsdorf\/wofuer-wir-stehen"},{"@type":"ListItem","position":3,"name":"Person im Zentrum"}]},{"@type":"WebSite","@id":"https:\/\/www.stachristiana.at\/hlw-bafep-frohsdorf\/#website","url":"https:\/\/www.stachristiana.at\/hlw-bafep-frohsdorf\/","name":"Sta. Christiana - HLW - BAfEP Frohsdorf","description":"H\u00f6here Lehranstalt, Fachschule und Aufbaulehrgang f\u00fcr wirtschaftliche Berufe und Bildungsanstalt und Kolleg f\u00fcr Elementarp\u00e4dagogik","publisher":{"@id":"https:\/\/www.stachristiana.at\/hlw-bafep-frohsdorf\/#organization"},"alternateName":"Sta. Christiana","potentialAction":[{"@type":"SearchAction","target":{"@type":"EntryPoint","urlTemplate":"https:\/\/www.stachristiana.at\/hlw-bafep-frohsdorf\/?s={search_term_string}"},"query-input":{"@type":"PropertyValueSpecification","valueRequired":true,"valueName":"search_term_string"}}],"inLanguage":"de"},{"@type":"Organization","@id":"https:\/\/www.stachristiana.at\/hlw-bafep-frohsdorf\/#organization","name":"Sta. Christiana - HLW und BAfEP Frohsdorf","alternateName":"Sta. Christiana","url":"https:\/\/www.stachristiana.at\/hlw-bafep-frohsdorf\/","logo":{"@type":"ImageObject","inLanguage":"de","@id":"https:\/\/www.stachristiana.at\/hlw-bafep-frohsdorf\/#\/schema\/logo\/image\/","url":"https:\/\/www.stachristiana.at\/app\/uploads\/sites\/6\/2022\/05\/logo-sta-christiana.png","contentUrl":"https:\/\/www.stachristiana.at\/app\/uploads\/sites\/6\/2022\/05\/logo-sta-christiana.png","width":1200,"height":491,"caption":"Sta. Christiana - HLW und BAfEP Frohsdorf"},"image":{"@id":"https:\/\/www.stachristiana.at\/hlw-bafep-frohsdorf\/#\/schema\/logo\/image\/"}}]}},"_links":{"self":[{"href":"https:\/\/www.stachristiana.at\/hlw-bafep-frohsdorf\/wp-json\/wp\/v2\/pages\/685","targetHints":{"allow":["GET"]}}],"collection":[{"href":"https:\/\/www.stachristiana.at\/hlw-bafep-frohsdorf\/wp-json\/wp\/v2\/pages"}],"about":[{"href":"https:\/\/www.stachristiana.at\/hlw-bafep-frohsdorf\/wp-json\/wp\/v2\/types\/page"}],"author":[{"embeddable":true,"href":"https:\/\/www.stachristiana.at\/hlw-bafep-frohsdorf\/wp-json\/wp\/v2\/users\/5"}],"replies":[{"embeddable":true,"href":"https:\/\/www.stachristiana.at\/hlw-bafep-frohsdorf\/wp-json\/wp\/v2\/comments?post=685"}],"version-history":[{"count":9,"href":"https:\/\/www.stachristiana.at\/hlw-bafep-frohsdorf\/wp-json\/wp\/v2\/pages\/685\/revisions"}],"predecessor-version":[{"id":1795,"href":"https:\/\/www.stachristiana.at\/hlw-bafep-frohsdorf\/wp-json\/wp\/v2\/pages\/685\/revisions\/1795"}],"up":[{"embeddable":true,"href":"https:\/\/www.stachristiana.at\/hlw-bafep-frohsdorf\/wp-json\/wp\/v2\/pages\/70"}],"wp:attachment":[{"href":"https:\/\/www.stachristiana.at\/hlw-bafep-frohsdorf\/wp-json\/wp\/v2\/media?parent=685"}],"curies":[{"name":"wp","href":"https:\/\/api.w.org\/{rel}","templated":true}]}}