{"id":325,"date":"2022-06-08T16:50:21","date_gmt":"2022-06-08T14:50:21","guid":{"rendered":"http:\/\/www.sanctachristiana.at\/hlw-bafep-frohsdorf\/?page_id=325"},"modified":"2026-01-16T08:59:56","modified_gmt":"2026-01-16T07:59:56","slug":"anmeldung","status":"publish","type":"page","link":"https:\/\/www.stachristiana.at\/hlw-bafep-frohsdorf\/anmeldung","title":{"rendered":"Anmeldung"},"content":{"rendered":"\n<p>Eine pers\u00f6nliche Anmeldung ist w\u00e4hrend der Schulzeit Montag bis Freitag von 9:00 bis 14:00 Uhr m\u00f6glich. Sie k\u00f6nnen die Anmeldung auch per Post oder E-Mail vornehmen. <\/p>\n\n\n\n<p>Sie k\u00f6nnen auch sofort eine <a href=\"https:\/\/forms.office.com\/Pages\/ResponsePage.aspx?id=_R_m3v_d8k6yForqRbG85_TSE_mJU_BNvnCzqrGhNnVUNk9ZMzA2MjE2WTZCNkNIOFNGQ1RUM0JDRy4u\" target=\"_blank\" rel=\"noreferrer noopener\"><strong>Online-Anmeldung<\/strong><\/a> vornehmen!<\/p>\n\n\n\n<p>Zur Anmeldung sind folgende Dokumente vorzulegen:<\/p>\n\n\n\n<p>\u00b7 Anmeldebogen<br>\u00b7 Ausbildungs- und Aufnahmevertrag<br>\u00b7 Geburtsurkunde<br>\u00b7 Staatsb\u00fcrgerschaftsnachweis<br>\u00b7 Meldezettel<br>\u00b7 Schulnachricht der 8. Schulstufe<br>\u00b7 Kopie der Schulnachricht\/des letzten Zeugnisses<br>\u00b7 Eventuell Vormundschaftsdekret<br>\u00b7 Sozialversicherungskarte bzw. Sozialversicherungsnummer<\/p>\n\n\n\n<p>Die Anmeldung sollte sp\u00e4testens nach den Semesterferien am besten pers\u00f6nlich in der Direktion erfolgen.<\/p>\n\n\n\n<div id=\"linklist-block_47ba5cfa875cdc727fc76f2fafb20fd5\" class=\"linklist\">\n\t\t\n\t\t<a href=\"https:\/\/www.stachristiana.at\/app\/uploads\/sites\/6\/2024\/09\/Folder_8s_V3d-2024.pdf\" target=\"_blank\" class=\"linklist-item linklist-item-hellblau\">\n\t\t\tFolder\t\t<\/a>\n\n\t\t\n\t\t<a href=\"https:\/\/www.stachristiana.at\/app\/uploads\/sites\/6\/2024\/09\/schulbroschure_2024_V1e.pdf\" target=\"_blank\" class=\"linklist-item linklist-item-hellblau\">\n\t\t\tInformationsbrosch\u00fcre\t\t<\/a>\n\n\t\t\n\t\t<a href=\"https:\/\/www.stachristiana.at\/app\/uploads\/sites\/6\/2026\/01\/Anmeldemappe_2026_2027.pdf\" target=\"_blank\" class=\"linklist-item linklist-item-hellblau\">\n\t\t\tAnmeldemappe\t\t<\/a>\n\n\t\t\n\t\t<a href=\"https:\/\/www.stachristiana.at\/app\/uploads\/sites\/6\/2025\/09\/Anmeldeformular-2026_2027_BLANKO.pdf\" target=\"_blank\" class=\"linklist-item linklist-item-hellblau\">\n\t\t\tAnmeldeformular\t\t<\/a>\n\n\t\t\n\t\t<a href=\"https:\/\/www.stachristiana.at\/app\/uploads\/sites\/6\/2022\/12\/Aufnahmevertrag_FS-ALW-HLW-BAfEP_Sta.-Christiana_12-2022.pdf\" target=\"_blank\" class=\"linklist-item linklist-item-hellblau\">\n\t\t\tAufnahmevertrag\t\t<\/a>\n\n\t<\/div>\n\n\n\n<p><a href=\"#Downloads\"><strong>Weitere Unterlagen zum downloaden am Ende dieser Seite!<\/strong><\/a><\/p>\n\n\n\n<p>Die Anmeldung wird erst mit der Einzahlung der September-Rate des Ausbildungsbeitrages oder mit der Best\u00e4tigung der Errichtung eines SEPA-Lastschriftverfahrens bis sp\u00e4testens 31. Juli vollst\u00e4ndig, ansonsten wird der Platz an andere Bewerber vergeben.<\/p>\n\n\n\n<p>Die Aufnahme erfolgt nach dem Leistungsschnitt und dem Datum der Anmeldung.<\/p>\n\n\n\n<p>In allen F\u00e4llen erfolgt ein beratendes Aufnahmegespr\u00e4ch mit den Bewerbern. Die endg\u00fcltige Aufnahme erfolgt nach Vorlage des Jahreszeugnisses.<\/p>\n\n\n\n<h2 class=\"wp-block-heading\"><strong>Pflicht-Notebook<\/strong><\/h2>\n\n\n\n<p>Ab der 2. Klasse \/ 2. Jahrgang muss jeder Sch\u00fcler \/ jede Sch\u00fclerin bzw. im Aufbaulehrgang und im Kolleg ab dem 1. Semester ein privates Notebook in der Schule zur Verf\u00fcgung haben. Es wird f\u00fcr den Unterricht und f\u00fcr schriftliche \u00dcberpr\u00fcfungen eingesetzt.<\/p>\n\n\n\n<p>Zuhause m\u00fcssen ein Drucker und ein Internetzugang vorhanden sein.<\/p>\n\n\n\n<h2 class=\"wp-block-heading\"><strong>Aufnahmepr\u00fcfung<\/strong><\/h2>\n\n\n\n<p>Der Termin der schriftlichen und m\u00fcndlichen Aufnahmepr\u00fcfung ist der Mittwoch in der letzten Schulwoche des aktuellen Schuljahres (schriftlich Deutsch: 8:00-9:00 Uhr, Englisch: 9:15-10:15 Uhr, Mathematik: 10:30-11:30 Uhr, im Anschluss jeweils m\u00fcndlich).<\/p>\n\n\n\n<h2 class=\"wp-block-heading\"><strong>Eignungspr\u00fcfung BAfEP, BASOP und Kolleg<\/strong><\/h2>\n\n\n\n<p>Der Termin wird gesondert bekannt gegeben.<\/p>\n\n\n\n<div id=\"linklist-block_7d50f351a4218183c594660f18ef9eb4\" class=\"linklist\">\n\t\t\n\t\t<a href=\"https:\/\/www.stachristiana.at\/app\/uploads\/sites\/6\/2024\/12\/Eignungspruefung_Info_2025.pdf\" target=\"_blank\" class=\"linklist-item linklist-item-hellblau\">\n\t\t\tInformationen zur Eignungspr\u00fcfung\t\t<\/a>\n\n\t<\/div>\n\n\n\n<p><\/p>\n\n\n\n<h2 class=\"wp-block-heading\"><strong>Aufnahmeverfahren<\/strong><\/h2>\n\n\n\n<p><strong>Dezember<\/strong><br>M\u00f6glichkeit zum Kennenlernen der Schule beim Tag der Offenen T\u00fcr, ein Freitag 09:00-16:00 Uhr und Samstag 9:00-12:00 Uhr im November\/Dezember und ein Samstag 9:00-12:00 im J\u00e4nner\/Februar. Ab dem ersten Tag der Offenen T\u00fcr werden Anmeldungen entgegengenommen.<br><strong>Februar<\/strong><br>Nach den Semesterferien: Anmeldung in der Schule mit Semesterzeugnis im Original und weiteren Dokumenten (Meldezettel, Geburtsurkunde, Staatsb\u00fcrgerschaftsnachweis); mit M\u00e4rz endet die Anmeldefrist<br><strong>M\u00e4rz<\/strong><br>Schriftliche Information \u00fcber vorl\u00e4ufige Aufnahme.<br><strong>Juni<\/strong><br>bis Montag in der letzten Schulwoche, 12:00 Uhr: Zur Komplettierung der Anmeldung das Jahreszeugnis, ein vorl\u00e4ufiges Jahreszeugnis oder beiliegende Schulerfolgsbest\u00e4tigung, f\u00fcr Kolleg Reifepr\u00fcfungszeugnis, in der Direktion vorlegen (Brief, Fax, E-Mail).<br>Am Mittwoch in der letzten Schulwoche des aktuellen Schuljahres sind, falls notwendig, Aufnahmepr\u00fcfungen in der Schule abzulegen.<br>(schriftlich Deutsch: 8:00-9:00 Uhr, Englisch: 9:15-10:15 Uhr, Mathematik: 10:30-11:30 Uhr, im Anschluss jeweils m\u00fcndlich).<br><strong>Juli<\/strong><br>Schriftliche Information der Schule mit R\u00fcckmeldung \u00fcber fixe Aufnahme an der Schule.<br>Sollten mehr Sch\u00fclerInnen angemeldet sein, als aufgenommen werden k\u00f6nnen, erfolgt eine Reihung nach dem Datum der Anmeldung in Kombination mit dem Notendurchschnitt des Semester- und Jahreszeugnisses und bei der BAfEP, BASOP und Kolleg zus\u00e4tzlich unter Ber\u00fccksichtigung des Ergebnisses der Eignungspr\u00fcfung.<br>Bis sp\u00e4testens 31. Juli einmalige Einzahlung des Ausbildungsbeitrags f\u00fcr September zur Platzsicherung. Die Nichteinzahlung des ersten Ausbildungsbeitrages wird als Abmeldung gesehen.<br><strong>September<\/strong><br>1. Montag im September: 7:55 Uhr Schulbeginn und Klasseneinteilung<\/p>\n\n\n\n<h2 class=\"wp-block-heading\"><strong>Aufnahmekriterien<\/strong><\/h2>\n\n\n\n<figure class=\"wp-block-table\"><table><tbody><tr><td><\/td><td>Aufnahmevoraussetzungen erf\u00fcllt<\/td><td>Aufnahmepr\u00fcfung notwendig<\/td><\/tr><tr><td>1-j\u00e4hrige FW<\/td><td>Positives Jahreszeugnis<br>4. Klasse<\/td><td>&#8212;<\/td><\/tr><tr><td>3-j\u00e4hrige FW<\/td><td>Positives Jahreszeugnis<br>4. Klasse<\/td><td>wenn schlechter als \u201eBefriedigend\u201c auf dem Leistungsniveau Standard<\/td><\/tr><tr><td>HLW <\/td><td><br>Positives Jahreszeugnis<br>4. Klasse<\/td><td>wenn keine positive Beurteilung im Leistungsniveau Standard AHS oder schlechter als \u201eGut\u201c im Leistungsniveau Standard<\/td><\/tr><tr><td>BAfEP<br>und BASOP<\/td><td>Positives Jahreszeugnis<br>4. Klasse<br><br>bestandene Eignungspr\u00fcfung<\/td><td>wenn keine positive Beurteilung im Leistungsniveau Standard AHS oder schlechter als \u201eGut\u201c im Leistungsniveau Standard<\/td><\/tr><tr><td>ALW<\/td><td>Aufnahmevoraussetzung ist der Abschluss einer Fachschule bzw. Lehrabschluss<\/td><td>&#8212;<\/td><\/tr><tr><td>Kolleg<\/td><td>Reifepr\u00fcfung\/Berufsreifepr\u00fcfung\/Studienberechtigungspr\u00fcfung<br><br>bestandene Eignungspr\u00fcfung<\/td><td>&#8212;<\/td><\/tr><\/tbody><\/table><\/figure>\n\n\n\n<h2 class=\"wp-block-heading\" id=\"Downloads\"><strong>Downloads<\/strong><\/h2>\n\n\n\n<div id=\"linklist-block_ace09b0430162292d60dc4024495545c\" class=\"linklist\">\n\t\t\n\t\t<a href=\"https:\/\/www.stachristiana.at\/app\/uploads\/sites\/6\/2024\/09\/Folder_8s_V3d-2024.pdf\" target=\"_blank\" class=\"linklist-item linklist-item-hellblau\">\n\t\t\tFolder\t\t<\/a>\n\n\t\t\n\t\t<a href=\"https:\/\/www.stachristiana.at\/app\/uploads\/sites\/6\/2024\/09\/schulbroschure_2024_V1e.pdf\" target=\"_blank\" class=\"linklist-item linklist-item-hellblau\">\n\t\t\tInformationsbrosch\u00fcre\t\t<\/a>\n\n\t\t\n\t\t<a href=\"https:\/\/www.stachristiana.at\/app\/uploads\/sites\/6\/2022\/12\/Einlegeblatt_Einjaehrige-Fachschule_V2.pdf\" target=\"_blank\" class=\"linklist-item linklist-item-hellblau\">\n\t\t\tEinj\u00e4hrige Fachschule &#8211; Folder\t\t<\/a>\n\n\t\t\n\t\t<a href=\"https:\/\/www.stachristiana.at\/app\/uploads\/sites\/6\/2022\/12\/Flyer_Aufbaulehrgang_V1.pdf\" target=\"_blank\" class=\"linklist-item linklist-item-hellblau\">\n\t\t\tAufbaulehrgang &#8211; Folder\t\t<\/a>\n\n\t\t\n\t\t<a href=\"https:\/\/www.stachristiana.at\/app\/uploads\/sites\/6\/2022\/12\/Flyer_Kolleg_V1.pdf\" target=\"_blank\" class=\"linklist-item linklist-item-hellblau\">\n\t\t\tKolleg &#8211; Folder\t\t<\/a>\n\n\t\t\n\t\t<a href=\"https:\/\/www.stachristiana.at\/app\/uploads\/sites\/6\/2025\/09\/Anmeldemappe_2026_2027.pdf\" target=\"_blank\" class=\"linklist-item linklist-item-hellblau\">\n\t\t\tAnmeldemappe\t\t<\/a>\n\n\t\t\n\t\t<a href=\"https:\/\/www.stachristiana.at\/app\/uploads\/sites\/6\/2025\/09\/Anmeldeformular-2026_2027_BLANKO.pdf\" target=\"_blank\" class=\"linklist-item linklist-item-hellblau\">\n\t\t\tAnmeldeformular\t\t<\/a>\n\n\t\t\n\t\t<a href=\"https:\/\/www.stachristiana.at\/app\/uploads\/sites\/6\/2022\/12\/Aufnahmevertrag_FS-ALW-HLW-BAfEP_Sta.-Christiana_12-2022.pdf\" target=\"_blank\" class=\"linklist-item linklist-item-hellblau\">\n\t\t\tAufnahmevertrag\t\t<\/a>\n\n\t\t\n\t\t<a href=\"https:\/\/www.stachristiana.at\/app\/uploads\/sites\/6\/2022\/12\/2022_Zusatzerklaerung_social_media_aufnahmevertrag_schueler_unter_14.pdf\" target=\"_blank\" class=\"linklist-item linklist-item-hellblau\">\n\t\t\tZusatzvereinbarung zum Aufnahmevertrag bis 14 Jahre\t\t<\/a>\n\n\t\t\n\t\t<a href=\"https:\/\/www.stachristiana.at\/app\/uploads\/sites\/6\/2022\/12\/2022_Zusatzerklaerung_social_media_aufnahmevertrag_schueler_ueber_14.pdf\" target=\"_blank\" class=\"linklist-item linklist-item-hellblau\">\n\t\t\tZusatzvereinbarung zum Aufnahmevertrag \u00fcber 14 Jahre\t\t<\/a>\n\n\t\t\n\t\t<a href=\"https:\/\/www.stachristiana.at\/app\/uploads\/sites\/6\/2024\/12\/Eignungspruefung_Info_2025.pdf\" target=\"_blank\" class=\"linklist-item linklist-item-hellblau\">\n\t\t\tInformationen zur Eignungspr\u00fcfung\t\t<\/a>\n\n\t<\/div>\n","protected":false},"excerpt":{"rendered":"<p>Eine pers\u00f6nliche Anmeldung ist w\u00e4hrend der Schulzeit Montag bis Freitag von 9:00 bis 14:00 Uhr m\u00f6glich. Sie k\u00f6nnen die Anmeldung auch per Post oder E-Mail vornehmen. Sie k\u00f6nnen auch sofort eine Online-Anmeldung vornehmen! Zur Anmeldung sind folgende Dokumente vorzulegen: \u00b7 Anmeldebogen\u00b7 Ausbildungs- und Aufnahmevertrag\u00b7 Geburtsurkunde\u00b7 Staatsb\u00fcrgerschaftsnachweis\u00b7 Meldezettel\u00b7 Schulnachricht der 8. Schulstufe\u00b7 Kopie der Schulnachricht\/des letzten [&hellip;]<\/p>\n","protected":false},"author":1,"featured_media":0,"parent":0,"menu_order":998,"comment_status":"closed","ping_status":"closed","template":"","meta":{"footnotes":""},"class_list":["post-325","page","type-page","status-publish","hentry"],"acf":[],"yoast_head":"<!-- This site is optimized with the Yoast SEO plugin v26.8 - https:\/\/yoast.com\/product\/yoast-seo-wordpress\/ -->\n<title>Anmeldung - HLW, BAfEP &amp; BASOP Frohsdorf<\/title>\n<meta name=\"robots\" content=\"index, follow, max-snippet:-1, max-image-preview:large, max-video-preview:-1\" \/>\n<link rel=\"canonical\" href=\"https:\/\/www.stachristiana.at\/hlw-bafep-frohsdorf\/anmeldung\" \/>\n<meta property=\"og:locale\" content=\"de_DE\" \/>\n<meta property=\"og:type\" content=\"article\" \/>\n<meta property=\"og:title\" content=\"Anmeldung - HLW, BAfEP &amp; BASOP Frohsdorf\" \/>\n<meta property=\"og:description\" content=\"Eine pers\u00f6nliche Anmeldung ist w\u00e4hrend der Schulzeit Montag bis Freitag von 9:00 bis 14:00 Uhr m\u00f6glich. Sie k\u00f6nnen die Anmeldung auch per Post oder E-Mail vornehmen. Sie k\u00f6nnen auch sofort eine Online-Anmeldung vornehmen! Zur Anmeldung sind folgende Dokumente vorzulegen: \u00b7 Anmeldebogen\u00b7 Ausbildungs- und Aufnahmevertrag\u00b7 Geburtsurkunde\u00b7 Staatsb\u00fcrgerschaftsnachweis\u00b7 Meldezettel\u00b7 Schulnachricht der 8. Schulstufe\u00b7 Kopie der Schulnachricht\/des letzten [&hellip;]\" \/>\n<meta property=\"og:url\" content=\"https:\/\/www.stachristiana.at\/hlw-bafep-frohsdorf\/anmeldung\" \/>\n<meta property=\"og:site_name\" content=\"HLW, BAfEP &amp; BASOP Frohsdorf\" \/>\n<meta property=\"article:modified_time\" content=\"2026-01-16T07:59:56+00:00\" \/>\n<meta property=\"og:image\" content=\"https:\/\/www.stachristiana.at\/app\/uploads\/sites\/6\/2022\/05\/logo-sta-christiana.png\" \/>\n\t<meta property=\"og:image:width\" content=\"1200\" \/>\n\t<meta property=\"og:image:height\" content=\"491\" \/>\n\t<meta property=\"og:image:type\" content=\"image\/png\" \/>\n<meta name=\"twitter:card\" content=\"summary_large_image\" \/>\n<meta name=\"twitter:label1\" content=\"Gesch\u00e4tzte Lesezeit\" \/>\n\t<meta name=\"twitter:data1\" content=\"4\u00a0Minuten\" \/>\n<script type=\"application\/ld+json\" class=\"yoast-schema-graph\">{\"@context\":\"https:\/\/schema.org\",\"@graph\":[{\"@type\":\"WebPage\",\"@id\":\"https:\/\/www.stachristiana.at\/hlw-bafep-frohsdorf\/anmeldung\",\"url\":\"https:\/\/www.stachristiana.at\/hlw-bafep-frohsdorf\/anmeldung\",\"name\":\"Anmeldung - HLW, BAfEP &amp; BASOP Frohsdorf\",\"isPartOf\":{\"@id\":\"https:\/\/www.stachristiana.at\/hlw-bafep-frohsdorf\/#website\"},\"datePublished\":\"2022-06-08T14:50:21+00:00\",\"dateModified\":\"2026-01-16T07:59:56+00:00\",\"breadcrumb\":{\"@id\":\"https:\/\/www.stachristiana.at\/hlw-bafep-frohsdorf\/anmeldung#breadcrumb\"},\"inLanguage\":\"de\",\"potentialAction\":[{\"@type\":\"ReadAction\",\"target\":[\"https:\/\/www.stachristiana.at\/hlw-bafep-frohsdorf\/anmeldung\"]}]},{\"@type\":\"BreadcrumbList\",\"@id\":\"https:\/\/www.stachristiana.at\/hlw-bafep-frohsdorf\/anmeldung#breadcrumb\",\"itemListElement\":[{\"@type\":\"ListItem\",\"position\":1,\"name\":\"Start\",\"item\":\"https:\/\/www.stachristiana.at\/\"},{\"@type\":\"ListItem\",\"position\":2,\"name\":\"Anmeldung\"}]},{\"@type\":\"WebSite\",\"@id\":\"https:\/\/www.stachristiana.at\/hlw-bafep-frohsdorf\/#website\",\"url\":\"https:\/\/www.stachristiana.at\/hlw-bafep-frohsdorf\/\",\"name\":\"Sta. Christiana - HLW - BAfEP Frohsdorf\",\"description\":\"H\u00f6here Lehranstalt, Fachschule und Aufbaulehrgang f\u00fcr wirtschaftliche Berufe und Bildungsanstalt und Kolleg f\u00fcr Elementarp\u00e4dagogik\",\"publisher\":{\"@id\":\"https:\/\/www.stachristiana.at\/hlw-bafep-frohsdorf\/#organization\"},\"alternateName\":\"Sta. Christiana\",\"potentialAction\":[{\"@type\":\"SearchAction\",\"target\":{\"@type\":\"EntryPoint\",\"urlTemplate\":\"https:\/\/www.stachristiana.at\/hlw-bafep-frohsdorf\/?s={search_term_string}\"},\"query-input\":{\"@type\":\"PropertyValueSpecification\",\"valueRequired\":true,\"valueName\":\"search_term_string\"}}],\"inLanguage\":\"de\"},{\"@type\":\"Organization\",\"@id\":\"https:\/\/www.stachristiana.at\/hlw-bafep-frohsdorf\/#organization\",\"name\":\"Sta. Christiana - HLW und BAfEP Frohsdorf\",\"alternateName\":\"Sta. Christiana\",\"url\":\"https:\/\/www.stachristiana.at\/hlw-bafep-frohsdorf\/\",\"logo\":{\"@type\":\"ImageObject\",\"inLanguage\":\"de\",\"@id\":\"https:\/\/www.stachristiana.at\/hlw-bafep-frohsdorf\/#\/schema\/logo\/image\/\",\"url\":\"https:\/\/www.stachristiana.at\/app\/uploads\/sites\/6\/2022\/05\/logo-sta-christiana.png\",\"contentUrl\":\"https:\/\/www.stachristiana.at\/app\/uploads\/sites\/6\/2022\/05\/logo-sta-christiana.png\",\"width\":1200,\"height\":491,\"caption\":\"Sta. Christiana - HLW und BAfEP Frohsdorf\"},\"image\":{\"@id\":\"https:\/\/www.stachristiana.at\/hlw-bafep-frohsdorf\/#\/schema\/logo\/image\/\"}}]}<\/script>\n<!-- \/ Yoast SEO plugin. -->","yoast_head_json":{"title":"Anmeldung - HLW, BAfEP &amp; BASOP Frohsdorf","robots":{"index":"index","follow":"follow","max-snippet":"max-snippet:-1","max-image-preview":"max-image-preview:large","max-video-preview":"max-video-preview:-1"},"canonical":"https:\/\/www.stachristiana.at\/hlw-bafep-frohsdorf\/anmeldung","og_locale":"de_DE","og_type":"article","og_title":"Anmeldung - HLW, BAfEP &amp; BASOP Frohsdorf","og_description":"Eine pers\u00f6nliche Anmeldung ist w\u00e4hrend der Schulzeit Montag bis Freitag von 9:00 bis 14:00 Uhr m\u00f6glich. Sie k\u00f6nnen die Anmeldung auch per Post oder E-Mail vornehmen. Sie k\u00f6nnen auch sofort eine Online-Anmeldung vornehmen! Zur Anmeldung sind folgende Dokumente vorzulegen: \u00b7 Anmeldebogen\u00b7 Ausbildungs- und Aufnahmevertrag\u00b7 Geburtsurkunde\u00b7 Staatsb\u00fcrgerschaftsnachweis\u00b7 Meldezettel\u00b7 Schulnachricht der 8. Schulstufe\u00b7 Kopie der Schulnachricht\/des letzten [&hellip;]","og_url":"https:\/\/www.stachristiana.at\/hlw-bafep-frohsdorf\/anmeldung","og_site_name":"HLW, BAfEP &amp; BASOP Frohsdorf","article_modified_time":"2026-01-16T07:59:56+00:00","og_image":[{"width":1200,"height":491,"url":"https:\/\/www.stachristiana.at\/app\/uploads\/sites\/6\/2022\/05\/logo-sta-christiana.png","type":"image\/png"}],"twitter_card":"summary_large_image","twitter_misc":{"Gesch\u00e4tzte Lesezeit":"4\u00a0Minuten"},"schema":{"@context":"https:\/\/schema.org","@graph":[{"@type":"WebPage","@id":"https:\/\/www.stachristiana.at\/hlw-bafep-frohsdorf\/anmeldung","url":"https:\/\/www.stachristiana.at\/hlw-bafep-frohsdorf\/anmeldung","name":"Anmeldung - HLW, BAfEP &amp; BASOP Frohsdorf","isPartOf":{"@id":"https:\/\/www.stachristiana.at\/hlw-bafep-frohsdorf\/#website"},"datePublished":"2022-06-08T14:50:21+00:00","dateModified":"2026-01-16T07:59:56+00:00","breadcrumb":{"@id":"https:\/\/www.stachristiana.at\/hlw-bafep-frohsdorf\/anmeldung#breadcrumb"},"inLanguage":"de","potentialAction":[{"@type":"ReadAction","target":["https:\/\/www.stachristiana.at\/hlw-bafep-frohsdorf\/anmeldung"]}]},{"@type":"BreadcrumbList","@id":"https:\/\/www.stachristiana.at\/hlw-bafep-frohsdorf\/anmeldung#breadcrumb","itemListElement":[{"@type":"ListItem","position":1,"name":"Start","item":"https:\/\/www.stachristiana.at\/"},{"@type":"ListItem","position":2,"name":"Anmeldung"}]},{"@type":"WebSite","@id":"https:\/\/www.stachristiana.at\/hlw-bafep-frohsdorf\/#website","url":"https:\/\/www.stachristiana.at\/hlw-bafep-frohsdorf\/","name":"Sta. Christiana - HLW - BAfEP Frohsdorf","description":"H\u00f6here Lehranstalt, Fachschule und Aufbaulehrgang f\u00fcr wirtschaftliche Berufe und Bildungsanstalt und Kolleg f\u00fcr Elementarp\u00e4dagogik","publisher":{"@id":"https:\/\/www.stachristiana.at\/hlw-bafep-frohsdorf\/#organization"},"alternateName":"Sta. Christiana","potentialAction":[{"@type":"SearchAction","target":{"@type":"EntryPoint","urlTemplate":"https:\/\/www.stachristiana.at\/hlw-bafep-frohsdorf\/?s={search_term_string}"},"query-input":{"@type":"PropertyValueSpecification","valueRequired":true,"valueName":"search_term_string"}}],"inLanguage":"de"},{"@type":"Organization","@id":"https:\/\/www.stachristiana.at\/hlw-bafep-frohsdorf\/#organization","name":"Sta. Christiana - HLW und BAfEP Frohsdorf","alternateName":"Sta. Christiana","url":"https:\/\/www.stachristiana.at\/hlw-bafep-frohsdorf\/","logo":{"@type":"ImageObject","inLanguage":"de","@id":"https:\/\/www.stachristiana.at\/hlw-bafep-frohsdorf\/#\/schema\/logo\/image\/","url":"https:\/\/www.stachristiana.at\/app\/uploads\/sites\/6\/2022\/05\/logo-sta-christiana.png","contentUrl":"https:\/\/www.stachristiana.at\/app\/uploads\/sites\/6\/2022\/05\/logo-sta-christiana.png","width":1200,"height":491,"caption":"Sta. Christiana - HLW und BAfEP Frohsdorf"},"image":{"@id":"https:\/\/www.stachristiana.at\/hlw-bafep-frohsdorf\/#\/schema\/logo\/image\/"}}]}},"_links":{"self":[{"href":"https:\/\/www.stachristiana.at\/hlw-bafep-frohsdorf\/wp-json\/wp\/v2\/pages\/325","targetHints":{"allow":["GET"]}}],"collection":[{"href":"https:\/\/www.stachristiana.at\/hlw-bafep-frohsdorf\/wp-json\/wp\/v2\/pages"}],"about":[{"href":"https:\/\/www.stachristiana.at\/hlw-bafep-frohsdorf\/wp-json\/wp\/v2\/types\/page"}],"author":[{"embeddable":true,"href":"https:\/\/www.stachristiana.at\/hlw-bafep-frohsdorf\/wp-json\/wp\/v2\/users\/1"}],"replies":[{"embeddable":true,"href":"https:\/\/www.stachristiana.at\/hlw-bafep-frohsdorf\/wp-json\/wp\/v2\/comments?post=325"}],"version-history":[{"count":135,"href":"https:\/\/www.stachristiana.at\/hlw-bafep-frohsdorf\/wp-json\/wp\/v2\/pages\/325\/revisions"}],"predecessor-version":[{"id":3218,"href":"https:\/\/www.stachristiana.at\/hlw-bafep-frohsdorf\/wp-json\/wp\/v2\/pages\/325\/revisions\/3218"}],"wp:attachment":[{"href":"https:\/\/www.stachristiana.at\/hlw-bafep-frohsdorf\/wp-json\/wp\/v2\/media?parent=325"}],"curies":[{"name":"wp","href":"https:\/\/api.w.org\/{rel}","templated":true}]}}