{"id":2781,"date":"2024-11-26T08:49:24","date_gmt":"2024-11-26T07:49:24","guid":{"rendered":"https:\/\/www.stachristiana.at\/hlw-bafep-frohsdorf\/?page_id=2781"},"modified":"2025-09-04T11:15:44","modified_gmt":"2025-09-04T09:15:44","slug":"concordia-frohsdorf","status":"publish","type":"page","link":"https:\/\/www.stachristiana.at\/hlw-bafep-frohsdorf\/concordia-frohsdorf","title":{"rendered":"Absolventenverein"},"content":{"rendered":"\n<p><\/p>\n\n\n\n<h2 class=\"wp-block-heading\">Concordia Frohsdorf<\/h2>\n\n\n\n<h3 class=\"wp-block-heading\"><strong>Verein der Absolvent:innen und Freunde von Sta. Christiana Frohsdorf<\/strong><\/h3>\n\n\n\n<p>Der Verein bietet eine Plattform, um alte Freundschaften und Kontakte zu pflegen, Netzwerke zu erweitern und gemeinsam an Projekten zu arbeiten, die die Gemeinschaft der Menschen in und um Sta. Christiana Frohsdorf f\u00f6rdern und st\u00e4rken.<\/p>\n\n\n\n<figure class=\"wp-block-image size-large\"><img loading=\"lazy\" decoding=\"async\" width=\"1024\" height=\"723\" src=\"https:\/\/www.stachristiana.at\/app\/uploads\/sites\/6\/2024\/11\/Dritte_Wahl-1024x723.jpg\" alt=\"\" class=\"wp-image-2785\" srcset=\"https:\/\/www.stachristiana.at\/app\/uploads\/sites\/6\/2024\/11\/Dritte_Wahl-1024x723.jpg 1024w, https:\/\/www.stachristiana.at\/app\/uploads\/sites\/6\/2024\/11\/Dritte_Wahl-400x282.jpg 400w, https:\/\/www.stachristiana.at\/app\/uploads\/sites\/6\/2024\/11\/Dritte_Wahl-768x542.jpg 768w, https:\/\/www.stachristiana.at\/app\/uploads\/sites\/6\/2024\/11\/Dritte_Wahl-651x460.jpg 651w, https:\/\/www.stachristiana.at\/app\/uploads\/sites\/6\/2024\/11\/Dritte_Wahl-106x75.jpg 106w, https:\/\/www.stachristiana.at\/app\/uploads\/sites\/6\/2024\/11\/Dritte_Wahl.jpg 1130w\" sizes=\"auto, (max-width: 1024px) 100vw, 1024px\" \/><\/figure>\n\n\n\n<p>Der Verein, dessen T\u00e4tigkeit nicht auf Gewinn gerichtet ist, bezweckt<\/p>\n\n\n\n<ul class=\"wp-block-list\">\n<li>die Verbindung der ehemaligen Sch\u00fcler:innen der Schulen am Standort Lanzenkirchen des Schulvereins Institut Sta. Christiana in \u00d6sterreich mit den Schulen sowie untereinander,<\/li>\n\n\n\n<li>die Verbindung sowie die Kommunikation zu ehemaligen Sch\u00fcler:innen, P\u00e4dagog:innen, Unterst\u00fctzer:innen und Freunde der Sta. Christiana Frohsdorf Gemeinschaft zu pflegen, zu st\u00e4rken und zu festigen,<\/li>\n\n\n\n<li>die Unterst\u00fctzung von in Not geratenen Mitgliedern, Sch\u00fcler:innen und Studierenden der Schulen,<\/li>\n\n\n\n<li>die F\u00f6rderung der Ausbildung am Schulstandort Sta. Christiana Frohsdorf,<\/li>\n\n\n\n<li>die Durchf\u00fchrung gemeinsamer Aktivit\u00e4ten und die Pflege von gesellschaftlichen Zusammenk\u00fcnften z.B. Absolvent:innen-Treffen und<\/li>\n\n\n\n<li>die F\u00f6rderung der Schulen und schulbezogener Aktivit\u00e4ten und Veranstaltungen.<\/li>\n<\/ul>\n\n\n\n<figure class=\"wp-block-image size-large\"><img loading=\"lazy\" decoding=\"async\" width=\"1024\" height=\"683\" src=\"https:\/\/www.stachristiana.at\/app\/uploads\/sites\/6\/2024\/11\/21-1024x683.jpg\" alt=\"\" class=\"wp-image-2792\" srcset=\"https:\/\/www.stachristiana.at\/app\/uploads\/sites\/6\/2024\/11\/21-1024x683.jpg 1024w, https:\/\/www.stachristiana.at\/app\/uploads\/sites\/6\/2024\/11\/21-400x267.jpg 400w, https:\/\/www.stachristiana.at\/app\/uploads\/sites\/6\/2024\/11\/21-768x512.jpg 768w, https:\/\/www.stachristiana.at\/app\/uploads\/sites\/6\/2024\/11\/21-690x460.jpg 690w, https:\/\/www.stachristiana.at\/app\/uploads\/sites\/6\/2024\/11\/21-113x75.jpg 113w, https:\/\/www.stachristiana.at\/app\/uploads\/sites\/6\/2024\/11\/21.jpg 1200w\" sizes=\"auto, (max-width: 1024px) 100vw, 1024px\" \/><\/figure>\n\n\n\n<h2 class=\"wp-block-heading\">Vorteile f\u00fcr Absolvent:innen und Freunde von Sta. Christiana<\/h2>\n\n\n\n<h3 class=\"wp-block-heading\">Netzwerkaufbau<\/h3>\n\n\n\n<p>Kn\u00fcpfe \/Kn\u00fcpfen Sie Kontakte zu ehemaligen Mitsch\u00fcler:innen und Lehrer:innen. Nutze \/ Nutzen Sie die Gelegenheit, von den Erfahrungen und dem Wissen anderer zu profitieren.<\/p>\n\n\n\n<h3 class=\"wp-block-heading\">Veranstaltungen und Treffen<\/h3>\n\n\n\n<p>Teilnahme an regelm\u00e4\u00dfigen Veranstaltungen und Klassentreffen. Diese bieten eine ideale M\u00f6glichkeit, alte Erinnerungen aufzufrischen und neue Freundschaften zu schlie\u00dfen.<\/p>\n\n\n\n<h3 class=\"wp-block-heading\">Berufliche Unterst\u00fctzung<\/h3>\n\n\n\n<p>Zugang zu einem breiten Netzwerk von Fachleuten aus verschiedenen Branchen. Absolvent:innen werden zu Vortr\u00e4gen eingeladen, um etwas wie ein Mentoring-Programm f\u00fcr unsere aktuellen Sch\u00fcler:innen zu erm\u00f6glichen.<\/p>\n\n\n\n<h3 class=\"wp-block-heading\">Schulprojekte Unterst\u00fctzen<\/h3>\n\n\n\n<p>Zugang zu einem breiten Netzwerk von Fachleuten aus verschiedenen Branchen. Absolvent:innen werden zu Vortr\u00e4gen eingeladen, um etwas wie ein Mentoring-Programm f\u00fcr unsere aktuellen Sch\u00fcler:innen zu erm\u00f6glichen.<\/p>\n\n\n\n<h3 class=\"wp-block-heading\">Exklusive News<\/h3>\n\n\n\n<p>Top aktuelle Neuigkeiten und Entwicklungen rund um unseren Schulstandort sowie die aktuellen Aktivit\u00e4ten des Vereins erfahren.<\/p>\n\n\n\n<figure class=\"wp-block-image size-large\"><img loading=\"lazy\" decoding=\"async\" width=\"1024\" height=\"768\" src=\"https:\/\/www.stachristiana.at\/app\/uploads\/sites\/6\/2024\/11\/468053741_8843893108966803_4938084691465595168_n-1024x768.jpg\" alt=\"\" class=\"wp-image-2784\" srcset=\"https:\/\/www.stachristiana.at\/app\/uploads\/sites\/6\/2024\/11\/468053741_8843893108966803_4938084691465595168_n-1024x768.jpg 1024w, https:\/\/www.stachristiana.at\/app\/uploads\/sites\/6\/2024\/11\/468053741_8843893108966803_4938084691465595168_n-400x300.jpg 400w, https:\/\/www.stachristiana.at\/app\/uploads\/sites\/6\/2024\/11\/468053741_8843893108966803_4938084691465595168_n-768x576.jpg 768w, https:\/\/www.stachristiana.at\/app\/uploads\/sites\/6\/2024\/11\/468053741_8843893108966803_4938084691465595168_n-1536x1152.jpg 1536w, https:\/\/www.stachristiana.at\/app\/uploads\/sites\/6\/2024\/11\/468053741_8843893108966803_4938084691465595168_n-613x460.jpg 613w, https:\/\/www.stachristiana.at\/app\/uploads\/sites\/6\/2024\/11\/468053741_8843893108966803_4938084691465595168_n-100x75.jpg 100w, https:\/\/www.stachristiana.at\/app\/uploads\/sites\/6\/2024\/11\/468053741_8843893108966803_4938084691465595168_n.jpg 2048w\" sizes=\"auto, (max-width: 1024px) 100vw, 1024px\" \/><\/figure>\n\n\n\n<h2 class=\"wp-block-heading\">Nice to Know &#8211; sei dabei<\/h2>\n\n\n\n<h3 class=\"wp-block-heading\">Mitgliedschaft<\/h3>\n\n\n\n<p>Die Mitgliedschaft steht allen ehemaligen Sch\u00fcler:innen, P\u00e4dagog:innen und Freunden von Sta. Christiana Frohsdorf offen.<\/p>\n\n\n\n<h3 class=\"wp-block-heading\">Beitragsstruktur<\/h3>\n\n\n\n<p>Es wird ein j\u00e4hrlicher Mitgliedsbeitrag erhoben, der zur Finanzierung der Vereinsaktivit\u00e4ten verwendet wird. Die H\u00f6he des Beitrags betr\u00e4gt 15 Euro pro Jahr.<\/p>\n\n\n\n<h3 class=\"wp-block-heading\">Anmeldung<\/h3>\n\n\n\n<p>Interessierte k\u00f6nnen sich \u00fcber das <a href=\"https:\/\/www.stachristiana.at\/app\/uploads\/sites\/6\/2025\/04\/Beitrittserklaerung_Concordia-Frohsdorf-2025.pdf\" target=\"_blank\" rel=\"noreferrer noopener\">Anmeldeformular<\/a> in Form einer Beitrittserkl\u00e4rung registrieren. Bitte sende \/ senden Sie das ausgef\u00fcllte Formular per E-Mail an <a href=\"mailto:absolventenverein.frohsdorf@stachristiana.at\" rel=\"nofollow\">absolventenverein.frohsdorf@stachristiana.at<\/a> oder per Post an:<\/p>\n\n\n\n<p><strong>Concordia Frohsdorf &#8211; Absolvent:innen und Freunde von Sta. Christiana Frohsdorf<\/strong><br>c\/o<br>HLW, BAfEP und BASOP Sta. Christiana Frohsdorf<br>Wiener Neust\u00e4dter Stra\u00dfe 74<br>2821 Lanzenkirchen<\/p>\n\n\n\n<div id=\"linklist-block_b85bb34d75ad2bb3b60c467455190dea\" class=\"linklist\">\n\t\t\n\t\t<a href=\"https:\/\/www.stachristiana.at\/app\/uploads\/sites\/6\/2025\/04\/Folder_100x210_6s_V1.pdf\" target=\"_blank\" class=\"linklist-item linklist-item-hellblau\">\n\t\t\tFolder Concordia Frohsdorf\t\t<\/a>\n\n\t\t\n\t\t<a href=\"https:\/\/www.stachristiana.at\/app\/uploads\/sites\/6\/2025\/04\/Concordia-Frohsdorf-Statuten-Website.pdf\" target=\"_blank\" class=\"linklist-item linklist-item-hellblau\">\n\t\t\tStatuten Concordia Frohsdorf\t\t<\/a>\n\n\t\t\n\t\t<a href=\"https:\/\/www.stachristiana.at\/app\/uploads\/sites\/6\/2025\/09\/Beitrittserklaerung_Concordia-Frohsdorf-2025_2026.pdf\" target=\"_blank\" class=\"linklist-item linklist-item-hellblau\">\n\t\t\tBeitrittserkl\u00e4rung Concordia Frohsdorf\t\t<\/a>\n\n\t<\/div>\n\n\n\n<p><\/p>\n\n\n\n<p><\/p>\n","protected":false},"excerpt":{"rendered":"<p>Concordia Frohsdorf Verein der Absolvent:innen und Freunde von Sta. Christiana Frohsdorf Der Verein bietet eine Plattform, um alte Freundschaften und Kontakte zu pflegen, Netzwerke zu erweitern und gemeinsam an Projekten zu arbeiten, die die Gemeinschaft der Menschen in und um Sta. Christiana Frohsdorf f\u00f6rdern und st\u00e4rken. Der Verein, dessen T\u00e4tigkeit nicht auf Gewinn gerichtet ist, [&hellip;]<\/p>\n","protected":false},"author":16,"featured_media":0,"parent":0,"menu_order":0,"comment_status":"closed","ping_status":"closed","template":"","meta":{"footnotes":""},"class_list":["post-2781","page","type-page","status-publish","hentry"],"acf":[],"yoast_head":"<!-- This site is optimized with the Yoast SEO plugin v26.8 - https:\/\/yoast.com\/product\/yoast-seo-wordpress\/ -->\n<title>Absolventenverein - HLW, BAfEP &amp; BASOP Frohsdorf<\/title>\n<meta name=\"robots\" content=\"index, follow, max-snippet:-1, max-image-preview:large, max-video-preview:-1\" \/>\n<link rel=\"canonical\" href=\"https:\/\/www.stachristiana.at\/hlw-bafep-frohsdorf\/concordia-frohsdorf\" \/>\n<meta property=\"og:locale\" content=\"de_DE\" \/>\n<meta property=\"og:type\" content=\"article\" \/>\n<meta property=\"og:title\" content=\"Absolventenverein - HLW, BAfEP &amp; BASOP Frohsdorf\" \/>\n<meta property=\"og:description\" content=\"Concordia Frohsdorf Verein der Absolvent:innen und Freunde von Sta. Christiana Frohsdorf Der Verein bietet eine Plattform, um alte Freundschaften und Kontakte zu pflegen, Netzwerke zu erweitern und gemeinsam an Projekten zu arbeiten, die die Gemeinschaft der Menschen in und um Sta. Christiana Frohsdorf f\u00f6rdern und st\u00e4rken. Der Verein, dessen T\u00e4tigkeit nicht auf Gewinn gerichtet ist, [&hellip;]\" \/>\n<meta property=\"og:url\" content=\"https:\/\/www.stachristiana.at\/hlw-bafep-frohsdorf\/concordia-frohsdorf\" \/>\n<meta property=\"og:site_name\" content=\"HLW, BAfEP &amp; BASOP Frohsdorf\" \/>\n<meta property=\"article:modified_time\" content=\"2025-09-04T09:15:44+00:00\" \/>\n<meta property=\"og:image\" content=\"https:\/\/www.stachristiana.at\/app\/uploads\/sites\/6\/2024\/11\/Dritte_Wahl.jpg\" \/>\n\t<meta property=\"og:image:width\" content=\"1130\" \/>\n\t<meta property=\"og:image:height\" content=\"798\" \/>\n\t<meta property=\"og:image:type\" content=\"image\/jpeg\" \/>\n<meta name=\"twitter:card\" content=\"summary_large_image\" \/>\n<meta name=\"twitter:label1\" content=\"Gesch\u00e4tzte Lesezeit\" \/>\n\t<meta name=\"twitter:data1\" content=\"3\u00a0Minuten\" \/>\n<script type=\"application\/ld+json\" class=\"yoast-schema-graph\">{\"@context\":\"https:\/\/schema.org\",\"@graph\":[{\"@type\":\"WebPage\",\"@id\":\"https:\/\/www.stachristiana.at\/hlw-bafep-frohsdorf\/concordia-frohsdorf\",\"url\":\"https:\/\/www.stachristiana.at\/hlw-bafep-frohsdorf\/concordia-frohsdorf\",\"name\":\"Absolventenverein - HLW, BAfEP &amp; BASOP Frohsdorf\",\"isPartOf\":{\"@id\":\"https:\/\/www.stachristiana.at\/hlw-bafep-frohsdorf\/#website\"},\"primaryImageOfPage\":{\"@id\":\"https:\/\/www.stachristiana.at\/hlw-bafep-frohsdorf\/concordia-frohsdorf#primaryimage\"},\"image\":{\"@id\":\"https:\/\/www.stachristiana.at\/hlw-bafep-frohsdorf\/concordia-frohsdorf#primaryimage\"},\"thumbnailUrl\":\"https:\/\/www.stachristiana.at\/app\/uploads\/sites\/6\/2024\/11\/Dritte_Wahl-1024x723.jpg\",\"datePublished\":\"2024-11-26T07:49:24+00:00\",\"dateModified\":\"2025-09-04T09:15:44+00:00\",\"breadcrumb\":{\"@id\":\"https:\/\/www.stachristiana.at\/hlw-bafep-frohsdorf\/concordia-frohsdorf#breadcrumb\"},\"inLanguage\":\"de\",\"potentialAction\":[{\"@type\":\"ReadAction\",\"target\":[\"https:\/\/www.stachristiana.at\/hlw-bafep-frohsdorf\/concordia-frohsdorf\"]}]},{\"@type\":\"ImageObject\",\"inLanguage\":\"de\",\"@id\":\"https:\/\/www.stachristiana.at\/hlw-bafep-frohsdorf\/concordia-frohsdorf#primaryimage\",\"url\":\"https:\/\/www.stachristiana.at\/app\/uploads\/sites\/6\/2024\/11\/Dritte_Wahl-1024x723.jpg\",\"contentUrl\":\"https:\/\/www.stachristiana.at\/app\/uploads\/sites\/6\/2024\/11\/Dritte_Wahl-1024x723.jpg\"},{\"@type\":\"BreadcrumbList\",\"@id\":\"https:\/\/www.stachristiana.at\/hlw-bafep-frohsdorf\/concordia-frohsdorf#breadcrumb\",\"itemListElement\":[{\"@type\":\"ListItem\",\"position\":1,\"name\":\"Start\",\"item\":\"https:\/\/www.stachristiana.at\/\"},{\"@type\":\"ListItem\",\"position\":2,\"name\":\"Absolventenverein\"}]},{\"@type\":\"WebSite\",\"@id\":\"https:\/\/www.stachristiana.at\/hlw-bafep-frohsdorf\/#website\",\"url\":\"https:\/\/www.stachristiana.at\/hlw-bafep-frohsdorf\/\",\"name\":\"Sta. Christiana - HLW - BAfEP Frohsdorf\",\"description\":\"H\u00f6here Lehranstalt, Fachschule und Aufbaulehrgang f\u00fcr wirtschaftliche Berufe und Bildungsanstalt und Kolleg f\u00fcr Elementarp\u00e4dagogik\",\"publisher\":{\"@id\":\"https:\/\/www.stachristiana.at\/hlw-bafep-frohsdorf\/#organization\"},\"alternateName\":\"Sta. Christiana\",\"potentialAction\":[{\"@type\":\"SearchAction\",\"target\":{\"@type\":\"EntryPoint\",\"urlTemplate\":\"https:\/\/www.stachristiana.at\/hlw-bafep-frohsdorf\/?s={search_term_string}\"},\"query-input\":{\"@type\":\"PropertyValueSpecification\",\"valueRequired\":true,\"valueName\":\"search_term_string\"}}],\"inLanguage\":\"de\"},{\"@type\":\"Organization\",\"@id\":\"https:\/\/www.stachristiana.at\/hlw-bafep-frohsdorf\/#organization\",\"name\":\"Sta. Christiana - HLW und BAfEP Frohsdorf\",\"alternateName\":\"Sta. Christiana\",\"url\":\"https:\/\/www.stachristiana.at\/hlw-bafep-frohsdorf\/\",\"logo\":{\"@type\":\"ImageObject\",\"inLanguage\":\"de\",\"@id\":\"https:\/\/www.stachristiana.at\/hlw-bafep-frohsdorf\/#\/schema\/logo\/image\/\",\"url\":\"https:\/\/www.stachristiana.at\/app\/uploads\/sites\/6\/2022\/05\/logo-sta-christiana.png\",\"contentUrl\":\"https:\/\/www.stachristiana.at\/app\/uploads\/sites\/6\/2022\/05\/logo-sta-christiana.png\",\"width\":1200,\"height\":491,\"caption\":\"Sta. Christiana - HLW und BAfEP Frohsdorf\"},\"image\":{\"@id\":\"https:\/\/www.stachristiana.at\/hlw-bafep-frohsdorf\/#\/schema\/logo\/image\/\"}}]}<\/script>\n<!-- \/ Yoast SEO plugin. -->","yoast_head_json":{"title":"Absolventenverein - HLW, BAfEP &amp; BASOP Frohsdorf","robots":{"index":"index","follow":"follow","max-snippet":"max-snippet:-1","max-image-preview":"max-image-preview:large","max-video-preview":"max-video-preview:-1"},"canonical":"https:\/\/www.stachristiana.at\/hlw-bafep-frohsdorf\/concordia-frohsdorf","og_locale":"de_DE","og_type":"article","og_title":"Absolventenverein - HLW, BAfEP &amp; BASOP Frohsdorf","og_description":"Concordia Frohsdorf Verein der Absolvent:innen und Freunde von Sta. Christiana Frohsdorf Der Verein bietet eine Plattform, um alte Freundschaften und Kontakte zu pflegen, Netzwerke zu erweitern und gemeinsam an Projekten zu arbeiten, die die Gemeinschaft der Menschen in und um Sta. Christiana Frohsdorf f\u00f6rdern und st\u00e4rken. Der Verein, dessen T\u00e4tigkeit nicht auf Gewinn gerichtet ist, [&hellip;]","og_url":"https:\/\/www.stachristiana.at\/hlw-bafep-frohsdorf\/concordia-frohsdorf","og_site_name":"HLW, BAfEP &amp; BASOP Frohsdorf","article_modified_time":"2025-09-04T09:15:44+00:00","og_image":[{"width":1130,"height":798,"url":"https:\/\/www.stachristiana.at\/app\/uploads\/sites\/6\/2024\/11\/Dritte_Wahl.jpg","type":"image\/jpeg"}],"twitter_card":"summary_large_image","twitter_misc":{"Gesch\u00e4tzte Lesezeit":"3\u00a0Minuten"},"schema":{"@context":"https:\/\/schema.org","@graph":[{"@type":"WebPage","@id":"https:\/\/www.stachristiana.at\/hlw-bafep-frohsdorf\/concordia-frohsdorf","url":"https:\/\/www.stachristiana.at\/hlw-bafep-frohsdorf\/concordia-frohsdorf","name":"Absolventenverein - HLW, BAfEP &amp; BASOP Frohsdorf","isPartOf":{"@id":"https:\/\/www.stachristiana.at\/hlw-bafep-frohsdorf\/#website"},"primaryImageOfPage":{"@id":"https:\/\/www.stachristiana.at\/hlw-bafep-frohsdorf\/concordia-frohsdorf#primaryimage"},"image":{"@id":"https:\/\/www.stachristiana.at\/hlw-bafep-frohsdorf\/concordia-frohsdorf#primaryimage"},"thumbnailUrl":"https:\/\/www.stachristiana.at\/app\/uploads\/sites\/6\/2024\/11\/Dritte_Wahl-1024x723.jpg","datePublished":"2024-11-26T07:49:24+00:00","dateModified":"2025-09-04T09:15:44+00:00","breadcrumb":{"@id":"https:\/\/www.stachristiana.at\/hlw-bafep-frohsdorf\/concordia-frohsdorf#breadcrumb"},"inLanguage":"de","potentialAction":[{"@type":"ReadAction","target":["https:\/\/www.stachristiana.at\/hlw-bafep-frohsdorf\/concordia-frohsdorf"]}]},{"@type":"ImageObject","inLanguage":"de","@id":"https:\/\/www.stachristiana.at\/hlw-bafep-frohsdorf\/concordia-frohsdorf#primaryimage","url":"https:\/\/www.stachristiana.at\/app\/uploads\/sites\/6\/2024\/11\/Dritte_Wahl-1024x723.jpg","contentUrl":"https:\/\/www.stachristiana.at\/app\/uploads\/sites\/6\/2024\/11\/Dritte_Wahl-1024x723.jpg"},{"@type":"BreadcrumbList","@id":"https:\/\/www.stachristiana.at\/hlw-bafep-frohsdorf\/concordia-frohsdorf#breadcrumb","itemListElement":[{"@type":"ListItem","position":1,"name":"Start","item":"https:\/\/www.stachristiana.at\/"},{"@type":"ListItem","position":2,"name":"Absolventenverein"}]},{"@type":"WebSite","@id":"https:\/\/www.stachristiana.at\/hlw-bafep-frohsdorf\/#website","url":"https:\/\/www.stachristiana.at\/hlw-bafep-frohsdorf\/","name":"Sta. Christiana - HLW - BAfEP Frohsdorf","description":"H\u00f6here Lehranstalt, Fachschule und Aufbaulehrgang f\u00fcr wirtschaftliche Berufe und Bildungsanstalt und Kolleg f\u00fcr Elementarp\u00e4dagogik","publisher":{"@id":"https:\/\/www.stachristiana.at\/hlw-bafep-frohsdorf\/#organization"},"alternateName":"Sta. Christiana","potentialAction":[{"@type":"SearchAction","target":{"@type":"EntryPoint","urlTemplate":"https:\/\/www.stachristiana.at\/hlw-bafep-frohsdorf\/?s={search_term_string}"},"query-input":{"@type":"PropertyValueSpecification","valueRequired":true,"valueName":"search_term_string"}}],"inLanguage":"de"},{"@type":"Organization","@id":"https:\/\/www.stachristiana.at\/hlw-bafep-frohsdorf\/#organization","name":"Sta. Christiana - HLW und BAfEP Frohsdorf","alternateName":"Sta. Christiana","url":"https:\/\/www.stachristiana.at\/hlw-bafep-frohsdorf\/","logo":{"@type":"ImageObject","inLanguage":"de","@id":"https:\/\/www.stachristiana.at\/hlw-bafep-frohsdorf\/#\/schema\/logo\/image\/","url":"https:\/\/www.stachristiana.at\/app\/uploads\/sites\/6\/2022\/05\/logo-sta-christiana.png","contentUrl":"https:\/\/www.stachristiana.at\/app\/uploads\/sites\/6\/2022\/05\/logo-sta-christiana.png","width":1200,"height":491,"caption":"Sta. Christiana - HLW und BAfEP Frohsdorf"},"image":{"@id":"https:\/\/www.stachristiana.at\/hlw-bafep-frohsdorf\/#\/schema\/logo\/image\/"}}]}},"_links":{"self":[{"href":"https:\/\/www.stachristiana.at\/hlw-bafep-frohsdorf\/wp-json\/wp\/v2\/pages\/2781","targetHints":{"allow":["GET"]}}],"collection":[{"href":"https:\/\/www.stachristiana.at\/hlw-bafep-frohsdorf\/wp-json\/wp\/v2\/pages"}],"about":[{"href":"https:\/\/www.stachristiana.at\/hlw-bafep-frohsdorf\/wp-json\/wp\/v2\/types\/page"}],"author":[{"embeddable":true,"href":"https:\/\/www.stachristiana.at\/hlw-bafep-frohsdorf\/wp-json\/wp\/v2\/users\/16"}],"replies":[{"embeddable":true,"href":"https:\/\/www.stachristiana.at\/hlw-bafep-frohsdorf\/wp-json\/wp\/v2\/comments?post=2781"}],"version-history":[{"count":25,"href":"https:\/\/www.stachristiana.at\/hlw-bafep-frohsdorf\/wp-json\/wp\/v2\/pages\/2781\/revisions"}],"predecessor-version":[{"id":3083,"href":"https:\/\/www.stachristiana.at\/hlw-bafep-frohsdorf\/wp-json\/wp\/v2\/pages\/2781\/revisions\/3083"}],"wp:attachment":[{"href":"https:\/\/www.stachristiana.at\/hlw-bafep-frohsdorf\/wp-json\/wp\/v2\/media?parent=2781"}],"curies":[{"name":"wp","href":"https:\/\/api.w.org\/{rel}","templated":true}]}}