{"id":146,"date":"2022-05-10T16:04:19","date_gmt":"2022-05-10T14:04:19","guid":{"rendered":"https:\/\/devmultisite.superfesch.at\/hlw-rodaun\/?page_id=146"},"modified":"2026-02-11T12:53:48","modified_gmt":"2026-02-11T11:53:48","slug":"termine","status":"publish","type":"page","link":"https:\/\/www.stachristiana.at\/hlw-bafep-frohsdorf\/was-wir-tun\/termine","title":{"rendered":"Termine"},"content":{"rendered":"\n<p class=\"has-text-align-right\">\u00c4nderungen vorbehalten<\/p>\n\n\n\n<div id=\"linklist-block_ea3cea531f2c66df8a74e164022a718e\" class=\"linklist\">\n\t\t\n\t\t<a href=\"https:\/\/www.stachristiana.at\/app\/uploads\/sites\/6\/2025\/07\/Terminplan-25_26_Website.pdf\" target=\"_blank\" class=\"linklist-item linklist-item-hellblau\">\n\t\t\tTerminkalender 2025\/2026\t\t<\/a>\n\n\t<\/div>\n\n\n\n<p><\/p>\n\n\n\n<p>August<\/p>\n\n\n\n<p>Donnerstag, 28.8. Eignungspr\u00fcfung BAfEP 09:00 Uhr<br>Donnerstag, 28. \u2013Freitag, 29.8. Wiederholungspr\u00fcfungen.<\/p>\n\n\n\n<p>September<\/p>\n\n\n\n<p>Montag, 1.9. Schulbeginn 7:55 Uhr, Ende 9:40 Uhr<br>Dienstag, 2.-Donnerstag, 4.9. Studienreise Krakau und Auschwitz, 5 HLWA\/B FARL<br>Mittwoch 3.- Sonntag, 7.9. Studienreise Venedig 5BA HUBV<br>Donnerstag, 4. &#8211; Freitag, 5.9. Schulstart-Workshops &#8222;Gesund und bewegt ins neue Schuljahr&#8220;<br>Donnerstag, 4.- Donnerstag, 11.9. Sprachreise Malta 3BA\/3FW\/3HLWAB RUMP<br>Montag, 8.- Freitag, 12.9. Sportwoche Millst\u00e4tter See 2HLWAB, 2BA, 2FW HAND<br>Mittwoch, 10.9. Verkauf Schulkleidung Der Walter 08:00-17:30 Uhr<br>Mittwoch, 10.9. Schulfoto Tschank 07:55-13:25 Uhr NUR F\u00dcR ERSTE KLASSEN<br>Donnerstag, 11.9. Abgabe Anmeldungen Unverbindliche \u00dcbungen 1. Klassen und<br>Nachmeldungen und Eintragung durch KV 12:00 Uhr<br>Donnerstag, 11.9. Elternabend Praxiskindergarten, 17:30 Uhr (Kapelle)<br>Montag, 15. &#8211; Freitag, 19.9. Gottesdienst im Turnsaal oder im Freien (Zeitfenster, Detailplanung folgt nach Stundenplan)<br>Dienstag, 16.9. sRDP, BRP und AbPr D schriftlich, 08:30 Uhr, Arena Nova<br>Mittwoch, 17.9. sRDP und BRP AM, 08:30 Uhr, Arena Nova<br>Donnerstag, 18.9. RDP, BRP und AbPr RW\/BW und P\u00c4D\/DID schriftlich, 08:30 Uhr, Arena Nova<br>Donnerstag, 18.9. Elternabende 1HLWA, 1HLWB, 1FW, 1ALW, 1BA 18:00-20:00 Uhr<\/p>\n\n\n\n<p>Oktober<\/p>\n\n\n\n<p>Do, 2.10. Absolvent:innen &#8211; Meet &amp; Eat, Cafe Restaurant Adrienn, 18 Uhr<br>Donnerstag, 2. &#8211; Freitag, 3.10. Wiederholungspr\u00fcfungen 4HLW<br>Montag, 6.10. Schulbeginn 4HLWs<br>Donnerstag, 9.10. sRDP Kompensationspr\u00fcfungen, Franz Ofenb\u00f6ck-Saal, Fabriksgasse 1, 2822 Bad Erlach<br>Freitag, 10.10. Schulsprecherwahl, 1. Stunde<br>Montag, 13.10 \u2013 Freitag, 24.10. Praxiswochen 3KO<br>Montag, 13.10. Vorgezogene Teilpr\u00fcfungen 5BA und 3ALW und Pr\u00e4sentation und Diskussion, m\u00fcndliche Pr\u00fcfungen und Kompensationspr\u00fcfungen nichtstandardisiert Herbsttermin, 1. weiterer Termin 08:00 Uhr<br>Montag, 13.10. Infoabend Pflichtpraktikum 2FW, 3HLWAB \/ Elternabend 3HLWAB<br>Samstag, 25.10. &#8211; Sonntag, 2.11. Herbstferien<\/p>\n\n\n\n<p>November<\/p>\n\n\n\n<p>Montag 03.11. \u2013Freitag, 07.11. Praxiswoche 1 KO<br>Samstag, 8.11. Sta. Christiana Schulball \u201eEin Hauch von M\u00e4rchen \u2013 verzauberte N\u00e4chte!\u201c<br>Dienstag,11.11. Berufsinfotag BAfEP und Kolleg (Kapelle)<br>Dienstag, 11.11. St. Martinsfest Praxiskindergarten 17:00 Uhr (Apfelgarten)<br>Samstag, 15.11. Hl. Leopold<br>Montag 17.11. \u2013 Freitag 28.11. Praxiswochen 5BA<br>Freitag, 21.11. OPEN HOUSE &#8211; Tag der offenen T\u00fcr 9:00-16:00 Uhr<br>Freitag, 21.11. AbsolventInnentreffen und Jahreshauptversammlung des<br>Absolvent:innenvereins 17:00-19:00 Uhr (alle LehrerInnen einladen)<br>Samstag, 22.11. OPEN DAY &#8211; Tag der offenen T\u00fcr 9:00-12:00 Uhr<br>Dienstag, 25. &#8211; Mittwoch, 26.11. Schulfoto Tschank 07:55-16:00 Uhr ALLE KLASSEN<br><\/p>\n\n\n\n<p>Dezember<\/p>\n\n\n\n<p>Montag, 1.12. Adventkranzweihe hh:00 Uhr<br>Montag, 1.12. \u2013 Montag, 15.12. Praxiswochen 4BA<br>Mittwoch, 3.12. SGA-Sitzung 17:00-17:30 Uhr<br>Mittwoch, 3.12. Jahreshauptversammlung des Elternvereins 17:30-18:00 Uhr<br>Mittwoch, 3.12. Eltern-Sch\u00fcler-Sprechtag 18:00-20:00 Uhr<br>Montag, 8.12. Mari\u00e4 Empf\u00e4ngnis<br>Montag, 15.12. Sta. Christiana-Tag<br>Montag, 22.12. Weihnachtsgottesdienst 10:20 und 11:20 Uhr<br>Dienstag, 23.12. schulautonom frei<br>Mittwoch, 23.12.- Dienstag, 6.1. Weihnachtsferien<\/p>\n\n\n\n<p>J\u00e4nner<\/p>\n\n\n\n<p>Mittwoch, 7.1. ab diesem Tag Anmeldung zu abschlie\u00dfenden Pr\u00fcfungen 5HLWAB\/3ALW\/5BA\/3KO\/3FW pers\u00f6nlich durch Mag. Zenz<br>Freitag, 9.1. sRDP und BRP und AbPr D schriftlich, 08:30 Uhr, Arena Nova<br>Montag, 12.1. RDP und BRP und AbPr schriftlich RW\/BW und P\u00c4D\/DID, 08:30 Uhr,<br>Arena Nova<br>Dienstag, 13.1. sRDP und BRP AM, 08:30 Uhr, Arena Nova<br>Dienstag, 13.1. Eignungspr\u00fcfung BAfEP\/BASOP\/KO 14:00 Uhr<br>Mittwoch 14.1. Eignungspr\u00fcfung BAfEP\/BASOP\/KO 14:00 Uhr<br>Freitag, 16.1. OPEN DAY &#8211; Tag der offenen T\u00fcr 13:00-16:00 Uhr<br>Samstag, 17.1. OPEN DAY &#8211; Tag der offenen T\u00fcr 9:00-12:00 Uhr<br>Mittwoch, 28.1. Wintersporttag<br>Donnerstag, 29.1. sRDP Kompensationspr\u00fcfungen, 07:30 Uhr, Franz Ofenb\u00f6ck-Saal, Fabriksgasse 1, 2822 Bad Erlach<br>Freitag, 30.1. Schulnachricht<br>Samstag, 31.1. &#8211; Sonntag, 8.2. Semesterferien<\/p>\n\n\n\n<p>Februar<\/p>\n\n\n\n<p>Montag, 9.2. Abgabe der Diplomarbeit, einer Powerpoint-Pr\u00e4sentation oder eines Pr\u00e4sentationskonzeptes<br>Mittwoch, 11.2. Pr\u00e4sentation und Diskussion der abschlie\u00dfenden Arbeit, m\u00fcndliche Pr\u00fcfungen und Kompensationspr\u00fcfungen nicht standardisiert 14:00 Uhr, 2. weiterer Termin<br>Donnerstag, 12.2. Eignungspr\u00fcfung BAfEP\/BASOP\/KO Ersatztermin 14:00 Uhr<br>tt.mm. \u2013 tt.mm. Studienreise M\u00fcnchen 3HLWAB<br>Mittwoch, 18.2. Aschermittwoch, Aschenkreuz fr\u00fchestens ab 10:00 Uhr<br>Montag, 23.12. \u2013 Freitag, 27.12. Praxiswoche 2BA<\/p>\n\n\n\n<p>M\u00e4rz<\/p>\n\n\n\n<p>Freitag, 1.3. \u2013 20.4. Keine Exkursionen\/Lehrausg\u00e4nge\/ganzt\u00e4gige Workshops mehr<br>bis zum Tag der letzten Pr\u00fcfungsm\u00f6glichkeit f\u00fcr 2FW, 3FW, 3ALW, 3HLWA\/B, 5HLWA\/B, 5BA, 4KO<br>Montag 2.3. \u2013 Freitag,6.3. Praxiswoche 4KO<br>Freitag, 27.3. Ostergottesdienste 10:20 und 11:20 Uhr, Pfarrkirche Lanzenkirchen<br>Montag 23.3.- Freitag 27.03. Praxiswoche 3BA<\/p>\n\n\n\n<p>April<\/p>\n\n\n\n<p>Freitag, 10.4. Absolvent:innen-Heurigen, D\u00f6ller, Katzelsdorf, 18:00 Uhr<br>Montag, 13. &#8211; Freitag, 17.4. Pr\u00e4sentationen Diplomarbeiten und Abschlussarbeiten 5HLWAB\/5BA\/3ALW<br>Samstag, 28.3. &#8211; Montag, 6.4. Osterferien<br>Montag, 30.4. Wiederholungspr\u00fcfungen 3ALW\/5HLWAB\/5BA\/3FW<br>Dienstag, 30.4. Elternabend Praxiskindergarten 17:30 Uhr<br>Donnerstag, 30.4. 3ALW\/5HLWAB\/5BA\/3FW Zeugnis<\/p>\n\n\n\n<p>Mai<\/p>\n\n\n\n<p>Freitag, 1.5. Staatsfeiertag<br>Montag, 4.5. RDP ABR<br>Montag, 4.5. RDP DID\/P\u00e4d<br>Mittwoch, 6.5. BRP RW\/BW schriftlich, Maturaschule Wien, 08:30 Uhr<br>Montag, 4. &#8211; Freitag, 8.5. praktische Klausuren FW<br>Dienstag, 5.5. sRDP D Schule, BRP D Maturaschule Wien, 08:30 Uhr<br>Donnerstag, 7.5. sRDP Englisch<br>Freitag, 8.5. sRDP Franz\u00f6sisch<br>Montag, 11.5. sRDP AM Schule, BRP AM Maturaschule Wien, 08:30 Uhr<br>Dienstag, 12.5. sRDP Spanisch<br>Dienstag, 12.5. schriftliche Klausur FW D<br>Dienstag,12.5. Elternabend Praxiskindergarten \u2013 Sensorische Integration<br>Mittwoch, 13.5. schriftliche Klausur FW RW<br>Montag, 18.05. \u2013 Freitag, 22.05. Praxiswochen 4BA, 2KO<br>Donnerstag, 14.5. Christi Himmelfahrt<br>Freitag, 15.5 schulautonom frei<br>Montag, 18.5. &#8211; Freitag, 29.5. Vorpr\u00fcfungen 4HLWAB<br>Mittwoch, 21.5. Familienfr\u00fchst\u00fcck Praxiskindergarten (Turnsaal)<br>Donnerstag, 21.5. SGA-Sitzung 17:00-18:00 Uhr<br>Samstag, 23. &#8211; Montag, 25.5. Pfingstferien<br>Dienstag, 26.5. 4KO Zeugnis<br>Dienstag, 26.5. \u2013 22.6. Keine Exkursionen\/Lehrausg\u00e4nge\/ganzt\u00e4gige Workshops mehr<br>bis zum Tag der letzten Pr\u00fcfungsm\u00f6glichkeit<br>Mittwoch, 27.5. Klausur Kolleg DID\/P\u00e4d<br>Donnerstag, 21.5. Bekanntgabe der Klausurergebnisse und Einsichtnahme HLW, BAfEP, ALW, FW 17:00-18:00 Uhr<br>Freitag, 29.5. 2FW und 3HLWAB Zeugnis<\/p>\n\n\n\n<p>Juni<\/p>\n\n\n\n<p>Dienstag, 2.- Mittwoch, 3.6. sRDP Kompensationspr\u00fcfungen, 07:30 Uhr<br>Donnerstag, 4.6. Fronleichnam<br>Montag, 8.6. m\u00fcndliche Pr\u00fcfungen FW, Zeugnisverleihung 17:00 Uhr<br>Mittwoch, 10.- Freitag, 12.6. m\u00fcndliche Pr\u00fcfungen HLW, Zeugnisverleihung 12.6., 18:00 Uhr<br>Mittwoch, 10.06. Sommerfest Praxiskindergarten 14:00 Uhr<br>Dienstag, 16.- Freitag, 19.6. m\u00fcndliche Pr\u00fcfungen BAfEP, Zeugnisverleihung, 19.6., 17:00 Uhr<br>Donnerstag, 18.6. Klausurkonferenz 4KO 13:30 Uhr<br>Donnerstag, 18.06. Hort Elternabend 18:00 Uhr<br>Montag, 22.6. m\u00fcndliche Pr\u00fcfungen ALW, Zeugnisverleihung 17:00 Uhr<br>Montag, 29.6. M\u00fcndliche Pr\u00fcfungen KO mit Pr\u00e4sentationen und Kompensationspr\u00fcfungen, Zeugnisverleihung 17:00 Uhr<br>Montag, 29.6. Exkursionstag<br>Dienstag, 30.6. Exkursionstag<br>Mittwoch, 1.7. Aufnahmspr\u00fcfung<br>Mittwoch, 1.7. Eignungspr\u00fcfung BAfEP, BASOP, KOLLEG Ersatztermin 9:00 Uhr<br>Mittwoch, 1.7. Gesundheitstag<br>Donnerstag, 2.7. Klassen aufr\u00e4umen<br>Donnerstag, 2.7. Schlussgottesdienst in der Schule im Turnsaal oder im Freien, 10:30 Uhr, Unterrichtsende im Anschluss<br>Freitag, 3.7. Letztm\u00f6glicher Termin zur Anmeldung zu vorgezogenen Teilpr\u00fcfungen<br>5HLWAB\/3ALW\/5BA<br>Freitag, 3.7. Zeugnis<br>Samstag, 3.7.- Sonntag, 6.9. Sommerferien 2026<br>Montag, 7.9. Schulbeginn 2026\/2027<\/p>\n","protected":false},"excerpt":{"rendered":"<p>\u00c4nderungen vorbehalten August Donnerstag, 28.8. Eignungspr\u00fcfung BAfEP 09:00 UhrDonnerstag, 28. \u2013Freitag, 29.8. Wiederholungspr\u00fcfungen. September Montag, 1.9. Schulbeginn 7:55 Uhr, Ende 9:40 UhrDienstag, 2.-Donnerstag, 4.9. Studienreise Krakau und Auschwitz, 5 HLWA\/B FARLMittwoch 3.- Sonntag, 7.9. Studienreise Venedig 5BA HUBVDonnerstag, 4. &#8211; Freitag, 5.9. Schulstart-Workshops &#8222;Gesund und bewegt ins neue Schuljahr&#8220;Donnerstag, 4.- Donnerstag, 11.9. Sprachreise Malta 3BA\/3FW\/3HLWAB [&hellip;]<\/p>\n","protected":false},"author":1,"featured_media":0,"parent":142,"menu_order":0,"comment_status":"closed","ping_status":"closed","template":"","meta":{"footnotes":""},"class_list":["post-146","page","type-page","status-publish","hentry"],"acf":[],"yoast_head":"<!-- This site is optimized with the Yoast SEO plugin v26.8 - https:\/\/yoast.com\/product\/yoast-seo-wordpress\/ -->\n<title>Termine - HLW, BAfEP &amp; BASOP Frohsdorf<\/title>\n<meta name=\"robots\" content=\"index, follow, max-snippet:-1, max-image-preview:large, max-video-preview:-1\" \/>\n<link rel=\"canonical\" href=\"https:\/\/www.stachristiana.at\/hlw-bafep-frohsdorf\/was-wir-tun\/termine\" \/>\n<meta property=\"og:locale\" content=\"de_DE\" \/>\n<meta property=\"og:type\" content=\"article\" \/>\n<meta property=\"og:title\" content=\"Termine - HLW, BAfEP &amp; BASOP Frohsdorf\" \/>\n<meta property=\"og:description\" content=\"\u00c4nderungen vorbehalten August Donnerstag, 28.8. Eignungspr\u00fcfung BAfEP 09:00 UhrDonnerstag, 28. \u2013Freitag, 29.8. Wiederholungspr\u00fcfungen. September Montag, 1.9. Schulbeginn 7:55 Uhr, Ende 9:40 UhrDienstag, 2.-Donnerstag, 4.9. Studienreise Krakau und Auschwitz, 5 HLWA\/B FARLMittwoch 3.- Sonntag, 7.9. Studienreise Venedig 5BA HUBVDonnerstag, 4. &#8211; Freitag, 5.9. Schulstart-Workshops &#8222;Gesund und bewegt ins neue Schuljahr&#8220;Donnerstag, 4.- Donnerstag, 11.9. Sprachreise Malta 3BA\/3FW\/3HLWAB [&hellip;]\" \/>\n<meta property=\"og:url\" content=\"https:\/\/www.stachristiana.at\/hlw-bafep-frohsdorf\/was-wir-tun\/termine\" \/>\n<meta property=\"og:site_name\" content=\"HLW, BAfEP &amp; BASOP Frohsdorf\" \/>\n<meta property=\"article:modified_time\" content=\"2026-02-11T11:53:48+00:00\" \/>\n<meta property=\"og:image\" content=\"https:\/\/www.stachristiana.at\/app\/uploads\/sites\/6\/2022\/05\/logo-sta-christiana.png\" \/>\n\t<meta property=\"og:image:width\" content=\"1200\" \/>\n\t<meta property=\"og:image:height\" content=\"491\" \/>\n\t<meta property=\"og:image:type\" content=\"image\/png\" \/>\n<meta name=\"twitter:card\" content=\"summary_large_image\" \/>\n<meta name=\"twitter:label1\" content=\"Gesch\u00e4tzte Lesezeit\" \/>\n\t<meta name=\"twitter:data1\" content=\"6\u00a0Minuten\" \/>\n<script type=\"application\/ld+json\" class=\"yoast-schema-graph\">{\"@context\":\"https:\/\/schema.org\",\"@graph\":[{\"@type\":\"WebPage\",\"@id\":\"https:\/\/www.stachristiana.at\/hlw-bafep-frohsdorf\/was-wir-tun\/termine\",\"url\":\"https:\/\/www.stachristiana.at\/hlw-bafep-frohsdorf\/was-wir-tun\/termine\",\"name\":\"Termine - HLW, BAfEP &amp; BASOP Frohsdorf\",\"isPartOf\":{\"@id\":\"https:\/\/www.stachristiana.at\/hlw-bafep-frohsdorf\/#website\"},\"datePublished\":\"2022-05-10T14:04:19+00:00\",\"dateModified\":\"2026-02-11T11:53:48+00:00\",\"breadcrumb\":{\"@id\":\"https:\/\/www.stachristiana.at\/hlw-bafep-frohsdorf\/was-wir-tun\/termine#breadcrumb\"},\"inLanguage\":\"de\",\"potentialAction\":[{\"@type\":\"ReadAction\",\"target\":[\"https:\/\/www.stachristiana.at\/hlw-bafep-frohsdorf\/was-wir-tun\/termine\"]}]},{\"@type\":\"BreadcrumbList\",\"@id\":\"https:\/\/www.stachristiana.at\/hlw-bafep-frohsdorf\/was-wir-tun\/termine#breadcrumb\",\"itemListElement\":[{\"@type\":\"ListItem\",\"position\":1,\"name\":\"Start\",\"item\":\"https:\/\/www.stachristiana.at\/\"},{\"@type\":\"ListItem\",\"position\":2,\"name\":\"Was wir tun\",\"item\":\"https:\/\/www.stachristiana.at\/hlw-bafep-frohsdorf\/was-wir-tun\"},{\"@type\":\"ListItem\",\"position\":3,\"name\":\"Termine\"}]},{\"@type\":\"WebSite\",\"@id\":\"https:\/\/www.stachristiana.at\/hlw-bafep-frohsdorf\/#website\",\"url\":\"https:\/\/www.stachristiana.at\/hlw-bafep-frohsdorf\/\",\"name\":\"Sta. Christiana - HLW - BAfEP Frohsdorf\",\"description\":\"H\u00f6here Lehranstalt, Fachschule und Aufbaulehrgang f\u00fcr wirtschaftliche Berufe und Bildungsanstalt und Kolleg f\u00fcr Elementarp\u00e4dagogik\",\"publisher\":{\"@id\":\"https:\/\/www.stachristiana.at\/hlw-bafep-frohsdorf\/#organization\"},\"alternateName\":\"Sta. Christiana\",\"potentialAction\":[{\"@type\":\"SearchAction\",\"target\":{\"@type\":\"EntryPoint\",\"urlTemplate\":\"https:\/\/www.stachristiana.at\/hlw-bafep-frohsdorf\/?s={search_term_string}\"},\"query-input\":{\"@type\":\"PropertyValueSpecification\",\"valueRequired\":true,\"valueName\":\"search_term_string\"}}],\"inLanguage\":\"de\"},{\"@type\":\"Organization\",\"@id\":\"https:\/\/www.stachristiana.at\/hlw-bafep-frohsdorf\/#organization\",\"name\":\"Sta. Christiana - HLW und BAfEP Frohsdorf\",\"alternateName\":\"Sta. Christiana\",\"url\":\"https:\/\/www.stachristiana.at\/hlw-bafep-frohsdorf\/\",\"logo\":{\"@type\":\"ImageObject\",\"inLanguage\":\"de\",\"@id\":\"https:\/\/www.stachristiana.at\/hlw-bafep-frohsdorf\/#\/schema\/logo\/image\/\",\"url\":\"https:\/\/www.stachristiana.at\/app\/uploads\/sites\/6\/2022\/05\/logo-sta-christiana.png\",\"contentUrl\":\"https:\/\/www.stachristiana.at\/app\/uploads\/sites\/6\/2022\/05\/logo-sta-christiana.png\",\"width\":1200,\"height\":491,\"caption\":\"Sta. Christiana - HLW und BAfEP Frohsdorf\"},\"image\":{\"@id\":\"https:\/\/www.stachristiana.at\/hlw-bafep-frohsdorf\/#\/schema\/logo\/image\/\"}}]}<\/script>\n<!-- \/ Yoast SEO plugin. -->","yoast_head_json":{"title":"Termine - HLW, BAfEP &amp; BASOP Frohsdorf","robots":{"index":"index","follow":"follow","max-snippet":"max-snippet:-1","max-image-preview":"max-image-preview:large","max-video-preview":"max-video-preview:-1"},"canonical":"https:\/\/www.stachristiana.at\/hlw-bafep-frohsdorf\/was-wir-tun\/termine","og_locale":"de_DE","og_type":"article","og_title":"Termine - HLW, BAfEP &amp; BASOP Frohsdorf","og_description":"\u00c4nderungen vorbehalten August Donnerstag, 28.8. Eignungspr\u00fcfung BAfEP 09:00 UhrDonnerstag, 28. \u2013Freitag, 29.8. Wiederholungspr\u00fcfungen. September Montag, 1.9. Schulbeginn 7:55 Uhr, Ende 9:40 UhrDienstag, 2.-Donnerstag, 4.9. Studienreise Krakau und Auschwitz, 5 HLWA\/B FARLMittwoch 3.- Sonntag, 7.9. Studienreise Venedig 5BA HUBVDonnerstag, 4. &#8211; Freitag, 5.9. Schulstart-Workshops &#8222;Gesund und bewegt ins neue Schuljahr&#8220;Donnerstag, 4.- Donnerstag, 11.9. Sprachreise Malta 3BA\/3FW\/3HLWAB [&hellip;]","og_url":"https:\/\/www.stachristiana.at\/hlw-bafep-frohsdorf\/was-wir-tun\/termine","og_site_name":"HLW, BAfEP &amp; BASOP Frohsdorf","article_modified_time":"2026-02-11T11:53:48+00:00","og_image":[{"width":1200,"height":491,"url":"https:\/\/www.stachristiana.at\/app\/uploads\/sites\/6\/2022\/05\/logo-sta-christiana.png","type":"image\/png"}],"twitter_card":"summary_large_image","twitter_misc":{"Gesch\u00e4tzte Lesezeit":"6\u00a0Minuten"},"schema":{"@context":"https:\/\/schema.org","@graph":[{"@type":"WebPage","@id":"https:\/\/www.stachristiana.at\/hlw-bafep-frohsdorf\/was-wir-tun\/termine","url":"https:\/\/www.stachristiana.at\/hlw-bafep-frohsdorf\/was-wir-tun\/termine","name":"Termine - HLW, BAfEP &amp; BASOP Frohsdorf","isPartOf":{"@id":"https:\/\/www.stachristiana.at\/hlw-bafep-frohsdorf\/#website"},"datePublished":"2022-05-10T14:04:19+00:00","dateModified":"2026-02-11T11:53:48+00:00","breadcrumb":{"@id":"https:\/\/www.stachristiana.at\/hlw-bafep-frohsdorf\/was-wir-tun\/termine#breadcrumb"},"inLanguage":"de","potentialAction":[{"@type":"ReadAction","target":["https:\/\/www.stachristiana.at\/hlw-bafep-frohsdorf\/was-wir-tun\/termine"]}]},{"@type":"BreadcrumbList","@id":"https:\/\/www.stachristiana.at\/hlw-bafep-frohsdorf\/was-wir-tun\/termine#breadcrumb","itemListElement":[{"@type":"ListItem","position":1,"name":"Start","item":"https:\/\/www.stachristiana.at\/"},{"@type":"ListItem","position":2,"name":"Was wir tun","item":"https:\/\/www.stachristiana.at\/hlw-bafep-frohsdorf\/was-wir-tun"},{"@type":"ListItem","position":3,"name":"Termine"}]},{"@type":"WebSite","@id":"https:\/\/www.stachristiana.at\/hlw-bafep-frohsdorf\/#website","url":"https:\/\/www.stachristiana.at\/hlw-bafep-frohsdorf\/","name":"Sta. Christiana - HLW - BAfEP Frohsdorf","description":"H\u00f6here Lehranstalt, Fachschule und Aufbaulehrgang f\u00fcr wirtschaftliche Berufe und Bildungsanstalt und Kolleg f\u00fcr Elementarp\u00e4dagogik","publisher":{"@id":"https:\/\/www.stachristiana.at\/hlw-bafep-frohsdorf\/#organization"},"alternateName":"Sta. Christiana","potentialAction":[{"@type":"SearchAction","target":{"@type":"EntryPoint","urlTemplate":"https:\/\/www.stachristiana.at\/hlw-bafep-frohsdorf\/?s={search_term_string}"},"query-input":{"@type":"PropertyValueSpecification","valueRequired":true,"valueName":"search_term_string"}}],"inLanguage":"de"},{"@type":"Organization","@id":"https:\/\/www.stachristiana.at\/hlw-bafep-frohsdorf\/#organization","name":"Sta. Christiana - HLW und BAfEP Frohsdorf","alternateName":"Sta. Christiana","url":"https:\/\/www.stachristiana.at\/hlw-bafep-frohsdorf\/","logo":{"@type":"ImageObject","inLanguage":"de","@id":"https:\/\/www.stachristiana.at\/hlw-bafep-frohsdorf\/#\/schema\/logo\/image\/","url":"https:\/\/www.stachristiana.at\/app\/uploads\/sites\/6\/2022\/05\/logo-sta-christiana.png","contentUrl":"https:\/\/www.stachristiana.at\/app\/uploads\/sites\/6\/2022\/05\/logo-sta-christiana.png","width":1200,"height":491,"caption":"Sta. Christiana - HLW und BAfEP Frohsdorf"},"image":{"@id":"https:\/\/www.stachristiana.at\/hlw-bafep-frohsdorf\/#\/schema\/logo\/image\/"}}]}},"_links":{"self":[{"href":"https:\/\/www.stachristiana.at\/hlw-bafep-frohsdorf\/wp-json\/wp\/v2\/pages\/146","targetHints":{"allow":["GET"]}}],"collection":[{"href":"https:\/\/www.stachristiana.at\/hlw-bafep-frohsdorf\/wp-json\/wp\/v2\/pages"}],"about":[{"href":"https:\/\/www.stachristiana.at\/hlw-bafep-frohsdorf\/wp-json\/wp\/v2\/types\/page"}],"author":[{"embeddable":true,"href":"https:\/\/www.stachristiana.at\/hlw-bafep-frohsdorf\/wp-json\/wp\/v2\/users\/1"}],"replies":[{"embeddable":true,"href":"https:\/\/www.stachristiana.at\/hlw-bafep-frohsdorf\/wp-json\/wp\/v2\/comments?post=146"}],"version-history":[{"count":54,"href":"https:\/\/www.stachristiana.at\/hlw-bafep-frohsdorf\/wp-json\/wp\/v2\/pages\/146\/revisions"}],"predecessor-version":[{"id":3236,"href":"https:\/\/www.stachristiana.at\/hlw-bafep-frohsdorf\/wp-json\/wp\/v2\/pages\/146\/revisions\/3236"}],"up":[{"embeddable":true,"href":"https:\/\/www.stachristiana.at\/hlw-bafep-frohsdorf\/wp-json\/wp\/v2\/pages\/142"}],"wp:attachment":[{"href":"https:\/\/www.stachristiana.at\/hlw-bafep-frohsdorf\/wp-json\/wp\/v2\/media?parent=146"}],"curies":[{"name":"wp","href":"https:\/\/api.w.org\/{rel}","templated":true}]}}