{"id":144,"date":"2022-05-10T16:01:49","date_gmt":"2022-05-10T14:01:49","guid":{"rendered":"https:\/\/devmultisite.superfesch.at\/hlw-rodaun\/?page_id=144"},"modified":"2025-06-23T10:23:06","modified_gmt":"2025-06-23T08:23:06","slug":"was-wir-bieten","status":"publish","type":"page","link":"https:\/\/www.stachristiana.at\/hlw-bafep-frohsdorf\/was-wir-bieten","title":{"rendered":"Was wir bieten"},"content":{"rendered":"\n<p>Die 5-j\u00e4hrige H\u00f6here Lehranstalt , die 1- und 3-j\u00e4hrige Fachschule f\u00fcr wirtschaftliche Berufe und der Aufbaulehrgang f\u00fcr wirtschaftliche Berufe bieten eine Ausbildung f\u00fcr Berufsfelder in der Wirtschaft mit besonderen Schwerpunkten an.<\/p>\n\n\n\n<p>Die 5-j\u00e4hrige Bildungsanstalt und das 2-j\u00e4hrige Kolleg f\u00fcr Elementarp\u00e4dagogik bilden f\u00fcr die p\u00e4dagogische Arbeit mit Kindern im Alter von 0 \u2013 6 Jahren aus.<\/p>\n\n\n\n<p>Die 5-j\u00e4hrige Bildungsanstalt f\u00fcr Sozialp\u00e4dagogik bietet eine fundierte Ausbildung f\u00fcr die Arbeit mit Menschen jeden Alters.<\/p>\n\n\n\n<figure class=\"wp-block-image size-large\"><img loading=\"lazy\" decoding=\"async\" width=\"1024\" height=\"576\" src=\"https:\/\/www.stachristiana.at\/app\/uploads\/sites\/6\/2025\/06\/Schulcampus-Sta-Christiana-Frohsdorf-2024-1024x576.jpg\" alt=\"\" class=\"wp-image-2970\" srcset=\"https:\/\/www.stachristiana.at\/app\/uploads\/sites\/6\/2025\/06\/Schulcampus-Sta-Christiana-Frohsdorf-2024-1024x576.jpg 1024w, https:\/\/www.stachristiana.at\/app\/uploads\/sites\/6\/2025\/06\/Schulcampus-Sta-Christiana-Frohsdorf-2024-400x225.jpg 400w, https:\/\/www.stachristiana.at\/app\/uploads\/sites\/6\/2025\/06\/Schulcampus-Sta-Christiana-Frohsdorf-2024-768x432.jpg 768w, https:\/\/www.stachristiana.at\/app\/uploads\/sites\/6\/2025\/06\/Schulcampus-Sta-Christiana-Frohsdorf-2024-1536x864.jpg 1536w, https:\/\/www.stachristiana.at\/app\/uploads\/sites\/6\/2025\/06\/Schulcampus-Sta-Christiana-Frohsdorf-2024-2048x1152.jpg 2048w, https:\/\/www.stachristiana.at\/app\/uploads\/sites\/6\/2025\/06\/Schulcampus-Sta-Christiana-Frohsdorf-2024-818x460.jpg 818w, https:\/\/www.stachristiana.at\/app\/uploads\/sites\/6\/2025\/06\/Schulcampus-Sta-Christiana-Frohsdorf-2024-133x75.jpg 133w\" sizes=\"auto, (max-width: 1024px) 100vw, 1024px\" \/><\/figure>\n\n\n\n<p>In Frohsdorf f\u00fchren wir<\/p>\n\n\n\n<ul class=\"wp-block-list\">\n<li>eine <strong><a href=\"https:\/\/www.stachristiana.at\/hlw-bafep-frohsdorf\/was-wir-bieten\/hoehere-lehranstalt-fuer-wirtschaftliche-berufe\">f\u00fcnfj\u00e4hrige H\u00f6here Lehranstalt f\u00fcr wirtschaftliche Berufe (HLW)<\/a><\/strong> mit den Schwerpunkten Mensch und Tier und Freizeit und Soziales,<\/li>\n\n\n\n<li>eine <a href=\"https:\/\/www.stachristiana.at\/hlw-bafep-frohsdorf\/was-wir-bieten\/ho%cc%88here-lehranstalt-fu%cc%88r-wirtschaftliche-berufe\"><strong>einj\u00e4hrige Fachschule f\u00fcr wirtschaftliche Berufe (EFW)<\/strong><\/a> und <\/li>\n\n\n\n<li>eine <strong><a href=\"https:\/\/www.stachristiana.at\/hlw-bafep-frohsdorf\/was-wir-bieten\/dreijaehrige-fachschule-fuer-wirtschaftliche-berufe\">dreij\u00e4hrige Fachschule f\u00fcr wirtschaftliche Berufe (FW)<\/a><\/strong> mit dem Schwerpunkt Bewegung|Sport|Kreativit\u00e4t<\/li>\n\n\n\n<li>einen <strong><a href=\"https:\/\/www.stachristiana.at\/hlw-bafep-frohsdorf\/was-wir-bieten\/aufbaulehrgang-fuer-wirtschaftliche-berufe\">dreij\u00e4hrigen Aufbaulehrgang (ALW)<\/a><\/strong> zur Reife- und Diplompr\u00fcfung f\u00fcr wirtschaftliche Berufe mit dem Schwerpunkt Wellness und Eventmanagement,<\/li>\n\n\n\n<li>eine <strong><a href=\"https:\/\/www.stachristiana.at\/hlw-bafep-frohsdorf\/was-wir-bieten\/bildungsanstalt-fuer-elementarpaedagogik\">f\u00fcnfj\u00e4hrige Bildungsanstalt f\u00fcr Elementarp\u00e4dagogik (BAfEP<\/a>)<\/strong> und<\/li>\n\n\n\n<li>ein <strong><a href=\"https:\/\/www.stachristiana.at\/hlw-bafep-frohsdorf\/was-wir-bieten\/kolleg-fuer-elementarpaedagogik\">zweij\u00e4hriges Kolleg f\u00fcr Elementarp\u00e4dagogik (KO)<\/a><\/strong><\/li>\n\n\n\n<li>eine <a href=\"https:\/\/www.stachristiana.at\/hlw-bafep-frohsdorf\/was-wir-bieten\/bildungsanstalt-fuer-sozialpaedagogik\"><strong>f\u00fcnfj\u00e4hrige Bildungsanstalt f\u00fcr Sozialp\u00e4dagogik (BASOP)<\/strong><\/a>.<\/li>\n<\/ul>\n\n\n\n<p>Die 1-j\u00e4hrige Fachschule endet mit einem Abschlusszeugnis der 9. Schulstufe und die 3-j\u00e4hrige Schule schlie\u00dft mit einer mittleren Reife mit Berufsberechtigungen ab. Die Matura in den beiden 5-j\u00e4hrigen Formen und dem 3-j\u00e4hrigen Aufbaulehrgang bereitet auf eine Ausbildung an Universit\u00e4ten und Fachhochschulen vor und f\u00fchrt zur&nbsp;Hochschulreife.<\/p>\n\n\n\n<p>Die Externistenpr\u00fcfungskommissionen von HLW und BAfEP nehmen Pr\u00fcfungen der <a href=\"https:\/\/www.stachristiana.at\/hlw-bafep-frohsdorf\/berufsreifepruefung\"><strong>Berufsreifepr\u00fcfung (BRP)<\/strong><\/a> ab.<\/p>\n\n\n\n<p>Unsere Schule besteht nicht nur aus Unterricht in der Klasse. Wir versuchen, ein m\u00f6glichst vielf\u00e4ltiges und breites erweitertes Angebot an Aktivit\u00e4ten, die \u00fcber den regul\u00e4ren Unterricht hinausgehen, f\u00fcr unsere Sch\u00fcler*innen anzubieten. Wir sind stolz auf die breite Palette an Angeboten.<\/p>\n\n\n\n<figure class=\"wp-block-image size-full is-resized\"><img loading=\"lazy\" decoding=\"async\" width=\"900\" height=\"675\" src=\"https:\/\/www.stachristiana.at\/app\/uploads\/sites\/6\/2023\/01\/Bild10.jpg\" alt=\"\" class=\"wp-image-1170\" title=\"Sch\u00fclerinnen n\u00e4hen in der Klasse mit der N\u00e4hmaschine\" srcset=\"https:\/\/www.stachristiana.at\/app\/uploads\/sites\/6\/2023\/01\/Bild10.jpg 900w, https:\/\/www.stachristiana.at\/app\/uploads\/sites\/6\/2023\/01\/Bild10-400x300.jpg 400w, https:\/\/www.stachristiana.at\/app\/uploads\/sites\/6\/2023\/01\/Bild10-768x576.jpg 768w, https:\/\/www.stachristiana.at\/app\/uploads\/sites\/6\/2023\/01\/Bild10-613x460.jpg 613w, https:\/\/www.stachristiana.at\/app\/uploads\/sites\/6\/2023\/01\/Bild10-100x75.jpg 100w\" sizes=\"auto, (max-width: 900px) 100vw, 900px\" \/><\/figure>\n","protected":false},"excerpt":{"rendered":"<p>Die 5-j\u00e4hrige H\u00f6here Lehranstalt , die 1- und 3-j\u00e4hrige Fachschule f\u00fcr wirtschaftliche Berufe und der Aufbaulehrgang f\u00fcr wirtschaftliche Berufe bieten eine Ausbildung f\u00fcr Berufsfelder in der Wirtschaft mit besonderen Schwerpunkten an. Die 5-j\u00e4hrige Bildungsanstalt und das 2-j\u00e4hrige Kolleg f\u00fcr Elementarp\u00e4dagogik bilden f\u00fcr die p\u00e4dagogische Arbeit mit Kindern im Alter von 0 \u2013 6 Jahren aus. [&hellip;]<\/p>\n","protected":false},"author":1,"featured_media":0,"parent":0,"menu_order":300,"comment_status":"closed","ping_status":"closed","template":"","meta":{"footnotes":""},"class_list":["post-144","page","type-page","status-publish","hentry"],"acf":[],"yoast_head":"<!-- This site is optimized with the Yoast SEO plugin v26.8 - https:\/\/yoast.com\/product\/yoast-seo-wordpress\/ -->\n<title>Was wir bieten - HLW, BAfEP &amp; BASOP Frohsdorf<\/title>\n<meta name=\"robots\" content=\"index, follow, max-snippet:-1, max-image-preview:large, max-video-preview:-1\" \/>\n<link rel=\"canonical\" href=\"https:\/\/www.stachristiana.at\/hlw-bafep-frohsdorf\/was-wir-bieten\" \/>\n<meta property=\"og:locale\" content=\"de_DE\" \/>\n<meta property=\"og:type\" content=\"article\" \/>\n<meta property=\"og:title\" content=\"Was wir bieten - HLW, BAfEP &amp; BASOP Frohsdorf\" \/>\n<meta property=\"og:description\" content=\"Die 5-j\u00e4hrige H\u00f6here Lehranstalt , die 1- und 3-j\u00e4hrige Fachschule f\u00fcr wirtschaftliche Berufe und der Aufbaulehrgang f\u00fcr wirtschaftliche Berufe bieten eine Ausbildung f\u00fcr Berufsfelder in der Wirtschaft mit besonderen Schwerpunkten an. Die 5-j\u00e4hrige Bildungsanstalt und das 2-j\u00e4hrige Kolleg f\u00fcr Elementarp\u00e4dagogik bilden f\u00fcr die p\u00e4dagogische Arbeit mit Kindern im Alter von 0 \u2013 6 Jahren aus. [&hellip;]\" \/>\n<meta property=\"og:url\" content=\"https:\/\/www.stachristiana.at\/hlw-bafep-frohsdorf\/was-wir-bieten\" \/>\n<meta property=\"og:site_name\" content=\"HLW, BAfEP &amp; BASOP Frohsdorf\" \/>\n<meta property=\"article:modified_time\" content=\"2025-06-23T08:23:06+00:00\" \/>\n<meta property=\"og:image\" content=\"https:\/\/www.stachristiana.at\/app\/uploads\/sites\/6\/2025\/06\/Schulcampus-Sta-Christiana-Frohsdorf-2024-1024x576.jpg\" \/>\n\t<meta property=\"og:image:width\" content=\"1024\" \/>\n\t<meta property=\"og:image:height\" content=\"576\" \/>\n\t<meta property=\"og:image:type\" content=\"image\/jpeg\" \/>\n<meta name=\"twitter:card\" content=\"summary_large_image\" \/>\n<meta name=\"twitter:label1\" content=\"Gesch\u00e4tzte Lesezeit\" \/>\n\t<meta name=\"twitter:data1\" content=\"2\u00a0Minuten\" \/>\n<script type=\"application\/ld+json\" class=\"yoast-schema-graph\">{\"@context\":\"https:\/\/schema.org\",\"@graph\":[{\"@type\":\"WebPage\",\"@id\":\"https:\/\/www.stachristiana.at\/hlw-bafep-frohsdorf\/was-wir-bieten\",\"url\":\"https:\/\/www.stachristiana.at\/hlw-bafep-frohsdorf\/was-wir-bieten\",\"name\":\"Was wir bieten - HLW, BAfEP &amp; BASOP Frohsdorf\",\"isPartOf\":{\"@id\":\"https:\/\/www.stachristiana.at\/hlw-bafep-frohsdorf\/#website\"},\"primaryImageOfPage\":{\"@id\":\"https:\/\/www.stachristiana.at\/hlw-bafep-frohsdorf\/was-wir-bieten#primaryimage\"},\"image\":{\"@id\":\"https:\/\/www.stachristiana.at\/hlw-bafep-frohsdorf\/was-wir-bieten#primaryimage\"},\"thumbnailUrl\":\"https:\/\/www.stachristiana.at\/app\/uploads\/sites\/6\/2025\/06\/Schulcampus-Sta-Christiana-Frohsdorf-2024-1024x576.jpg\",\"datePublished\":\"2022-05-10T14:01:49+00:00\",\"dateModified\":\"2025-06-23T08:23:06+00:00\",\"breadcrumb\":{\"@id\":\"https:\/\/www.stachristiana.at\/hlw-bafep-frohsdorf\/was-wir-bieten#breadcrumb\"},\"inLanguage\":\"de\",\"potentialAction\":[{\"@type\":\"ReadAction\",\"target\":[\"https:\/\/www.stachristiana.at\/hlw-bafep-frohsdorf\/was-wir-bieten\"]}]},{\"@type\":\"ImageObject\",\"inLanguage\":\"de\",\"@id\":\"https:\/\/www.stachristiana.at\/hlw-bafep-frohsdorf\/was-wir-bieten#primaryimage\",\"url\":\"https:\/\/www.stachristiana.at\/app\/uploads\/sites\/6\/2025\/06\/Schulcampus-Sta-Christiana-Frohsdorf-2024-1024x576.jpg\",\"contentUrl\":\"https:\/\/www.stachristiana.at\/app\/uploads\/sites\/6\/2025\/06\/Schulcampus-Sta-Christiana-Frohsdorf-2024-1024x576.jpg\"},{\"@type\":\"BreadcrumbList\",\"@id\":\"https:\/\/www.stachristiana.at\/hlw-bafep-frohsdorf\/was-wir-bieten#breadcrumb\",\"itemListElement\":[{\"@type\":\"ListItem\",\"position\":1,\"name\":\"Start\",\"item\":\"https:\/\/www.stachristiana.at\/\"},{\"@type\":\"ListItem\",\"position\":2,\"name\":\"Was wir bieten\"}]},{\"@type\":\"WebSite\",\"@id\":\"https:\/\/www.stachristiana.at\/hlw-bafep-frohsdorf\/#website\",\"url\":\"https:\/\/www.stachristiana.at\/hlw-bafep-frohsdorf\/\",\"name\":\"Sta. Christiana - HLW - BAfEP Frohsdorf\",\"description\":\"H\u00f6here Lehranstalt, Fachschule und Aufbaulehrgang f\u00fcr wirtschaftliche Berufe und Bildungsanstalt und Kolleg f\u00fcr Elementarp\u00e4dagogik\",\"publisher\":{\"@id\":\"https:\/\/www.stachristiana.at\/hlw-bafep-frohsdorf\/#organization\"},\"alternateName\":\"Sta. Christiana\",\"potentialAction\":[{\"@type\":\"SearchAction\",\"target\":{\"@type\":\"EntryPoint\",\"urlTemplate\":\"https:\/\/www.stachristiana.at\/hlw-bafep-frohsdorf\/?s={search_term_string}\"},\"query-input\":{\"@type\":\"PropertyValueSpecification\",\"valueRequired\":true,\"valueName\":\"search_term_string\"}}],\"inLanguage\":\"de\"},{\"@type\":\"Organization\",\"@id\":\"https:\/\/www.stachristiana.at\/hlw-bafep-frohsdorf\/#organization\",\"name\":\"Sta. Christiana - HLW und BAfEP Frohsdorf\",\"alternateName\":\"Sta. Christiana\",\"url\":\"https:\/\/www.stachristiana.at\/hlw-bafep-frohsdorf\/\",\"logo\":{\"@type\":\"ImageObject\",\"inLanguage\":\"de\",\"@id\":\"https:\/\/www.stachristiana.at\/hlw-bafep-frohsdorf\/#\/schema\/logo\/image\/\",\"url\":\"https:\/\/www.stachristiana.at\/app\/uploads\/sites\/6\/2022\/05\/logo-sta-christiana.png\",\"contentUrl\":\"https:\/\/www.stachristiana.at\/app\/uploads\/sites\/6\/2022\/05\/logo-sta-christiana.png\",\"width\":1200,\"height\":491,\"caption\":\"Sta. Christiana - HLW und BAfEP Frohsdorf\"},\"image\":{\"@id\":\"https:\/\/www.stachristiana.at\/hlw-bafep-frohsdorf\/#\/schema\/logo\/image\/\"}}]}<\/script>\n<!-- \/ Yoast SEO plugin. -->","yoast_head_json":{"title":"Was wir bieten - HLW, BAfEP &amp; BASOP Frohsdorf","robots":{"index":"index","follow":"follow","max-snippet":"max-snippet:-1","max-image-preview":"max-image-preview:large","max-video-preview":"max-video-preview:-1"},"canonical":"https:\/\/www.stachristiana.at\/hlw-bafep-frohsdorf\/was-wir-bieten","og_locale":"de_DE","og_type":"article","og_title":"Was wir bieten - HLW, BAfEP &amp; BASOP Frohsdorf","og_description":"Die 5-j\u00e4hrige H\u00f6here Lehranstalt , die 1- und 3-j\u00e4hrige Fachschule f\u00fcr wirtschaftliche Berufe und der Aufbaulehrgang f\u00fcr wirtschaftliche Berufe bieten eine Ausbildung f\u00fcr Berufsfelder in der Wirtschaft mit besonderen Schwerpunkten an. Die 5-j\u00e4hrige Bildungsanstalt und das 2-j\u00e4hrige Kolleg f\u00fcr Elementarp\u00e4dagogik bilden f\u00fcr die p\u00e4dagogische Arbeit mit Kindern im Alter von 0 \u2013 6 Jahren aus. [&hellip;]","og_url":"https:\/\/www.stachristiana.at\/hlw-bafep-frohsdorf\/was-wir-bieten","og_site_name":"HLW, BAfEP &amp; BASOP Frohsdorf","article_modified_time":"2025-06-23T08:23:06+00:00","og_image":[{"width":1024,"height":576,"url":"https:\/\/www.stachristiana.at\/app\/uploads\/sites\/6\/2025\/06\/Schulcampus-Sta-Christiana-Frohsdorf-2024-1024x576.jpg","type":"image\/jpeg"}],"twitter_card":"summary_large_image","twitter_misc":{"Gesch\u00e4tzte Lesezeit":"2\u00a0Minuten"},"schema":{"@context":"https:\/\/schema.org","@graph":[{"@type":"WebPage","@id":"https:\/\/www.stachristiana.at\/hlw-bafep-frohsdorf\/was-wir-bieten","url":"https:\/\/www.stachristiana.at\/hlw-bafep-frohsdorf\/was-wir-bieten","name":"Was wir bieten - HLW, BAfEP &amp; BASOP Frohsdorf","isPartOf":{"@id":"https:\/\/www.stachristiana.at\/hlw-bafep-frohsdorf\/#website"},"primaryImageOfPage":{"@id":"https:\/\/www.stachristiana.at\/hlw-bafep-frohsdorf\/was-wir-bieten#primaryimage"},"image":{"@id":"https:\/\/www.stachristiana.at\/hlw-bafep-frohsdorf\/was-wir-bieten#primaryimage"},"thumbnailUrl":"https:\/\/www.stachristiana.at\/app\/uploads\/sites\/6\/2025\/06\/Schulcampus-Sta-Christiana-Frohsdorf-2024-1024x576.jpg","datePublished":"2022-05-10T14:01:49+00:00","dateModified":"2025-06-23T08:23:06+00:00","breadcrumb":{"@id":"https:\/\/www.stachristiana.at\/hlw-bafep-frohsdorf\/was-wir-bieten#breadcrumb"},"inLanguage":"de","potentialAction":[{"@type":"ReadAction","target":["https:\/\/www.stachristiana.at\/hlw-bafep-frohsdorf\/was-wir-bieten"]}]},{"@type":"ImageObject","inLanguage":"de","@id":"https:\/\/www.stachristiana.at\/hlw-bafep-frohsdorf\/was-wir-bieten#primaryimage","url":"https:\/\/www.stachristiana.at\/app\/uploads\/sites\/6\/2025\/06\/Schulcampus-Sta-Christiana-Frohsdorf-2024-1024x576.jpg","contentUrl":"https:\/\/www.stachristiana.at\/app\/uploads\/sites\/6\/2025\/06\/Schulcampus-Sta-Christiana-Frohsdorf-2024-1024x576.jpg"},{"@type":"BreadcrumbList","@id":"https:\/\/www.stachristiana.at\/hlw-bafep-frohsdorf\/was-wir-bieten#breadcrumb","itemListElement":[{"@type":"ListItem","position":1,"name":"Start","item":"https:\/\/www.stachristiana.at\/"},{"@type":"ListItem","position":2,"name":"Was wir bieten"}]},{"@type":"WebSite","@id":"https:\/\/www.stachristiana.at\/hlw-bafep-frohsdorf\/#website","url":"https:\/\/www.stachristiana.at\/hlw-bafep-frohsdorf\/","name":"Sta. Christiana - HLW - BAfEP Frohsdorf","description":"H\u00f6here Lehranstalt, Fachschule und Aufbaulehrgang f\u00fcr wirtschaftliche Berufe und Bildungsanstalt und Kolleg f\u00fcr Elementarp\u00e4dagogik","publisher":{"@id":"https:\/\/www.stachristiana.at\/hlw-bafep-frohsdorf\/#organization"},"alternateName":"Sta. Christiana","potentialAction":[{"@type":"SearchAction","target":{"@type":"EntryPoint","urlTemplate":"https:\/\/www.stachristiana.at\/hlw-bafep-frohsdorf\/?s={search_term_string}"},"query-input":{"@type":"PropertyValueSpecification","valueRequired":true,"valueName":"search_term_string"}}],"inLanguage":"de"},{"@type":"Organization","@id":"https:\/\/www.stachristiana.at\/hlw-bafep-frohsdorf\/#organization","name":"Sta. Christiana - HLW und BAfEP Frohsdorf","alternateName":"Sta. Christiana","url":"https:\/\/www.stachristiana.at\/hlw-bafep-frohsdorf\/","logo":{"@type":"ImageObject","inLanguage":"de","@id":"https:\/\/www.stachristiana.at\/hlw-bafep-frohsdorf\/#\/schema\/logo\/image\/","url":"https:\/\/www.stachristiana.at\/app\/uploads\/sites\/6\/2022\/05\/logo-sta-christiana.png","contentUrl":"https:\/\/www.stachristiana.at\/app\/uploads\/sites\/6\/2022\/05\/logo-sta-christiana.png","width":1200,"height":491,"caption":"Sta. Christiana - HLW und BAfEP Frohsdorf"},"image":{"@id":"https:\/\/www.stachristiana.at\/hlw-bafep-frohsdorf\/#\/schema\/logo\/image\/"}}]}},"_links":{"self":[{"href":"https:\/\/www.stachristiana.at\/hlw-bafep-frohsdorf\/wp-json\/wp\/v2\/pages\/144","targetHints":{"allow":["GET"]}}],"collection":[{"href":"https:\/\/www.stachristiana.at\/hlw-bafep-frohsdorf\/wp-json\/wp\/v2\/pages"}],"about":[{"href":"https:\/\/www.stachristiana.at\/hlw-bafep-frohsdorf\/wp-json\/wp\/v2\/types\/page"}],"author":[{"embeddable":true,"href":"https:\/\/www.stachristiana.at\/hlw-bafep-frohsdorf\/wp-json\/wp\/v2\/users\/1"}],"replies":[{"embeddable":true,"href":"https:\/\/www.stachristiana.at\/hlw-bafep-frohsdorf\/wp-json\/wp\/v2\/comments?post=144"}],"version-history":[{"count":33,"href":"https:\/\/www.stachristiana.at\/hlw-bafep-frohsdorf\/wp-json\/wp\/v2\/pages\/144\/revisions"}],"predecessor-version":[{"id":2971,"href":"https:\/\/www.stachristiana.at\/hlw-bafep-frohsdorf\/wp-json\/wp\/v2\/pages\/144\/revisions\/2971"}],"wp:attachment":[{"href":"https:\/\/www.stachristiana.at\/hlw-bafep-frohsdorf\/wp-json\/wp\/v2\/media?parent=144"}],"curies":[{"name":"wp","href":"https:\/\/api.w.org\/{rel}","templated":true}]}}