{"id":1232,"date":"2023-01-12T15:14:17","date_gmt":"2023-01-12T14:14:17","guid":{"rendered":"http:\/\/www.sanctachristiana.at\/hlw-bafep-frohsdorf\/?page_id=1232"},"modified":"2025-12-03T18:36:12","modified_gmt":"2025-12-03T17:36:12","slug":"downloads","status":"publish","type":"page","link":"https:\/\/www.stachristiana.at\/hlw-bafep-frohsdorf\/downloads","title":{"rendered":"Downloads"},"content":{"rendered":"\n<h2 class=\"wp-block-heading\">Allgemeines<\/h2>\n\n\n\n<div id=\"linklist-block_b1d52417c672140a3fd66ff423566099\" class=\"linklist\">\n\t\t\n\t\t<a href=\"https:\/\/www.stachristiana.at\/app\/uploads\/sites\/6\/2025\/12\/Frohsdorfer-Codex-03.12.2025.pdf\" target=\"_blank\" class=\"linklist-item linklist-item-hellblau\">\n\t\t\tFrohsdorfer Codex\t\t<\/a>\n\n\t\t\n\t\t<a href=\"https:\/\/www.stachristiana.at\/app\/uploads\/sites\/6\/2023\/01\/Email_und_Teams.pdf\" target=\"_blank\" class=\"linklist-item linklist-item-hellblau\">\n\t\t\tE-Mail und Teams\t\t<\/a>\n\n\t<\/div>\n\n\n\n<h2 class=\"wp-block-heading\">Reife- und Diplompr\u00fcfung<\/h2>\n\n\n\n<div id=\"linklist-block_3cd638fd574de5215a2a1ce5e0fd31df\" class=\"linklist\">\n\t\t\n\t\t<a href=\"https:\/\/www.stachristiana.at\/app\/uploads\/sites\/6\/2025\/06\/Leitfaden_fuer_Diplomarbeit_ab-2025_2026.pdf\" target=\"_blank\" class=\"linklist-item linklist-item-hellblau\">\n\t\t\tGestaltung Diplomarbeit HLW, ALW, BAfEP und Kolleg &#8211; Leitfaden\t\t<\/a>\n\n\t\t\n\t\t<a href=\"https:\/\/www.stachristiana.at\/app\/uploads\/sites\/6\/2025\/06\/Leitfaden_Praesentation-und-Diskussion_ab-SJ-2025_2026.pdf\" target=\"_blank\" class=\"linklist-item linklist-item-hellblau\">\n\t\t\tPr\u00e4sentation und Diskussion &#8211; Leitfaden\t\t<\/a>\n\n\t\t\n\t\t<a href=\"https:\/\/www.stachristiana.at\/app\/uploads\/sites\/6\/2025\/06\/Vorlage_DA_ab-SJ-2025_2026.docx\" target=\"_blank\" class=\"linklist-item linklist-item-hellblau\">\n\t\t\tVorlage Diplomarbeit (*.docx)\t\t<\/a>\n\n\t\t\n\t\t<a href=\"https:\/\/www.stachristiana.at\/app\/uploads\/sites\/6\/2025\/06\/Muster_Interviewleitfaden_SJ-2025_2026.docx\" target=\"_blank\" class=\"linklist-item linklist-item-hellblau\">\n\t\t\tVorlage Interviewleitfaden (*.docx)\t\t<\/a>\n\n\t\t\n\t\t<a href=\"https:\/\/www.stachristiana.at\/app\/uploads\/sites\/6\/2025\/06\/MUSTER_Kooperationsvereinbarung_Diplomarbeit_ab-SJ-2025_2026.docx\" target=\"_blank\" class=\"linklist-item linklist-item-hellblau\">\n\t\t\tMuster f\u00fcr Kooperationsvereinbarung mit Externen\t\t<\/a>\n\n\t\t\n\t\t<a href=\"https:\/\/www.stachristiana.at\/app\/uploads\/sites\/6\/2025\/06\/Einwilligungserklaerung_fuer_die_Verwendung_von_Fotos_SJ-2025_2026.docx\" target=\"_blank\" class=\"linklist-item linklist-item-hellblau\">\n\t\t\tEinwilligung f\u00fcr Verwendung Fotos mit Externen\t\t<\/a>\n\n\t\t\n\t\t<a href=\"https:\/\/www.stachristiana.at\/app\/uploads\/sites\/6\/2023\/01\/Logo_transparent.gif\" target=\"_blank\" class=\"linklist-item linklist-item-hellblau\">\n\t\t\tLogos transparent\t\t<\/a>\n\n\t\t\n\t\t<a href=\"https:\/\/www.stachristiana.at\/app\/uploads\/sites\/6\/2023\/01\/Logo-weiss.png\" target=\"_blank\" class=\"linklist-item linklist-item-hellblau\">\n\t\t\tLogos wei\u00df\t\t<\/a>\n\n\t<\/div>\n\n\n\n<h2 class=\"wp-block-heading\">Pflichtpraktikum HLW\/FW<\/h2>\n\n\n\n<div id=\"linklist-block_0a464c5ea7cec1baac3bb2e870f96663\" class=\"linklist\">\n\t\t\n\t\t<a href=\"https:\/\/www.stachristiana.at\/app\/uploads\/sites\/6\/2025\/06\/Infoblatt_Termine_Fristen-Pflichtpraktikum-fuer-Schueler.pdf\" target=\"_blank\" class=\"linklist-item linklist-item-hellblau\">\n\t\t\tInfoblatt Pflichtpraktikum 2FW\/3HLW &#8211; Termine und Fristen\t\t<\/a>\n\n\t\t\n\t\t<a href=\"https:\/\/www.stachristiana.at\/app\/uploads\/sites\/6\/2025\/06\/Informationen-und-Dank-Pflichtpraktikum-FW_HLW-fuer-Betriebe.pdf\" target=\"_blank\" class=\"linklist-item linklist-item-hellblau\">\n\t\t\tInformation und Dank Pflichtpraktikum f\u00fcr Betriebe\t\t<\/a>\n\n\t\t\n\t\t<a href=\"https:\/\/www.stachristiana.at\/app\/uploads\/sites\/6\/2025\/06\/Work-placement-english.pdf\" target=\"_blank\" class=\"linklist-item linklist-item-hellblau\">\n\t\t\tWork Placement Englisch\t\t<\/a>\n\n\t\t\n\t\t<a href=\"https:\/\/www.stachristiana.at\/app\/uploads\/sites\/6\/2025\/06\/Informaciones-profesional-exonomica-y-gracias.pdf\" target=\"_blank\" class=\"linklist-item linklist-item-hellblau\">\n\t\t\tInformaciones profesional exon\u00f3mica y gracias\t\t<\/a>\n\n\t\t\n\t\t<a href=\"https:\/\/www.stachristiana.at\/app\/uploads\/sites\/6\/2025\/06\/Stage-obligatoire-Francaise.pdf\" target=\"_blank\" class=\"linklist-item linklist-item-hellblau\">\n\t\t\tStage obligatoire Francaise\t\t<\/a>\n\n\t\t\n\t\t<a href=\"https:\/\/www.stachristiana.at\/app\/uploads\/sites\/6\/2025\/06\/PraktikantInnenvertrag-FRO_alle-Schulformen-FW_HLW_ALW.pdf\" target=\"_blank\" class=\"linklist-item linklist-item-hellblau\">\n\t\t\tMuster Praktikant:innen-Vertrag\t\t<\/a>\n\n\t\t\n\t\t<a href=\"https:\/\/www.stachristiana.at\/app\/uploads\/sites\/6\/2025\/06\/Praktikumsbestaetigung-Formblatt.pdf\" target=\"_blank\" class=\"linklist-item linklist-item-hellblau\">\n\t\t\tMuster Praktikumsbest\u00e4tigung\t\t<\/a>\n\n\t\t\n\t\t<a href=\"https:\/\/www.stachristiana.at\/app\/uploads\/sites\/6\/2025\/06\/Leitfaden-Praxisbericht-Praesentation-HLW-FW.pdf\" target=\"_blank\" class=\"linklist-item linklist-item-hellblau\">\n\t\t\tLeitfaden Praktikumsbericht und -pr\u00e4sentation\t\t<\/a>\n\n\t\t\n\t\t<a href=\"https:\/\/www.stachristiana.at\/app\/uploads\/sites\/6\/2025\/06\/MUSTER_Deckblatt_-Praktikumsbericht-FW.pdf\" target=\"_blank\" class=\"linklist-item linklist-item-hellblau\">\n\t\t\tMuster Deckblatt Praktikumsbericht FW\t\t<\/a>\n\n\t\t\n\t\t<a href=\"https:\/\/www.stachristiana.at\/app\/uploads\/sites\/6\/2025\/06\/MUSTER_Deckblatt_-Praktikumsbericht-HLW.pdf\" target=\"_blank\" class=\"linklist-item linklist-item-hellblau\">\n\t\t\tMuster Deckblatt Praktikumsbericht HLW\t\t<\/a>\n\n\t<\/div>\n\n\n\n<h2 class=\"wp-block-heading\">Pflichtpraktikum ALW<\/h2>\n\n\n\n<div id=\"linklist-block_9f567153ee8d48f066333e6a5939780d\" class=\"linklist\">\n\t\t\n\t\t<a href=\"https:\/\/www.stachristiana.at\/app\/uploads\/sites\/6\/2025\/06\/Vorgaben_Checkliste-_Pflichtpraktikum_ALW_2025_2026.pdf\" target=\"_blank\" class=\"linklist-item linklist-item-hellblau\">\n\t\t\tCheckliste Pflichtpraktikum ALW\t\t<\/a>\n\n\t\t\n\t\t<a href=\"https:\/\/www.stachristiana.at\/app\/uploads\/sites\/6\/2025\/06\/Praesentationsleitfaden-fuer-Pflichtpraktikum_ALW_ab-SJ-2025_2026.pdf\" target=\"_blank\" class=\"linklist-item linklist-item-hellblau\">\n\t\t\tPr\u00e4sentation und Diskussion\u2013 Leitfaden ALW\t\t<\/a>\n\n\t\t\n\t\t<a href=\"https:\/\/www.stachristiana.at\/app\/uploads\/sites\/6\/2025\/06\/Vorlage_Praktikumsbericht_ALW_ab-SJ-2025_2026.docx\" target=\"_blank\" class=\"linklist-item linklist-item-hellblau\">\n\t\t\tVorlage Praktikumsbericht ALW\t\t<\/a>\n\n\t\t\n\t\t<a href=\"https:\/\/www.stachristiana.at\/app\/uploads\/sites\/6\/2025\/06\/PraktikantInnenvertrag-FRO_alle-Schulformen-FW_HLW_ALW-1.pdf\" target=\"_blank\" class=\"linklist-item linklist-item-hellblau\">\n\t\t\tMuster Praktikant:innen-Arbeitsvertrag ALW\t\t<\/a>\n\n\t\t\n\t\t<a href=\"https:\/\/www.stachristiana.at\/app\/uploads\/sites\/6\/2025\/06\/Praktikumsbestaetigung_Formblatt_ALW_2025_2026.pdf\" target=\"_blank\" class=\"linklist-item linklist-item-hellblau\">\n\t\t\tBest\u00e4tigung Pflichtpraktikum\t\t<\/a>\n\n\t\t\n\t\t<a href=\"https:\/\/www.stachristiana.at\/app\/uploads\/sites\/6\/2025\/06\/Pflichtpraktikum_Stundenaufzeichnung_ALW_ab-SJ-2025_2026.xlsx\" target=\"_blank\" class=\"linklist-item linklist-item-hellblau\">\n\t\t\tVorlage Stundenliste Pflichtpraktikum ALW\t\t<\/a>\n\n\t<\/div>\n\n\n\n<h2 class=\"wp-block-heading\">Kindergartenpraxis<\/h2>\n\n\n\n<div id=\"linklist-block_8f7ae93e986a64ec17d44aa05e7c186d\" class=\"linklist\">\n\t\t\n\t\t<a href=\"https:\/\/www.noe.gv.at\/noe\/Kindergaerten-Schulen\/KindergartenPraktikum.html\" target=\"_blank\" class=\"linklist-item linklist-item-hellblau\">\n\t\t\tInformationen Praktikum im N\u00d6 Kindergarten\t\t<\/a>\n\n\t\t\n\t\t<a href=\"https:\/\/www.stachristiana.at\/app\/uploads\/sites\/6\/2023\/01\/PRAXISverrechnungsformular.docx\" target=\"_blank\" class=\"linklist-item linklist-item-hellblau\">\n\t\t\tPraxisverrechnungsformular Vorlage\t\t<\/a>\n\n\t\t\n\t\t<a href=\"https:\/\/www.stachristiana.at\/app\/uploads\/sites\/6\/2023\/01\/Praxisvertrag_universell.docx\" target=\"_blank\" class=\"linklist-item linklist-item-hellblau\">\n\t\t\tPraxisvertrag N\u00d6\/BGLD Vorlage\t\t<\/a>\n\n\t\t\n\t\t<a href=\"https:\/\/www.stachristiana.at\/app\/uploads\/sites\/6\/2023\/01\/MA10_0100_Praktikumsvertrag_Inland_u_EU.pdf\" target=\"_blank\" class=\"linklist-item linklist-item-hellblau\">\n\t\t\tPraxisvertrag Wien Vorlage\t\t<\/a>\n\n\t<\/div>\n\n\n\n<p><\/p>\n","protected":false},"excerpt":{"rendered":"<p>Allgemeines Reife- und Diplompr\u00fcfung Pflichtpraktikum HLW\/FW Pflichtpraktikum ALW Kindergartenpraxis<\/p>\n","protected":false},"author":16,"featured_media":0,"parent":0,"menu_order":0,"comment_status":"closed","ping_status":"closed","template":"","meta":{"footnotes":""},"class_list":["post-1232","page","type-page","status-publish","hentry"],"acf":[],"yoast_head":"<!-- This site is optimized with the Yoast SEO plugin v26.8 - https:\/\/yoast.com\/product\/yoast-seo-wordpress\/ -->\n<title>Downloads - HLW, BAfEP &amp; BASOP Frohsdorf<\/title>\n<meta name=\"robots\" content=\"index, follow, max-snippet:-1, max-image-preview:large, max-video-preview:-1\" \/>\n<link rel=\"canonical\" href=\"https:\/\/www.stachristiana.at\/hlw-bafep-frohsdorf\/downloads\" \/>\n<meta property=\"og:locale\" content=\"de_DE\" \/>\n<meta property=\"og:type\" content=\"article\" \/>\n<meta property=\"og:title\" content=\"Downloads - HLW, BAfEP &amp; BASOP Frohsdorf\" \/>\n<meta property=\"og:description\" content=\"Allgemeines Reife- und Diplompr\u00fcfung Pflichtpraktikum HLW\/FW Pflichtpraktikum ALW Kindergartenpraxis\" \/>\n<meta property=\"og:url\" content=\"https:\/\/www.stachristiana.at\/hlw-bafep-frohsdorf\/downloads\" \/>\n<meta property=\"og:site_name\" content=\"HLW, BAfEP &amp; BASOP Frohsdorf\" \/>\n<meta property=\"article:modified_time\" content=\"2025-12-03T17:36:12+00:00\" \/>\n<meta property=\"og:image\" content=\"https:\/\/www.stachristiana.at\/app\/uploads\/sites\/6\/2022\/05\/logo-sta-christiana.png\" \/>\n\t<meta property=\"og:image:width\" content=\"1200\" \/>\n\t<meta property=\"og:image:height\" content=\"491\" \/>\n\t<meta property=\"og:image:type\" content=\"image\/png\" \/>\n<meta name=\"twitter:card\" content=\"summary_large_image\" \/>\n<meta name=\"twitter:label1\" content=\"Gesch\u00e4tzte Lesezeit\" \/>\n\t<meta name=\"twitter:data1\" content=\"1\u00a0Minute\" \/>\n<script type=\"application\/ld+json\" class=\"yoast-schema-graph\">{\"@context\":\"https:\/\/schema.org\",\"@graph\":[{\"@type\":\"WebPage\",\"@id\":\"https:\/\/www.stachristiana.at\/hlw-bafep-frohsdorf\/downloads\",\"url\":\"https:\/\/www.stachristiana.at\/hlw-bafep-frohsdorf\/downloads\",\"name\":\"Downloads - HLW, BAfEP &amp; BASOP Frohsdorf\",\"isPartOf\":{\"@id\":\"https:\/\/www.stachristiana.at\/hlw-bafep-frohsdorf\/#website\"},\"datePublished\":\"2023-01-12T14:14:17+00:00\",\"dateModified\":\"2025-12-03T17:36:12+00:00\",\"breadcrumb\":{\"@id\":\"https:\/\/www.stachristiana.at\/hlw-bafep-frohsdorf\/downloads#breadcrumb\"},\"inLanguage\":\"de\",\"potentialAction\":[{\"@type\":\"ReadAction\",\"target\":[\"https:\/\/www.stachristiana.at\/hlw-bafep-frohsdorf\/downloads\"]}]},{\"@type\":\"BreadcrumbList\",\"@id\":\"https:\/\/www.stachristiana.at\/hlw-bafep-frohsdorf\/downloads#breadcrumb\",\"itemListElement\":[{\"@type\":\"ListItem\",\"position\":1,\"name\":\"Start\",\"item\":\"https:\/\/www.stachristiana.at\/\"},{\"@type\":\"ListItem\",\"position\":2,\"name\":\"Downloads\"}]},{\"@type\":\"WebSite\",\"@id\":\"https:\/\/www.stachristiana.at\/hlw-bafep-frohsdorf\/#website\",\"url\":\"https:\/\/www.stachristiana.at\/hlw-bafep-frohsdorf\/\",\"name\":\"Sta. Christiana - HLW - BAfEP Frohsdorf\",\"description\":\"H\u00f6here Lehranstalt, Fachschule und Aufbaulehrgang f\u00fcr wirtschaftliche Berufe und Bildungsanstalt und Kolleg f\u00fcr Elementarp\u00e4dagogik\",\"publisher\":{\"@id\":\"https:\/\/www.stachristiana.at\/hlw-bafep-frohsdorf\/#organization\"},\"alternateName\":\"Sta. Christiana\",\"potentialAction\":[{\"@type\":\"SearchAction\",\"target\":{\"@type\":\"EntryPoint\",\"urlTemplate\":\"https:\/\/www.stachristiana.at\/hlw-bafep-frohsdorf\/?s={search_term_string}\"},\"query-input\":{\"@type\":\"PropertyValueSpecification\",\"valueRequired\":true,\"valueName\":\"search_term_string\"}}],\"inLanguage\":\"de\"},{\"@type\":\"Organization\",\"@id\":\"https:\/\/www.stachristiana.at\/hlw-bafep-frohsdorf\/#organization\",\"name\":\"Sta. Christiana - HLW und BAfEP Frohsdorf\",\"alternateName\":\"Sta. Christiana\",\"url\":\"https:\/\/www.stachristiana.at\/hlw-bafep-frohsdorf\/\",\"logo\":{\"@type\":\"ImageObject\",\"inLanguage\":\"de\",\"@id\":\"https:\/\/www.stachristiana.at\/hlw-bafep-frohsdorf\/#\/schema\/logo\/image\/\",\"url\":\"https:\/\/www.stachristiana.at\/app\/uploads\/sites\/6\/2022\/05\/logo-sta-christiana.png\",\"contentUrl\":\"https:\/\/www.stachristiana.at\/app\/uploads\/sites\/6\/2022\/05\/logo-sta-christiana.png\",\"width\":1200,\"height\":491,\"caption\":\"Sta. Christiana - HLW und BAfEP Frohsdorf\"},\"image\":{\"@id\":\"https:\/\/www.stachristiana.at\/hlw-bafep-frohsdorf\/#\/schema\/logo\/image\/\"}}]}<\/script>\n<!-- \/ Yoast SEO plugin. -->","yoast_head_json":{"title":"Downloads - HLW, BAfEP &amp; BASOP Frohsdorf","robots":{"index":"index","follow":"follow","max-snippet":"max-snippet:-1","max-image-preview":"max-image-preview:large","max-video-preview":"max-video-preview:-1"},"canonical":"https:\/\/www.stachristiana.at\/hlw-bafep-frohsdorf\/downloads","og_locale":"de_DE","og_type":"article","og_title":"Downloads - HLW, BAfEP &amp; BASOP Frohsdorf","og_description":"Allgemeines Reife- und Diplompr\u00fcfung Pflichtpraktikum HLW\/FW Pflichtpraktikum ALW Kindergartenpraxis","og_url":"https:\/\/www.stachristiana.at\/hlw-bafep-frohsdorf\/downloads","og_site_name":"HLW, BAfEP &amp; BASOP Frohsdorf","article_modified_time":"2025-12-03T17:36:12+00:00","og_image":[{"width":1200,"height":491,"url":"https:\/\/www.stachristiana.at\/app\/uploads\/sites\/6\/2022\/05\/logo-sta-christiana.png","type":"image\/png"}],"twitter_card":"summary_large_image","twitter_misc":{"Gesch\u00e4tzte Lesezeit":"1\u00a0Minute"},"schema":{"@context":"https:\/\/schema.org","@graph":[{"@type":"WebPage","@id":"https:\/\/www.stachristiana.at\/hlw-bafep-frohsdorf\/downloads","url":"https:\/\/www.stachristiana.at\/hlw-bafep-frohsdorf\/downloads","name":"Downloads - HLW, BAfEP &amp; BASOP Frohsdorf","isPartOf":{"@id":"https:\/\/www.stachristiana.at\/hlw-bafep-frohsdorf\/#website"},"datePublished":"2023-01-12T14:14:17+00:00","dateModified":"2025-12-03T17:36:12+00:00","breadcrumb":{"@id":"https:\/\/www.stachristiana.at\/hlw-bafep-frohsdorf\/downloads#breadcrumb"},"inLanguage":"de","potentialAction":[{"@type":"ReadAction","target":["https:\/\/www.stachristiana.at\/hlw-bafep-frohsdorf\/downloads"]}]},{"@type":"BreadcrumbList","@id":"https:\/\/www.stachristiana.at\/hlw-bafep-frohsdorf\/downloads#breadcrumb","itemListElement":[{"@type":"ListItem","position":1,"name":"Start","item":"https:\/\/www.stachristiana.at\/"},{"@type":"ListItem","position":2,"name":"Downloads"}]},{"@type":"WebSite","@id":"https:\/\/www.stachristiana.at\/hlw-bafep-frohsdorf\/#website","url":"https:\/\/www.stachristiana.at\/hlw-bafep-frohsdorf\/","name":"Sta. Christiana - HLW - BAfEP Frohsdorf","description":"H\u00f6here Lehranstalt, Fachschule und Aufbaulehrgang f\u00fcr wirtschaftliche Berufe und Bildungsanstalt und Kolleg f\u00fcr Elementarp\u00e4dagogik","publisher":{"@id":"https:\/\/www.stachristiana.at\/hlw-bafep-frohsdorf\/#organization"},"alternateName":"Sta. Christiana","potentialAction":[{"@type":"SearchAction","target":{"@type":"EntryPoint","urlTemplate":"https:\/\/www.stachristiana.at\/hlw-bafep-frohsdorf\/?s={search_term_string}"},"query-input":{"@type":"PropertyValueSpecification","valueRequired":true,"valueName":"search_term_string"}}],"inLanguage":"de"},{"@type":"Organization","@id":"https:\/\/www.stachristiana.at\/hlw-bafep-frohsdorf\/#organization","name":"Sta. Christiana - HLW und BAfEP Frohsdorf","alternateName":"Sta. Christiana","url":"https:\/\/www.stachristiana.at\/hlw-bafep-frohsdorf\/","logo":{"@type":"ImageObject","inLanguage":"de","@id":"https:\/\/www.stachristiana.at\/hlw-bafep-frohsdorf\/#\/schema\/logo\/image\/","url":"https:\/\/www.stachristiana.at\/app\/uploads\/sites\/6\/2022\/05\/logo-sta-christiana.png","contentUrl":"https:\/\/www.stachristiana.at\/app\/uploads\/sites\/6\/2022\/05\/logo-sta-christiana.png","width":1200,"height":491,"caption":"Sta. Christiana - HLW und BAfEP Frohsdorf"},"image":{"@id":"https:\/\/www.stachristiana.at\/hlw-bafep-frohsdorf\/#\/schema\/logo\/image\/"}}]}},"_links":{"self":[{"href":"https:\/\/www.stachristiana.at\/hlw-bafep-frohsdorf\/wp-json\/wp\/v2\/pages\/1232","targetHints":{"allow":["GET"]}}],"collection":[{"href":"https:\/\/www.stachristiana.at\/hlw-bafep-frohsdorf\/wp-json\/wp\/v2\/pages"}],"about":[{"href":"https:\/\/www.stachristiana.at\/hlw-bafep-frohsdorf\/wp-json\/wp\/v2\/types\/page"}],"author":[{"embeddable":true,"href":"https:\/\/www.stachristiana.at\/hlw-bafep-frohsdorf\/wp-json\/wp\/v2\/users\/16"}],"replies":[{"embeddable":true,"href":"https:\/\/www.stachristiana.at\/hlw-bafep-frohsdorf\/wp-json\/wp\/v2\/comments?post=1232"}],"version-history":[{"count":120,"href":"https:\/\/www.stachristiana.at\/hlw-bafep-frohsdorf\/wp-json\/wp\/v2\/pages\/1232\/revisions"}],"predecessor-version":[{"id":3181,"href":"https:\/\/www.stachristiana.at\/hlw-bafep-frohsdorf\/wp-json\/wp\/v2\/pages\/1232\/revisions\/3181"}],"wp:attachment":[{"href":"https:\/\/www.stachristiana.at\/hlw-bafep-frohsdorf\/wp-json\/wp\/v2\/media?parent=1232"}],"curies":[{"name":"wp","href":"https:\/\/api.w.org\/{rel}","templated":true}]}}